937
CDUS43 KPAH 290631
CLIPAH


CLIMATE REPORT
NATIONAL WEATHER SERVICE PADUCAH KY
1230 AM CST TUE NOV 29 2016


...................................

...THE PADUCAH KY CLIMATE SUMMARY FOR NOVEMBER 28 2016...

CLIMATE NORMAL PERIOD 1981 TO 2010
CLIMATE RECORD PERIOD 1937 TO 2016


WEATHER ITEM   OBSERVED TIME   RECORD YEAR NORMAL DEPARTURE LAST
                VALUE   (LST)  VALUE       VALUE  FROM      YEAR
                                                  NORMAL
..................................................................
TEMPERATURE (F)
 YESTERDAY
  MAXIMUM         58    332 PM  73    1949  52      6       63
  MINIMUM         49   1225 AM  13    1958  33     16       44
                                      1955
  AVERAGE         54                        43     11       54

PRECIPITATION (IN)
  YESTERDAY        1.77          2.12 2001   0.16   1.61     1.67
  MONTH TO DATE    2.65                      3.97  -1.32     7.33
  SINCE SEP 1      3.82                     11.68  -7.86    10.82
  SINCE JAN 1     46.49                     44.16   2.33    51.25

SNOWFALL (IN)
  YESTERDAY        0.0           4.0  1958   0.0    0.0      0.0
  MONTH TO DATE    0.0                       0.0    0.0      0.0
  SINCE SEP 1      0.0                       0.1   -0.1      0.0
  SINCE JUL 1      0.0                       0.1   -0.1      0.0
  SNOW DEPTH       0

DEGREE DAYS
 HEATING
  YESTERDAY       11                        22    -11       11
  MONTH TO DATE  371                       464    -93      330
  SINCE SEP 1    475                       730   -255      509
  SINCE JUL 1    475                       731   -256      509

 COOLING
  YESTERDAY        0                         0      0        0
  MONTH TO DATE   19                         0     19        6
  SINCE SEP 1    423                       225    198      266
  SINCE JAN 1   1953                      1538    415     1690
..................................................................


WIND (MPH)
  HIGHEST WIND SPEED    23   HIGHEST WIND DIRECTION    SE (120)
  HIGHEST GUST SPEED    27   HIGHEST GUST DIRECTION    SW (230)
  AVERAGE WIND SPEED    10.9


SKY COVER
  POSSIBLE SUNSHINE  MM
  AVERAGE SKY COVER 0.9


WEATHER CONDITIONS
 THE FOLLOWING WEATHER WAS RECORDED YESTERDAY.
  HEAVY RAIN
  RAIN
  LIGHT RAIN
  FOG


RELATIVE HUMIDITY (PERCENT)
 HIGHEST    93           200 PM
 LOWEST     45           300 AM
 AVERAGE    69

..........................................................


THE PADUCAH KY CLIMATE NORMALS FOR TODAY
                         NORMAL    RECORD    YEAR
 MAXIMUM TEMPERATURE (F)   52        73      1998
 MINIMUM TEMPERATURE (F)   33        13      1976


SUNRISE AND SUNSET
NOVEMBER 29 2016......SUNRISE   648 AM CST   SUNSET   439 PM CST
NOVEMBER 30 2016......SUNRISE   649 AM CST   SUNSET   438 PM CST


-  INDICATES NEGATIVE NUMBERS.
R  INDICATES RECORD WAS SET OR TIED.
MM INDICATES DATA IS MISSING.
T  INDICATES TRACE AMOUNT.

&&
.........................................................

***** AGRICULTURAL DATA *****

SOIL TEMPERATURES AT A DEPTH OF FOUR INCHES

UNDER GRASS...  MAX: 54  MIN: 52

$$
