000
CDUS43 KPAH 070635
CLIPAH


CLIMATE REPORT
NATIONAL WEATHER SERVICE PADUCAH KY
1232 AM CST SUN FEB 7 2016


...................................

...THE PADUCAH KY CLIMATE SUMMARY FOR FEBRUARY 6 2016...

CLIMATE NORMAL PERIOD 1981 TO 2010
CLIMATE RECORD PERIOD 1937 TO 2016


WEATHER ITEM   OBSERVED TIME   RECORD YEAR NORMAL DEPARTURE LAST
                VALUE   (LST)  VALUE       VALUE  FROM      YEAR
                                                  NORMAL
..................................................................
TEMPERATURE (F)
 YESTERDAY
  MAXIMUM         56    150 PM  71    1938  46     10       49
  MINIMUM         26    650 AM   1    1978  27     -1       16
  AVERAGE         41                        37      4       33

PRECIPITATION (IN)
  YESTERDAY        0.00          2.05 1946   0.14  -0.14     0.00
  MONTH TO DATE    0.36                      0.86  -0.50     0.89
  SINCE DEC 1     10.33                      9.13   1.20     6.34
  SINCE JAN 1      2.91                      4.54  -1.63     3.45

SNOWFALL (IN)
  YESTERDAY        0.0           4.8  2003   0.2   -0.2      0.0
  MONTH TO DATE    0.0                       0.8   -0.8      0.1
  SINCE DEC 1      8.4                       6.0    2.4      0.8
  SINCE JUL 1      8.4                       6.1    2.3      3.6
  SNOW DEPTH       0

DEGREE DAYS
 HEATING
  YESTERDAY       24                        28     -4       32
  MONTH TO DATE  123                       172    -49      190
  SINCE DEC 1   1552                      1968   -416     1886
  SINCE JUL 1   2096                      2745   -649     2823

 COOLING
  YESTERDAY        0                         0      0        0
  MONTH TO DATE    0                         0      0        0
  SINCE DEC 1      6                         0      6        0
  SINCE JAN 1      0                         0      0        0
..................................................................


WIND (MPH)
  HIGHEST WIND SPEED    16   HIGHEST WIND DIRECTION     W (250)
  HIGHEST GUST SPEED    21   HIGHEST GUST DIRECTION     W (270)
  AVERAGE WIND SPEED     6.2


SKY COVER
  POSSIBLE SUNSHINE  MM
  AVERAGE SKY COVER 0.0


WEATHER CONDITIONS
 THE FOLLOWING WEATHER WAS RECORDED YESTERDAY.
  NO SIGNIFICANT WEATHER WAS OBSERVED.


RELATIVE HUMIDITY (PERCENT)
 HIGHEST    75          1200 AM
 LOWEST     26           100 PM
 AVERAGE    51

..........................................................


THE PADUCAH KY CLIMATE NORMALS FOR TODAY
                         NORMAL    RECORD    YEAR
 MAXIMUM TEMPERATURE (F)   47        66      2013
                                             1999
 MINIMUM TEMPERATURE (F)   28         3      1982


SUNRISE AND SUNSET
FEBRUARY  7 2016......SUNRISE   653 AM CST   SUNSET   526 PM CST
FEBRUARY  8 2016......SUNRISE   652 AM CST   SUNSET   527 PM CST


-  INDICATES NEGATIVE NUMBERS.
R  INDICATES RECORD WAS SET OR TIED.
MM INDICATES DATA IS MISSING.
T  INDICATES TRACE AMOUNT.

&&
.........................................................
***** AGRICULTURAL DATA *****

SOIL TEMPERATURES AT A DEPTH OF FOUR INCHES

UNDER GRASS....  MAX: 42  MIN: 41

$$
