000
CDUS43 KPAH 270631
CLIPAH


CLIMATE REPORT
NATIONAL WEATHER SERVICE PADUCAH KY
129 AM CDT SAT JUN 27 2015


...................................

...THE PADUCAH KY CLIMATE SUMMARY FOR JUNE 26 2015...

CLIMATE NORMAL PERIOD 1981 TO 2010
CLIMATE RECORD PERIOD 1937 TO 2015


WEATHER ITEM   OBSERVED TIME   RECORD YEAR NORMAL DEPARTURE LAST
                VALUE   (LST)  VALUE       VALUE  FROM      YEAR
                                                  NORMAL
..................................................................
TEMPERATURE (F)
 YESTERDAY
  MAXIMUM         87   1110 AM 101    1988  88     -1       88
                                      1954
  MINIMUM         70    221 AM  53    1974  68      2       72
  AVERAGE         79                        78      1       80

PRECIPITATION (IN)
  YESTERDAY        0.38          3.14 2011   0.14   0.24     0.42
  MONTH TO DATE    2.39                      3.52  -1.13     5.77
  SINCE JUN 1      2.39                      3.52  -1.13     5.77
  SINCE JAN 1     28.01                     24.74   3.27    25.96

SNOWFALL (IN)
  YESTERDAY        0.0           0.0  2002   0.0    0.0      0.0
                                      2001
  MONTH TO DATE    0.0                       0.0    0.0      0.0
  SINCE JUN 1      0.0                       0.0    0.0      0.0
  SINCE JUL 1     28.6                       9.1   19.5     18.5
  SNOW DEPTH       0

DEGREE DAYS
 HEATING
  YESTERDAY        0                         0      0        0
  MONTH TO DATE    2                         0      2        0
  SINCE JUN 1      2                         0      2        0
  SINCE JUL 1   4478                      4128    350     4541

 COOLING
  YESTERDAY       14                        13      1       15
  MONTH TO DATE  362                       265     97      349
  SINCE JUN 1    362                       265     97      349
  SINCE JAN 1    573                       437    136      627
..................................................................


WIND (MPH)
  HIGHEST WIND SPEED    20   HIGHEST WIND DIRECTION     S (180)
  HIGHEST GUST SPEED    28   HIGHEST GUST DIRECTION     S (200)
  AVERAGE WIND SPEED     5.3


SKY COVER
  POSSIBLE SUNSHINE  MM
  AVERAGE SKY COVER 0.1


WEATHER CONDITIONS
 THE FOLLOWING WEATHER WAS RECORDED YESTERDAY.
  THUNDERSTORM
  HEAVY RAIN
  LIGHT RAIN
  FOG


RELATIVE HUMIDITY (PERCENT)
 HIGHEST    93           900 PM
 LOWEST     70          1100 AM
 AVERAGE    82

..........................................................


THE PADUCAH KY CLIMATE NORMALS FOR TODAY
                         NORMAL    RECORD    YEAR
 MAXIMUM TEMPERATURE (F)   89       104      1954
 MINIMUM TEMPERATURE (F)   68        54      2012
                                             2004


SUNRISE AND SUNSET
JUNE 27 2015..........SUNRISE   537 AM CDT   SUNSET   819 PM CDT
JUNE 28 2015..........SUNRISE   538 AM CDT   SUNSET   819 PM CDT


-  INDICATES NEGATIVE NUMBERS.
R  INDICATES RECORD WAS SET OR TIED.
MM INDICATES DATA IS MISSING.
T  INDICATES TRACE AMOUNT.

&&
..........................................................
***** AGRICULTURAL DATA *****

SOIL TEMPERATURES AT A DEPTH OF FOUR INCHES

UNDER GRASS...   MAX: 78  MIN:78


$$
