000
CDUS43 KPAH 172130
CLIPAH


CLIMATE REPORT
NATIONAL WEATHER SERVICE PADUCAH KY
429 PM CDT MON APR 17 2017


...................................

...THE PADUCAH KY CLIMATE SUMMARY FOR APRIL 17 2017...
VALID TODAY AS OF 0400 PM LOCAL TIME.

CLIMATE NORMAL PERIOD 1981 TO 2010
CLIMATE RECORD PERIOD 1937 TO 2017


WEATHER ITEM   OBSERVED TIME   RECORD YEAR NORMAL DEPARTURE LAST
                VALUE   (LST)  VALUE       VALUE  FROM      YEAR
                                                  NORMAL
..................................................................
TEMPERATURE (F)
 TODAY
  MAXIMUM         69   1003 AM  87    1977  70     -1       82
  MINIMUM         61    326 AM  29    1951  47     14       50
  AVERAGE         65                        58      7       66

PRECIPITATION (IN)
  TODAY            0.15          2.00 1939   0.17  -0.02     0.00
  MONTH TO DATE    1.58                      2.52  -0.94     0.72
  SINCE MAR 1      5.97                      6.45  -0.48     9.93
  SINCE JAN 1     10.80                     14.04  -3.24    15.39

SNOWFALL (IN)
  TODAY            0.0                                       0.0
  MONTH TO DATE    0.0                                       0.0
  SINCE JUL 1      1.2                                      12.1
  SNOW DEPTH       0

..................................................................


WIND (MPH)
  HIGHEST WIND SPEED    14   HIGHEST WIND DIRECTION    NE (60)
  HIGHEST GUST SPEED    17   HIGHEST GUST DIRECTION    NE (60)




RELATIVE HUMIDITY (PERCENT)
 HIGHEST    93
 LOWEST     76

..........................................................


THE PADUCAH KY CLIMATE NORMALS FOR TOMORROW
                         NORMAL    RECORD    YEAR
 MAXIMUM TEMPERATURE (F)   70        86      2006
                                             2002
 MINIMUM TEMPERATURE (F)   47        29      2001


SUNRISE AND SUNSET
APRIL 17 2017.........SUNRISE   618 AM CDT   SUNSET   732 PM CDT
APRIL 18 2017.........SUNRISE   616 AM CDT   SUNSET   733 PM CDT


-  INDICATES NEGATIVE NUMBERS.
R  INDICATES RECORD WAS SET OR TIED.
MM INDICATES DATA IS MISSING.
T  INDICATES TRACE AMOUNT.




$$
