000
CDUS43 KPAH 100628
CLIPAH


CLIMATE REPORT
NATIONAL WEATHER SERVICE PADUCAH KY
1226 AM CST FRI NOV 10 2017


...................................

...THE PADUCAH KY CLIMATE SUMMARY FOR NOVEMBER 9 2017...

CLIMATE NORMAL PERIOD 1981 TO 2010
CLIMATE RECORD PERIOD 1937 TO 2017


WEATHER ITEM   OBSERVED TIME   RECORD YEAR NORMAL DEPARTURE LAST
                VALUE   (LST)  VALUE       VALUE  FROM      YEAR
                                                  NORMAL
..................................................................
TEMPERATURE (F)
 YESTERDAY
  MAXIMUM         60    313 PM  84    1946  62     -2       63
  MINIMUM         32    647 AM  14    1991  40     -8       36
  AVERAGE         46                        51     -5       50

PRECIPITATION (IN)
  YESTERDAY        0.00          1.22 1979   0.13  -0.13     0.00
  MONTH TO DATE    2.38                      1.14   1.24     0.05
  SINCE SEP 1      8.97                      8.85   0.12     1.22
  SINCE JAN 1     42.10                     41.33   0.77    43.89

SNOWFALL (IN)
  YESTERDAY        0.0           0.2  1996   0.0    0.0      0.0
  MONTH TO DATE    0.0                       0.0    0.0      0.0
  SINCE SEP 1      0.0                       0.1   -0.1      0.0
  SINCE JUL 1      0.0                       0.1   -0.1      0.0
  SNOW DEPTH       0

DEGREE DAYS
 HEATING
  YESTERDAY       19                        14      5       15
  MONTH TO DATE   72                       116    -44       54
  SINCE SEP 1    281                       382   -101      158
  SINCE JUL 1    281                       383   -102      158

 COOLING
  YESTERDAY        0                         0      0        0
  MONTH TO DATE    7                         0      7       14
  SINCE SEP 1    318                       225     93      418
  SINCE JAN 1   1692                      1538    154     1948
..................................................................


WIND (MPH)
  HIGHEST WIND SPEED    17   HIGHEST WIND DIRECTION    NE (30)
  HIGHEST GUST SPEED    23   HIGHEST GUST DIRECTION    NE (30)
  AVERAGE WIND SPEED     3.8


SKY COVER
  POSSIBLE SUNSHINE  MM
  AVERAGE SKY COVER 0.0


WEATHER CONDITIONS
 THE FOLLOWING WEATHER WAS RECORDED YESTERDAY.
  FOG
  HAZE


RELATIVE HUMIDITY (PERCENT)
 HIGHEST    92           100 AM
 LOWEST     36           200 PM
 AVERAGE    64

..........................................................


THE PADUCAH KY CLIMATE NORMALS FOR TODAY
                         NORMAL    RECORD    YEAR
 MAXIMUM TEMPERATURE (F)   61        80      1942
 MINIMUM TEMPERATURE (F)   40        19      1991


SUNRISE AND SUNSET
NOVEMBER 10 2017......SUNRISE   629 AM CST   SUNSET   449 PM CST
NOVEMBER 11 2017......SUNRISE   630 AM CST   SUNSET   448 PM CST


-  INDICATES NEGATIVE NUMBERS.
R  INDICATES RECORD WAS SET OR TIED.
MM INDICATES DATA IS MISSING.
T  INDICATES TRACE AMOUNT.

&&

..............................................
***** AGRICULTURAL DATA *****

SOIL TEMPERATURES AT A DEPTH OF FOUR INCHES

UNDER GRASS... MAX: 60    MIN: 58


$$
