000
CDUS43 KPAH 072135
CLIPAH


CLIMATE REPORT
NATIONAL WEATHER SERVICE PADUCAH KY
431 PM CDT THU SEP 7 2017


...................................

...THE PADUCAH KY CLIMATE SUMMARY FOR SEPTEMBER 7 2017...
VALID TODAY AS OF 0400 PM LOCAL TIME.

CLIMATE NORMAL PERIOD 1981 TO 2010
CLIMATE RECORD PERIOD 1937 TO 2017


WEATHER ITEM   OBSERVED TIME   RECORD YEAR NORMAL DEPARTURE LAST
                VALUE   (LST)  VALUE       VALUE  FROM      YEAR
                                                  NORMAL
..................................................................
TEMPERATURE (F)
 TODAY
  MAXIMUM         76    212 PM 100    1960  85     -9       92
                                      1947
  MINIMUM         46    556 AM  42    1988  61    -15       72
  AVERAGE         61                        73    -12       82

PRECIPITATION (IN)
  TODAY            0.00          1.90 1943   0.11  -0.11     0.00
  MONTH TO DATE    1.32                      0.74   0.58     0.00
  SINCE SEP 1      1.32                      0.74   0.58     0.00
  SINCE JAN 1     34.45                     33.22   1.23    42.67

SNOWFALL (IN)
  TODAY            0.0                                       0.0
  MONTH TO DATE    0.0                                       0.0
  SINCE JUL 1      0.0                                       0.0
  SNOW DEPTH       0

..................................................................


WIND (MPH)
  HIGHEST WIND SPEED    12   HIGHEST WIND DIRECTION    NW (300)
  HIGHEST GUST SPEED    16   HIGHEST GUST DIRECTION    NW (300)




RELATIVE HUMIDITY (PERCENT)
 HIGHEST    93
 LOWEST     36

..........................................................


THE PADUCAH KY CLIMATE NORMALS FOR TOMORROW
                         NORMAL    RECORD    YEAR
 MAXIMUM TEMPERATURE (F)   85       103      1939
 MINIMUM TEMPERATURE (F)   61        47      1953


SUNRISE AND SUNSET
SEPTEMBER  7 2017.....SUNRISE   631 AM CDT   SUNSET   714 PM CDT
SEPTEMBER  8 2017.....SUNRISE   632 AM CDT   SUNSET   713 PM CDT


-  INDICATES NEGATIVE NUMBERS.
R  INDICATES RECORD WAS SET OR TIED.
MM INDICATES DATA IS MISSING.
T  INDICATES TRACE AMOUNT.




$$
