000
CDUS43 KPAH 160638
CLIPAH


CLIMATE REPORT
NATIONAL WEATHER SERVICE PADUCAH KY
135 AM CDT WED JUL 16 2014


...................................

...THE PADUCAH KY CLIMATE SUMMARY FOR JULY 15 2014...

CLIMATE NORMAL PERIOD 1981 TO 2010
CLIMATE RECORD PERIOD 1937 TO 2014


WEATHER ITEM   OBSERVED TIME   RECORD YEAR NORMAL DEPARTURE LAST
                VALUE   (LST)  VALUE       VALUE  FROM      YEAR
                                                  NORMAL
..................................................................
TEMPERATURE (F)
 YESTERDAY
  MAXIMUM         79    348 PM 103    1980  89    -10       88
  MINIMUM         59   1159 PM  55    2001  69    -10       70
                                      1990
  AVERAGE         69                        79    -10       79

PRECIPITATION (IN)
  YESTERDAY        0.00          2.88 1972   0.14  -0.14      T
  MONTH TO DATE    1.82                      2.23  -0.41     0.71
  SINCE JUN 1      8.51                      6.29   2.22     9.82
  SINCE JAN 1     28.70                     27.51   1.19    35.29

SNOWFALL (IN)
  YESTERDAY        0.0                       0.0    0.0      0.0
  MONTH TO DATE    0.0                       0.0    0.0      0.0
  SINCE JUN 1      0.0                       0.0    0.0      0.0
  SINCE JUL 1      0.0                       0.0    0.0      0.0
  SNOW DEPTH       0

DEGREE DAYS
 HEATING
  YESTERDAY        0                         0      0        0
  MONTH TO DATE    0                         0      0        0
  SINCE JUN 1      0                         4     -4        0
  SINCE JUL 1      0                         0      0        0

 COOLING
  YESTERDAY        4                        14    -10       14
  MONTH TO DATE  180                       210    -30      155
  SINCE JUN 1    585                       530     55      472
  SINCE JAN 1    863                       702    161      650
..................................................................


WIND (MPH)
  HIGHEST WIND SPEED    15   HIGHEST WIND DIRECTION     N (340)
  HIGHEST GUST SPEED    19   HIGHEST GUST DIRECTION    NW (330)
  AVERAGE WIND SPEED     7.5


SKY COVER
  POSSIBLE SUNSHINE  MM
  AVERAGE SKY COVER 0.2


WEATHER CONDITIONS
 THE FOLLOWING WEATHER WAS RECORDED YESTERDAY.
  NO SIGNIFICANT WEATHER WAS OBSERVED.


RELATIVE HUMIDITY (PERCENT)
 HIGHEST    90          1000 PM
 LOWEST     42           100 PM
 AVERAGE    66

..........................................................


THE PADUCAH KY CLIMATE NORMALS FOR TODAY
                         NORMAL    RECORD    YEAR
 MAXIMUM TEMPERATURE (F)   89       102      1980
 MINIMUM TEMPERATURE (F)   69        56      1967
                                             1945


SUNRISE AND SUNSET
JULY 16 2014..........SUNRISE   548 AM CDT   SUNSET   814 PM CDT
JULY 17 2014..........SUNRISE   548 AM CDT   SUNSET   814 PM CDT


-  INDICATES NEGATIVE NUMBERS.
R  INDICATES RECORD WAS SET OR TIED.
MM INDICATES DATA IS MISSING.
T  INDICATES TRACE AMOUNT.

&&
..........................................................
***** AGRICULTURAL DATA *****

SOIL TEMPERATURES AT A DEPTH OF FOUR INCHES

UNDER BARE GROUND...  MAX: MM  MIN: MM
UNDER GRASS.........  MAX: 79  MIN: 77

$$
