000
CDUS43 KPAH 120643
CLIPAH


CLIMATE REPORT
NATIONAL WEATHER SERVICE PADUCAH KY
141 AM CDT THU MAY 12 2016


...................................

...THE PADUCAH KY CLIMATE SUMMARY FOR MAY 11 2016...

CLIMATE NORMAL PERIOD 1981 TO 2010
CLIMATE RECORD PERIOD 1937 TO 2016


WEATHER ITEM   OBSERVED TIME   RECORD YEAR NORMAL DEPARTURE LAST
                VALUE   (LST)  VALUE       VALUE  FROM      YEAR
                                                  NORMAL
..................................................................
TEMPERATURE (F)
 YESTERDAY
  MAXIMUM         86    210 PM  88    2014  77      9       75
                                      1948
  MINIMUM         63    227 AM  38    1990  55      8       65
  AVERAGE         75                        66      9       70

PRECIPITATION (IN)
  YESTERDAY        0.09          5.65 1943   0.17  -0.08     0.38
  MONTH TO DATE    1.37                      1.92  -0.55     0.56
  SINCE MAR 1     13.84                     10.61   3.23    15.18
  SINCE JAN 1     19.30                     18.20   1.10    22.47

SNOWFALL (IN)
  YESTERDAY        0.0           0.0  2002   0.0    0.0      0.0
                                      2001
  MONTH TO DATE    0.0                       0.0    0.0      0.0
  SINCE MAR 1      T                         0.6   -0.6     12.1
  SINCE JUL 1     12.1                       9.1    3.0     28.6
  SNOW DEPTH       0

DEGREE DAYS
 HEATING
  YESTERDAY        0                         3     -3        0
  MONTH TO DATE   32                        36     -4       15
  SINCE MAR 1    571                       804   -233      771
  SINCE JUL 1   3233                      4100   -867     4440

 COOLING
  YESTERDAY       10                         3      7        5
  MONTH TO DATE   34                        27      7       68
  SINCE MAR 1     70                        69      1      110
  SINCE JAN 1     70                        69      1      110
..................................................................


WIND (MPH)
  HIGHEST WIND SPEED    22   HIGHEST WIND DIRECTION     N (20)
  HIGHEST GUST SPEED    28   HIGHEST GUST DIRECTION     N (20)
  AVERAGE WIND SPEED     6.7


SKY COVER
  POSSIBLE SUNSHINE  MM
  AVERAGE SKY COVER 0.4


WEATHER CONDITIONS
 THE FOLLOWING WEATHER WAS RECORDED YESTERDAY.
  THUNDERSTORM
  RAIN
  LIGHT RAIN
  FOG
  FOG W/VISIBILITY <= 1/4 MILE
  HAZE


RELATIVE HUMIDITY (PERCENT)
 HIGHEST    93          1200 AM
 LOWEST     58           600 PM
 AVERAGE    76

..........................................................


THE PADUCAH KY CLIMATE NORMALS FOR TODAY
                         NORMAL    RECORD    YEAR
 MAXIMUM TEMPERATURE (F)   77        90      2005
 MINIMUM TEMPERATURE (F)   55        37      1989
                                             1960


SUNRISE AND SUNSET
MAY 12 2016...........SUNRISE   549 AM CDT   SUNSET   754 PM CDT
MAY 13 2016...........SUNRISE   548 AM CDT   SUNSET   755 PM CDT


-  INDICATES NEGATIVE NUMBERS.
R  INDICATES RECORD WAS SET OR TIED.
MM INDICATES DATA IS MISSING.
T  INDICATES TRACE AMOUNT.

&&
...........................................................

***** AGRICULTURAL DATA *****

SOIL TEMPERATURES AT A DEPTH OF FOUR INCHES

UNDER GRASS...  MAX: 66  MIN: 65


$$
