205
CDUS43 KPAH 130636
CLIPAH


CLIMATE REPORT
NATIONAL WEATHER SERVICE PADUCAH KY
1229 AM CST FRI JAN 13 2017


...................................

...THE PADUCAH KY CLIMATE SUMMARY FOR JANUARY 12 2017...

CLIMATE NORMAL PERIOD 1981 TO 2010
CLIMATE RECORD PERIOD 1937 TO 2017


WEATHER ITEM   OBSERVED TIME   RECORD YEAR NORMAL DEPARTURE LAST
                VALUE   (LST)  VALUE       VALUE  FROM      YEAR
                                                  NORMAL
..................................................................
TEMPERATURE (F)
 YESTERDAY
  MAXIMUM         71R   126 PM  69    2013  43     28       43
                                      2005
                                      1995
  MINIMUM         36   1159 PM  -2    1977  26     10       21
  AVERAGE         54                        34     20       32

PRECIPITATION (IN)
  YESTERDAY        0.14          3.16 2013   0.11   0.03     0.00
  MONTH TO DATE    0.53                      1.43  -0.90     2.13
  SINCE DEC 1      6.54                      6.02   0.52     9.55
  SINCE JAN 1      0.53                      1.43  -0.90     2.13

SNOWFALL (IN)
  YESTERDAY        0.0           4.0  1982   0.1   -0.1      0.0
  MONTH TO DATE    0.2                       1.1   -0.9      1.3
  SINCE DEC 1      0.2                       3.3   -3.1      1.3
  SINCE JUL 1      0.2                       3.4   -3.2      1.3
  SNOW DEPTH       0

DEGREE DAYS
 HEATING
  YESTERDAY       11                        31    -20       33
  MONTH TO DATE  331                       369    -38      363
  SINCE DEC 1   1157                      1223    -66      862
  SINCE JUL 1   1658                      2000   -342     1406

 COOLING
  YESTERDAY        0                         0      0        0
  MONTH TO DATE    0                         0      0        0
  SINCE DEC 1      0                         0      0        6
  SINCE JAN 1      0                         0      0        0
..................................................................


WIND (MPH)
  HIGHEST WIND SPEED    26   HIGHEST WIND DIRECTION    SW (230)
  HIGHEST GUST SPEED    42   HIGHEST GUST DIRECTION    SW (240)
  AVERAGE WIND SPEED    13.2


SKY COVER
  POSSIBLE SUNSHINE  MM
  AVERAGE SKY COVER 1.0


WEATHER CONDITIONS
 THE FOLLOWING WEATHER WAS RECORDED YESTERDAY.
  RAIN
  LIGHT RAIN
  FOG
  HAZE


RELATIVE HUMIDITY (PERCENT)
 HIGHEST    86           300 PM
 LOWEST     66          1000 AM
 AVERAGE    76

..........................................................


THE PADUCAH KY CLIMATE NORMALS FOR TODAY
                         NORMAL    RECORD    YEAR
 MAXIMUM TEMPERATURE (F)   43        68      1995
 MINIMUM TEMPERATURE (F)   26         0      1977


SUNRISE AND SUNSET
JANUARY 13 2017.......SUNRISE   708 AM CST   SUNSET   500 PM CST
JANUARY 14 2017.......SUNRISE   708 AM CST   SUNSET   501 PM CST


-  INDICATES NEGATIVE NUMBERS.
R  INDICATES RECORD WAS SET OR TIED.
MM INDICATES DATA IS MISSING.
T  INDICATES TRACE AMOUNT.

&&

.........................................................
***** AGRICULTURAL DATA *****

SOIL TEMPERATURES AT A DEPTH OF FOUR INCHES

UNDER GRASS...  MAX: 48    MIN: 43



$$
