000
CDUS43 KPAH 090631
CLIPAH


CLIMATE REPORT
NATIONAL WEATHER SERVICE PADUCAH KY
128 AM CDT MON OCT 9 2017


...................................

...THE PADUCAH KY CLIMATE SUMMARY FOR OCTOBER 8 2017...

CLIMATE NORMAL PERIOD 1981 TO 2010
CLIMATE RECORD PERIOD 1937 TO 2017


WEATHER ITEM   OBSERVED TIME   RECORD YEAR NORMAL DEPARTURE LAST
                VALUE   (LST)  VALUE       VALUE  FROM      YEAR
                                                  NORMAL
..................................................................
TEMPERATURE (F)
 YESTERDAY
  MAXIMUM         73    352 PM  92    1939  74     -1       73
  MINIMUM         63    640 AM  28    1987  49     14       45
  AVERAGE         68                        61      7       59

PRECIPITATION (IN)
  YESTERDAY        1.22          2.11 1999   0.12   1.10     0.00
  MONTH TO DATE    1.55                      1.08   0.47      T
  SINCE SEP 1      4.10                      4.83  -0.73     0.83
  SINCE JAN 1     37.23                     37.31  -0.08    43.50

SNOWFALL (IN)
  YESTERDAY        0.0           0.0  2002   0.0    0.0      0.0
                                      2001
  MONTH TO DATE    0.0                       0.0    0.0      0.0
  SINCE SEP 1      0.0                       0.0    0.0      0.0
  SINCE JUL 1      0.0                       0.0    0.0      0.0
  SNOW DEPTH       0

DEGREE DAYS
 HEATING
  YESTERDAY        0                         6     -6        6
  MONTH TO DATE    0                        38    -38        6
  SINCE SEP 1     11                        76    -65       20
  SINCE JUL 1     11                        77    -66       20

 COOLING
  YESTERDAY        3                         2      1        0
  MONTH TO DATE   61                        17     44       33
  SINCE SEP 1    277                       204     73      317
  SINCE JAN 1   1651                      1517    134     1847
..................................................................


WIND (MPH)
  HIGHEST WIND SPEED    17   HIGHEST WIND DIRECTION     E (80)
  HIGHEST GUST SPEED    21   HIGHEST GUST DIRECTION     E (80)
  AVERAGE WIND SPEED     6.7


SKY COVER
  POSSIBLE SUNSHINE  MM
  AVERAGE SKY COVER 1.0


WEATHER CONDITIONS
 THE FOLLOWING WEATHER WAS RECORDED YESTERDAY.
  THUNDERSTORM
  HEAVY RAIN
  RAIN
  LIGHT RAIN
  FOG
  FOG W/VISIBILITY <= 1/4 MILE


RELATIVE HUMIDITY (PERCENT)
 HIGHEST    93          1200 AM
 LOWEST     81           900 AM
 AVERAGE    87

..........................................................


THE PADUCAH KY CLIMATE NORMALS FOR TODAY
                         NORMAL    RECORD    YEAR
 MAXIMUM TEMPERATURE (F)   73        91      1939
 MINIMUM TEMPERATURE (F)   49        30      2000


SUNRISE AND SUNSET
OCTOBER  9 2017.......SUNRISE   658 AM CDT   SUNSET   626 PM CDT
OCTOBER 10 2017.......SUNRISE   658 AM CDT   SUNSET   625 PM CDT


-  INDICATES NEGATIVE NUMBERS.
R  INDICATES RECORD WAS SET OR TIED.
MM INDICATES DATA IS MISSING.
T  INDICATES TRACE AMOUNT.




$$
