000
CDUS43 KPAH 040636
CLIPAH

CLIMATE REPORT
NATIONAL WEATHER SERVICE PADUCAH KY
1229 AM CST MON DEC 4 2017

...................................

...THE PADUCAH KY CLIMATE SUMMARY FOR DECEMBER 3 2017...

CLIMATE NORMAL PERIOD 1981 TO 2010
CLIMATE RECORD PERIOD 1937 TO 2017

WEATHER ITEM   OBSERVED TIME   RECORD YEAR NORMAL DEPARTURE LAST
                VALUE   (LST)  VALUE       VALUE  FROM      YEAR
                                                  NORMAL
..................................................................
TEMPERATURE (F)
 YESTERDAY
  MAXIMUM         67    154 PM  73    1982  50     17       44
                                      1956
  MINIMUM         35    707 AM  15    1944  32      3       33
  AVERAGE         51                        41     10       39

PRECIPITATION (IN)
  YESTERDAY        0.00          4.65 1982   0.15  -0.15     0.11
  MONTH TO DATE    0.00                      0.46  -0.46     0.11
  SINCE DEC 1      0.00                      0.46  -0.46     0.11
  SINCE JAN 1     43.14                     44.95  -1.81    46.60

SNOWFALL (IN)
  YESTERDAY        0.0           T    1990   0.0    0.0      0.0
  MONTH TO DATE    0.0                       0.1   -0.1      0.0
  SINCE DEC 1      0.0                       0.1   -0.1      0.0
  SINCE JUL 1      0.0                       0.2   -0.2      0.0
  SNOW DEPTH       0

DEGREE DAYS
 HEATING
  YESTERDAY       14                        24    -10       26
  MONTH TO DATE   52                        71    -19       77
  SINCE DEC 1     52                        71    -19       77
  SINCE JUL 1    735                       848   -113      578

 COOLING
  YESTERDAY        0                         0      0        0
  MONTH TO DATE    0                         0      0        0
  SINCE DEC 1      0                         0      0        0
  SINCE JAN 1   1692                      1542    150     1953
..................................................................

WIND (MPH)
  HIGHEST WIND SPEED    12   HIGHEST WIND DIRECTION     S (160)
  HIGHEST GUST SPEED    17   HIGHEST GUST DIRECTION    SE (130)
  AVERAGE WIND SPEED     3.9

SKY COVER
  POSSIBLE SUNSHINE  MM
  AVERAGE SKY COVER 0.0

WEATHER CONDITIONS
 THE FOLLOWING WEATHER WAS RECORDED YESTERDAY.
  FOG
  HAZE

RELATIVE HUMIDITY (PERCENT)
 HIGHEST    85           200 AM
 LOWEST     34          1200 PM
 AVERAGE    60
..........................................................

THE PADUCAH KY CLIMATE NORMALS FOR TODAY
                         NORMAL    RECORD    YEAR
 MAXIMUM TEMPERATURE (F)   50        74      2013
                                             1998
 MINIMUM TEMPERATURE (F)   31        12      1942

SUNRISE AND SUNSET
DECEMBER  4 2017......SUNRISE   653 AM CST   SUNSET   438 PM CST
DECEMBER  5 2017......SUNRISE   654 AM CST   SUNSET   438 PM CST

-  INDICATES NEGATIVE NUMBERS.
R  INDICATES RECORD WAS SET OR TIED.
MM INDICATES DATA IS MISSING.
T  INDICATES TRACE AMOUNT.

&&
.............................................

***** AGRICULTURAL DATA *****

SOIL TEMPERATURES AT A DEPTH OF FOUR INCHES

UNDER GRASS... MAX: 49    MIN: 49

$$
