000
CDUS43 KPAH 202127
CLIPAH


CLIMATE REPORT
NATIONAL WEATHER SERVICE PADUCAH KY
426 PM CDT WED APR 20 2016

...................................

...THE PADUCAH KY CLIMATE SUMMARY FOR APRIL 20 2016...
VALID TODAY AS OF 0400 PM LOCAL TIME.

CLIMATE NORMAL PERIOD 1981 TO 2010
CLIMATE RECORD PERIOD 1937 TO 2016

WEATHER ITEM   OBSERVED TIME   RECORD YEAR NORMAL DEPARTURE LAST
                VALUE   (LST)  VALUE       VALUE  FROM      YEAR
                                                  NORMAL
..................................................................
TEMPERATURE (F)
 TODAY
  MAXIMUM         79   1131 AM  88    1987  71      8       65
                                      1971
  MINIMUM         58   1203 AM  27    1983  48     10       43
  AVERAGE         69                        60      9       54

PRECIPITATION (IN)
  TODAY            0.01          2.71 1995   0.16  -0.15     0.03
  MONTH TO DATE    0.73                      3.03  -2.30     5.68
  SINCE MAR 1      9.94                      6.96   2.98    14.41
  SINCE JAN 1     15.40                     14.55   0.85    21.70

SNOWFALL (IN)
  TODAY            0.0                                       0.0
  MONTH TO DATE    0.0                                       0.0
  SINCE JUL 1     12.1                                      28.6
  SNOW DEPTH       0
..................................................................

WIND (MPH)
  HIGHEST WIND SPEED    18   HIGHEST WIND DIRECTION     S (170)
  HIGHEST GUST SPEED    27   HIGHEST GUST DIRECTION     S (200)

RELATIVE HUMIDITY (PERCENT)
 HIGHEST    80
 LOWEST     46
..........................................................

THE PADUCAH KY CLIMATE NORMALS FOR TOMORROW
                         NORMAL    RECORD    YEAR
 MAXIMUM TEMPERATURE (F)   71        90      1987
                                             1946
 MINIMUM TEMPERATURE (F)   48        30      1943

SUNRISE AND SUNSET
APRIL 20 2016.........SUNRISE   613 AM CDT   SUNSET   735 PM CDT
APRIL 21 2016.........SUNRISE   612 AM CDT   SUNSET   736 PM CDT

-  INDICATES NEGATIVE NUMBERS.
R  INDICATES RECORD WAS SET OR TIED.
MM INDICATES DATA IS MISSING.
T  INDICATES TRACE AMOUNT.

$$
