000
CDUS43 KPAH 160630
CLIPAH


CLIMATE REPORT
NATIONAL WEATHER SERVICE PADUCAH KY
1228 AM CST SUN NOV 16 2014

...................................

...THE PADUCAH KY CLIMATE SUMMARY FOR NOVEMBER 15 2014...

CLIMATE NORMAL PERIOD 1981 TO 2010
CLIMATE RECORD PERIOD 1937 TO 2014

WEATHER ITEM   OBSERVED TIME   RECORD YEAR NORMAL DEPARTURE LAST
                VALUE   (LST)  VALUE       VALUE  FROM      YEAR
                                                  NORMAL
..................................................................
TEMPERATURE (F)
 YESTERDAY
  MAXIMUM         39    356 PM  80    1955  59    -20       53
  MINIMUM         19    458 AM  16    1940  38    -19       44
  AVERAGE         29                        48    -19       49

PRECIPITATION (IN)
  YESTERDAY        0.04          1.27 1989   0.15  -0.11     0.01
  MONTH TO DATE    0.86                      1.97  -1.11     0.37
  SINCE SEP 1      5.45                      9.68  -4.23     9.53
  SINCE JAN 1     42.22                     42.16   0.06    50.30

SNOWFALL (IN)
  YESTERDAY        T   R         0.0  2001   0.0    0.0      0.0
  MONTH TO DATE    T                         0.0    0.0       T
  SINCE SEP 1      T                         0.1   -0.1       T
  SINCE JUL 1      T                         0.1   -0.1       T
  SNOW DEPTH       0

DEGREE DAYS
 HEATING
  YESTERDAY       36                        17     19       16
  MONTH TO DATE  333                       210    123      255
  SINCE SEP 1    558                       476     82      464
  SINCE JUL 1    558                       477     81      464

 COOLING
  YESTERDAY        0                         0      0        0
  MONTH TO DATE    0                         0      0        0
  SINCE SEP 1    251                       225     26      304
  SINCE JAN 1   1722                      1538    184     1478
..................................................................

WIND (MPH)
  HIGHEST WIND SPEED    12   HIGHEST WIND DIRECTION     E (100)
  HIGHEST GUST SPEED    14   HIGHEST GUST DIRECTION     E (90)
  AVERAGE WIND SPEED     2.7

SKY COVER
  POSSIBLE SUNSHINE  MM
  AVERAGE SKY COVER 0.3

WEATHER CONDITIONS
 THE FOLLOWING WEATHER WAS RECORDED YESTERDAY.
  LIGHT RAIN
  LIGHT SNOW
  SLEET

RELATIVE HUMIDITY (PERCENT)
 HIGHEST    91           100 AM
 LOWEST     37           400 PM
 AVERAGE    64
..........................................................

THE PADUCAH KY CLIMATE NORMALS FOR TODAY
                         NORMAL    RECORD    YEAR
 MAXIMUM TEMPERATURE (F)   58        78      1958
 MINIMUM TEMPERATURE (F)   38        16      1997

SUNRISE AND SUNSET
NOVEMBER 16 2014......SUNRISE   635 AM CST   SUNSET   445 PM CST
NOVEMBER 17 2014......SUNRISE   636 AM CST   SUNSET   444 PM CST

-  INDICATES NEGATIVE NUMBERS.
R  INDICATES RECORD WAS SET OR TIED.
MM INDICATES DATA IS MISSING.
T  INDICATES TRACE AMOUNT.

$$
