000
CDUS43 KPAH 282132
CLIPAH


CLIMATE REPORT
NATIONAL WEATHER SERVICE PADUCAH KY
430 PM CDT SUN JUN 28 2015


...................................

...THE PADUCAH KY CLIMATE SUMMARY FOR JUNE 28 2015...
VALID TODAY AS OF 0400 PM LOCAL TIME.

CLIMATE NORMAL PERIOD 1981 TO 2010
CLIMATE RECORD PERIOD 1937 TO 2015


WEATHER ITEM   OBSERVED TIME   RECORD YEAR NORMAL DEPARTURE LAST
                VALUE   (LST)  VALUE       VALUE  FROM      YEAR
                                                  NORMAL
..................................................................
TEMPERATURE (F)
 TODAY
  MAXIMUM         84    233 PM 105    2012  89     -5       87
                                      1952
  MINIMUM         58    437 AM  54    1988  68    -10       72
  AVERAGE         71                        78     -7       80

PRECIPITATION (IN)
  TODAY            0.00          3.82 1989   0.14  -0.14     0.02
  MONTH TO DATE    2.39                      3.79  -1.40     6.29
  SINCE JUN 1      2.39                      3.79  -1.40     6.29
  SINCE JAN 1     28.01                     25.01   3.00    26.48

SNOWFALL (IN)
  TODAY            0.0                                       0.0
  MONTH TO DATE    0.0                                       0.0
  SINCE JUL 1     28.6                                      18.5
  SNOW DEPTH       0

..................................................................


WIND (MPH)
  HIGHEST WIND SPEED    13   HIGHEST WIND DIRECTION    SW (230)
  HIGHEST GUST SPEED    19   HIGHEST GUST DIRECTION    SW (240)




RELATIVE HUMIDITY (PERCENT)
 HIGHEST    93
 LOWEST     47

..........................................................


THE PADUCAH KY CLIMATE NORMALS FOR TOMORROW
                         NORMAL    RECORD    YEAR
 MAXIMUM TEMPERATURE (F)   89       108      2012
 MINIMUM TEMPERATURE (F)   68        57      2000
                                             1950


SUNRISE AND SUNSET
JUNE 28 2015..........SUNRISE   538 AM CDT   SUNSET   819 PM CDT
JUNE 29 2015..........SUNRISE   538 AM CDT   SUNSET   819 PM CDT


-  INDICATES NEGATIVE NUMBERS.
R  INDICATES RECORD WAS SET OR TIED.
MM INDICATES DATA IS MISSING.
T  INDICATES TRACE AMOUNT.




$$
