000
CDUS43 KPAH 110723
CLIPAH


CLIMATE REPORT
NATIONAL WEATHER SERVICE PADUCAH KY
220 AM CDT THU SEP 11 2014


...................................

...THE PADUCAH KY CLIMATE SUMMARY FOR SEPTEMBER 10 2014...

CLIMATE NORMAL PERIOD 1981 TO 2010
CLIMATE RECORD PERIOD 1937 TO 2014


WEATHER ITEM   OBSERVED TIME   RECORD YEAR NORMAL DEPARTURE LAST
                VALUE   (LST)  VALUE       VALUE  FROM      YEAR
                                                  NORMAL
..................................................................
TEMPERATURE (F)
 YESTERDAY
  MAXIMUM         91    150 PM 102    1939  84      7       94
  MINIMUM         74   1159 PM  46    1998  60     14       75
  AVERAGE         83                        72     11       85

PRECIPITATION (IN)
  YESTERDAY        0.10          3.15 2010   0.13  -0.03     0.01
  MONTH TO DATE    0.10                      1.12  -1.02     0.22
  SINCE SEP 1      0.10                      1.12  -1.02     0.22
  SINCE JAN 1     36.87                     33.60   3.27    40.99

SNOWFALL (IN)
  YESTERDAY        0.0           0.0  2002   0.0    0.0      0.0
                                      2001
  MONTH TO DATE    0.0                       0.0    0.0      0.0
  SINCE SEP 1      0.0                       0.0    0.0      0.0
  SINCE JUL 1      0.0                       0.0    0.0      0.0
  SNOW DEPTH       0

DEGREE DAYS
 HEATING
  YESTERDAY        0                         0      0        0
  MONTH TO DATE    0                         0      0        0
  SINCE SEP 1      0                         0      0        0
  SINCE JUL 1      0                         1     -1        0

 COOLING
  YESTERDAY       18                         8     10       20
  MONTH TO DATE  133                        90     43      123
  SINCE SEP 1    133                        90     43      123
  SINCE JAN 1   1604                      1403    201     1297
..................................................................


WIND (MPH)
  HIGHEST WIND SPEED    24   HIGHEST WIND DIRECTION     W (260)
  HIGHEST GUST SPEED    29   HIGHEST GUST DIRECTION     W (250)
  AVERAGE WIND SPEED     8.6


SKY COVER
  POSSIBLE SUNSHINE  MM
  AVERAGE SKY COVER 0.3


WEATHER CONDITIONS
 THE FOLLOWING WEATHER WAS RECORDED YESTERDAY.
  THUNDERSTORM
  RAIN
  LIGHT RAIN
  FOG


RELATIVE HUMIDITY (PERCENT)
 HIGHEST    79           400 AM
 LOWEST     57           700 PM
 AVERAGE    68

..........................................................


THE PADUCAH KY CLIMATE NORMALS FOR TODAY
                         NORMAL    RECORD    YEAR
 MAXIMUM TEMPERATURE (F)   84        98      1938
 MINIMUM TEMPERATURE (F)   60        42      1940


SUNRISE AND SUNSET
SEPTEMBER 11 2014.....SUNRISE   634 AM CDT   SUNSET   709 PM CDT
SEPTEMBER 12 2014.....SUNRISE   635 AM CDT   SUNSET   707 PM CDT


-  INDICATES NEGATIVE NUMBERS.
R  INDICATES RECORD WAS SET OR TIED.
MM INDICATES DATA IS MISSING.
T  INDICATES TRACE AMOUNT.

&
..........................................................
***** AGRICULTURAL DATA *****

SOIL TEMPERATURES AT A DEPTH OF FOUR INCHES

UNDER BARE GROUND...  MAX: MM  MIN: MM
UNDER GRASS.........  MAX: 78  MIN: 77


$$
