000
CDUS43 KPAH 292227
CLIPAH


CLIMATE REPORT
NATIONAL WEATHER SERVICE PADUCAH KY
426 PM CST FRI JAN 29 2016


...................................

...THE PADUCAH KY CLIMATE SUMMARY FOR JANUARY 29 2016...
VALID TODAY AS OF 0400 PM LOCAL TIME.

CLIMATE NORMAL PERIOD 1981 TO 2010
CLIMATE RECORD PERIOD 1937 TO 2016


WEATHER ITEM   OBSERVED TIME   RECORD YEAR NORMAL DEPARTURE LAST
                VALUE   (LST)  VALUE       VALUE  FROM      YEAR
                                                  NORMAL
..................................................................
TEMPERATURE (F)
 TODAY
  MAXIMUM         50    359 PM  71    2013  45      5       56
                                      1947
  MINIMUM         23    651 AM  -4    1985  26     -3       38
  AVERAGE         37                        35      2       47

PRECIPITATION (IN)
  TODAY            0.00          2.83 1969   0.12  -0.12      T
  MONTH TO DATE    2.53                      3.42  -0.89     2.56
  SINCE DEC 1      9.95                      8.01   1.94     5.45
  SINCE JAN 1      2.53                      3.42  -0.89     2.56

SNOWFALL (IN)
  TODAY            0.0                                       0.0
  MONTH TO DATE    8.4                                       0.5
  SINCE JUL 1      8.4                                       3.5
  SNOW DEPTH       0

..................................................................


WIND (MPH)
  HIGHEST WIND SPEED    12   HIGHEST WIND DIRECTION     N (10)
  HIGHEST GUST SPEED    13   HIGHEST GUST DIRECTION     N (10)




RELATIVE HUMIDITY (PERCENT)
 HIGHEST    92
 LOWEST     42

..........................................................


THE PADUCAH KY CLIMATE NORMALS FOR TOMORROW
                         NORMAL    RECORD    YEAR
 MAXIMUM TEMPERATURE (F)   45        64      2002
                                             1988
 MINIMUM TEMPERATURE (F)   26        -3      1966


SUNRISE AND SUNSET
JANUARY 29 2016.......SUNRISE   700 AM CST   SUNSET   516 PM CST
JANUARY 30 2016.......SUNRISE   700 AM CST   SUNSET   517 PM CST


-  INDICATES NEGATIVE NUMBERS.
R  INDICATES RECORD WAS SET OR TIED.
MM INDICATES DATA IS MISSING.
T  INDICATES TRACE AMOUNT.




$$
