000
CDUS43 KPAH 210633
CLIPAH


CLIMATE REPORT
NATIONAL WEATHER SERVICE PADUCAH KY
129 AM CDT SUN SEP 21 2014


...................................

...THE PADUCAH KY CLIMATE SUMMARY FOR SEPTEMBER 20 2014...

CLIMATE NORMAL PERIOD 1981 TO 2010
CLIMATE RECORD PERIOD 1937 TO 2014


WEATHER ITEM   OBSERVED TIME   RECORD YEAR NORMAL DEPARTURE LAST
                VALUE   (LST)  VALUE       VALUE  FROM      YEAR
                                                  NORMAL
..................................................................
TEMPERATURE (F)
 YESTERDAY
  MAXIMUM         90    207 PM  95    1955  81      9       80
  MINIMUM         61    423 AM  41    1991  56      5       67
  AVERAGE         76                        68      8       74

PRECIPITATION (IN)
  YESTERDAY        0.00          3.38 1954   0.12  -0.12     0.76
  MONTH TO DATE    0.91                      2.41  -1.50     1.03
  SINCE SEP 1      0.91                      2.41  -1.50     1.03
  SINCE JAN 1     37.68                     34.89   2.79    41.80

SNOWFALL (IN)
  YESTERDAY        0.0                       0.0    0.0      0.0
  MONTH TO DATE    0.0                       0.0    0.0      0.0
  SINCE SEP 1      0.0                       0.0    0.0      0.0
  SINCE JUL 1      0.0                       0.0    0.0      0.0
  SNOW DEPTH       0

DEGREE DAYS
 HEATING
  YESTERDAY        0                         2     -2        0
  MONTH TO DATE   17                         9      8        2
  SINCE SEP 1     17                         9      8        2
  SINCE JUL 1     17                        10      7        2

 COOLING
  YESTERDAY       11                         5      6        9
  MONTH TO DATE  163                       150     13      205
  SINCE SEP 1    163                       150     13      205
  SINCE JAN 1   1634                      1463    171     1379
..................................................................


WIND (MPH)
  HIGHEST WIND SPEED    14   HIGHEST WIND DIRECTION    SW (240)
  HIGHEST GUST SPEED    18   HIGHEST GUST DIRECTION    SW (240)
  AVERAGE WIND SPEED     5.2


SKY COVER
  POSSIBLE SUNSHINE  MM
  AVERAGE SKY COVER 0.1


WEATHER CONDITIONS
 THE FOLLOWING WEATHER WAS RECORDED YESTERDAY.
  FOG
  HAZE


RELATIVE HUMIDITY (PERCENT)
 HIGHEST    93          1200 AM
 LOWEST     46           100 PM
 AVERAGE    70

..........................................................


THE PADUCAH KY CLIMATE NORMALS FOR TODAY
                         NORMAL    RECORD    YEAR
 MAXIMUM TEMPERATURE (F)   80        98      1940
 MINIMUM TEMPERATURE (F)   56        38      1991


SUNRISE AND SUNSET
SEPTEMBER 21 2014.....SUNRISE   642 AM CDT   SUNSET   653 PM CDT
SEPTEMBER 22 2014.....SUNRISE   643 AM CDT   SUNSET   652 PM CDT


-  INDICATES NEGATIVE NUMBERS.
R  INDICATES RECORD WAS SET OR TIED.
MM INDICATES DATA IS MISSING.
T  INDICATES TRACE AMOUNT.

&&
..........................................................
***** ARFICULTURAL DATA *****

SOIL TEMPERATURES AT A DEPTH OF FOUR INCHES

UNDER BARE GROUND...  MAX: MM  MIN: MM
UNDER GRASS.........  MAX: 71  MIN: 69

$$
