000
CDUS43 KPAH 170633
CLIPAH


CLIMATE REPORT
NATIONAL WEATHER SERVICE PADUCAH KY
1229 AM CST WED DEC 17 2014


...................................

...THE PADUCAH KY CLIMATE SUMMARY FOR DECEMBER 16 2014...

CLIMATE NORMAL PERIOD 1981 TO 2010
CLIMATE RECORD PERIOD 1937 TO 2014


WEATHER ITEM   OBSERVED TIME   RECORD YEAR NORMAL DEPARTURE LAST
                VALUE   (LST)  VALUE       VALUE  FROM      YEAR
                                                  NORMAL
..................................................................
TEMPERATURE (F)
 YESTERDAY
  MAXIMUM         50   1225 AM  70    1984  46      4       50
  MINIMUM         35   1159 PM  -4    1989  28      7       34
  AVERAGE         43                        37      6       42

PRECIPITATION (IN)
  YESTERDAY        0.00          2.29 2001   0.15  -0.15     0.00
  MONTH TO DATE    1.67                      2.47  -0.80     2.49
  SINCE DEC 1      1.67                      2.47  -0.80     2.49
  SINCE JAN 1     45.62                     46.96  -1.34    54.69

SNOWFALL (IN)
  YESTERDAY        0.0           1.5  1996   0.0    0.0      0.0
  MONTH TO DATE    0.0                       0.9   -0.9      5.2
  SINCE DEC 1      0.0                       0.9   -0.9      5.2
  SINCE JUL 1      2.8                       1.0    1.8      5.2
  SNOW DEPTH       0

DEGREE DAYS
 HEATING
  YESTERDAY       22                        28     -6       23
  MONTH TO DATE  362                       414    -52      460
  SINCE DEC 1    362                       414    -52      460
  SINCE JUL 1   1299                      1191    108     1262

 COOLING
  YESTERDAY        0                         0      0        0
  MONTH TO DATE    0                         0      0        0
  SINCE DEC 1      0                         0      0        0
  SINCE JAN 1   1722                      1542    180     1478
..................................................................


WIND (MPH)
  HIGHEST WIND SPEED    21   HIGHEST WIND DIRECTION     W (270)
  HIGHEST GUST SPEED    27   HIGHEST GUST DIRECTION     W (270)
  AVERAGE WIND SPEED    11.4


SKY COVER
  POSSIBLE SUNSHINE  MM
  AVERAGE SKY COVER 1.0


WEATHER CONDITIONS
 THE FOLLOWING WEATHER WAS RECORDED YESTERDAY.
  NO SIGNIFICANT WEATHER WAS OBSERVED.


RELATIVE HUMIDITY (PERCENT)
 HIGHEST    82           300 AM
 LOWEST     70           400 AM
 AVERAGE    76

..........................................................


THE PADUCAH KY CLIMATE NORMALS FOR TODAY
                         NORMAL    RECORD    YEAR
 MAXIMUM TEMPERATURE (F)   46        66      2006
                                             2002
                                             1984
 MINIMUM TEMPERATURE (F)   28         6      2000
                                             1989
                                             1943


SUNRISE AND SUNSET
DECEMBER 17 2014......SUNRISE   702 AM CST   SUNSET   440 PM CST
DECEMBER 18 2014......SUNRISE   703 AM CST   SUNSET   440 PM CST


-  INDICATES NEGATIVE NUMBERS.
R  INDICATES RECORD WAS SET OR TIED.
MM INDICATES DATA IS MISSING.
T  INDICATES TRACE AMOUNT.

&&
.........................................................
***** AGRICULTURAL DATA *****

SOIL TEMPERATURES AT A DEPTH OF FOUR INCHES

UNDER BARE GROUND...  MAX: MM  MIN: MM
UNDER GRASS.........  MAX: 47  MIN: 46

$$
