000
CDUS43 KPAH 272227
CLIPAH


CLIMATE REPORT
NATIONAL WEATHER SERVICE PADUCAH KY
425 PM CST MON FEB 27 2017

...................................

...THE PADUCAH KY CLIMATE SUMMARY FOR FEBRUARY 27 2017...
VALID TODAY AS OF 0400 PM LOCAL TIME.

CLIMATE NORMAL PERIOD 1981 TO 2010
CLIMATE RECORD PERIOD 1937 TO 2017

WEATHER ITEM   OBSERVED TIME   RECORD YEAR NORMAL DEPARTURE LAST
                VALUE   (LST)  VALUE       VALUE  FROM      YEAR
                                                  NORMAL
..................................................................
TEMPERATURE (F)
 TODAY
  MAXIMUM         67    233 PM  77    1996  53     14       61
                                      1981
  MINIMUM         45    521 AM  11    2015  33     12       25
  AVERAGE         56                        43     13       43

PRECIPITATION (IN)
  TODAY            0.02          1.34 1962   0.13  -0.11     0.00
  MONTH TO DATE    1.22                      3.78  -2.56     2.91
  SINCE DEC 1      9.73                     12.05  -2.32    12.88
  SINCE JAN 1      3.72                      7.46  -3.74     5.46

SNOWFALL (IN)
  TODAY            0.0                                       0.0
  MONTH TO DATE    T                                         3.7
  SINCE JUL 1      0.2                                      12.1
  SNOW DEPTH       0
..................................................................

WIND (MPH)
  HIGHEST WIND SPEED    13   HIGHEST WIND DIRECTION    SW (220)
  HIGHEST GUST SPEED    21   HIGHEST GUST DIRECTION     S (180)

RELATIVE HUMIDITY (PERCENT)
 HIGHEST    89
 LOWEST     52
..........................................................

THE PADUCAH KY CLIMATE NORMALS FOR TOMORROW
                         NORMAL    RECORD    YEAR
 MAXIMUM TEMPERATURE (F)   53        73      1976
 MINIMUM TEMPERATURE (F)   33        17      1993

SUNRISE AND SUNSET
FEBRUARY 27 2017......SUNRISE   628 AM CST   SUNSET   548 PM CST
FEBRUARY 28 2017......SUNRISE   627 AM CST   SUNSET   549 PM CST

-  INDICATES NEGATIVE NUMBERS.
R  INDICATES RECORD WAS SET OR TIED.
MM INDICATES DATA IS MISSING.
T  INDICATES TRACE AMOUNT.

$$
