000
CDUS43 KPAH 272234
CLIPAH


CLIMATE REPORT
NATIONAL WEATHER SERVICE PADUCAH KY
432 PM CST SAT DEC 27 2014

...................................

...THE PADUCAH KY CLIMATE SUMMARY FOR DECEMBER 27 2014...
VALID TODAY AS OF 0400 PM LOCAL TIME.

CLIMATE NORMAL PERIOD 1981 TO 2010
CLIMATE RECORD PERIOD 1937 TO 2014

WEATHER ITEM   OBSERVED TIME   RECORD YEAR NORMAL DEPARTURE LAST
                VALUE   (LST)  VALUE       VALUE  FROM      YEAR
                                                  NORMAL
..................................................................
TEMPERATURE (F)
 TODAY
  MAXIMUM         51    145 PM  76    1942  44      7       53
  MINIMUM         46    510 AM  10    2004  27     19       24
  AVERAGE         49                        35     14       39

PRECIPITATION (IN)
  TODAY            0.26          2.17 1988   0.13   0.13     0.00
  MONTH TO DATE    2.60                      4.06  -1.46     7.94
  SINCE DEC 1      2.60                      4.06  -1.46     7.94
  SINCE JAN 1     46.55                     48.55  -2.00    60.14

SNOWFALL (IN)
  TODAY            0.0                                       0.0
  MONTH TO DATE    0.2                                       5.2
  SINCE JUL 1      3.0                                       5.2
  SNOW DEPTH       0
..................................................................

WIND (MPH)
  HIGHEST WIND SPEED     9   HIGHEST WIND DIRECTION     S (170)
  HIGHEST GUST SPEED    14   HIGHEST GUST DIRECTION     S (180)

RELATIVE HUMIDITY (PERCENT)
 HIGHEST    93
 LOWEST     66
..........................................................

THE PADUCAH KY CLIMATE NORMALS FOR TOMORROW
                         NORMAL    RECORD    YEAR
 MAXIMUM TEMPERATURE (F)   44        69      1984
 MINIMUM TEMPERATURE (F)   27        10      1950

SUNRISE AND SUNSET
DECEMBER 27 2014......SUNRISE   707 AM CST   SUNSET   445 PM CST
DECEMBER 28 2014......SUNRISE   708 AM CST   SUNSET   446 PM CST

-  INDICATES NEGATIVE NUMBERS.
R  INDICATES RECORD WAS SET OR TIED.
MM INDICATES DATA IS MISSING.
T  INDICATES TRACE AMOUNT.

$$
