000
CDUS43 KPAH 240631
CLIPAH


CLIMATE REPORT
NATIONAL WEATHER SERVICE PADUCAH KY
130 AM CDT MON APR 24 2017


...................................

...THE PADUCAH KY CLIMATE SUMMARY FOR APRIL 23 2017...

CLIMATE NORMAL PERIOD 1981 TO 2010
CLIMATE RECORD PERIOD 1937 TO 2017


WEATHER ITEM   OBSERVED TIME   RECORD YEAR NORMAL DEPARTURE LAST
                VALUE   (LST)  VALUE       VALUE  FROM      YEAR
                                                  NORMAL
..................................................................
TEMPERATURE (F)
 YESTERDAY
  MAXIMUM         70    352 PM  87    1965  72     -2       73
  MINIMUM         47   1133 PM  30    1986  49     -2       48
  AVERAGE         59                        60     -1       61

PRECIPITATION (IN)
  YESTERDAY        0.04          1.73 1966   0.17  -0.13     0.00
  MONTH TO DATE    3.28                      3.55  -0.27     1.11
  SINCE MAR 1      7.67                      7.48   0.19    10.32
  SINCE JAN 1     12.50                     15.07  -2.57    15.78

SNOWFALL (IN)
  YESTERDAY        0.0         602.0  2009   0.0    0.0      0.0
  MONTH TO DATE    0.0                       0.0    0.0      0.0
  SINCE MAR 1      1.0                       0.6    0.4       T
  SINCE JUL 1      1.2                       9.1   -7.9     12.1
  SNOW DEPTH       0

DEGREE DAYS
 HEATING
  YESTERDAY        6                         6      0        4
  MONTH TO DATE   94                       209   -115      170
  SINCE MAR 1    530                       732   -202      529
  SINCE JUL 1   3009                      4028  -1019     3191

 COOLING
  YESTERDAY        0                         2     -2        0
  MONTH TO DATE   54                        24     30       10
  SINCE MAR 1     55                        31     24       12
  SINCE JAN 1     55                        31     24       12
..................................................................


WIND (MPH)
  HIGHEST WIND SPEED    25   HIGHEST WIND DIRECTION    NE (40)
  HIGHEST GUST SPEED    31   HIGHEST GUST DIRECTION    NE (50)
  AVERAGE WIND SPEED    12.5


SKY COVER
  POSSIBLE SUNSHINE  MM
  AVERAGE SKY COVER 0.5


WEATHER CONDITIONS
 THE FOLLOWING WEATHER WAS RECORDED YESTERDAY.
  RAIN


RELATIVE HUMIDITY (PERCENT)
 HIGHEST    86          1100 PM
 LOWEST     28           500 PM
 AVERAGE    57

..........................................................


THE PADUCAH KY CLIMATE NORMALS FOR TODAY
                         NORMAL    RECORD    YEAR
 MAXIMUM TEMPERATURE (F)   72        88      1965
 MINIMUM TEMPERATURE (F)   49        33      1963


SUNRISE AND SUNSET
APRIL 24 2017.........SUNRISE   609 AM CDT   SUNSET   738 PM CDT
APRIL 25 2017.........SUNRISE   607 AM CDT   SUNSET   739 PM CDT


-  INDICATES NEGATIVE NUMBERS.
R  INDICATES RECORD WAS SET OR TIED.
MM INDICATES DATA IS MISSING.
T  INDICATES TRACE AMOUNT.

&&

..........................................................

***** AGRICULTURAL DATA *****

SOIL TEMPERATURES AT A DEPTH OF FOUR INCHES

UNDER GRASS...  MAX: 63    MIN: 62



$$
