000
CDUS43 KPAH 230702
CLIPAH


CLIMATE REPORT
NATIONAL WEATHER SERVICE PADUCAH KY
100 AM CST TUE JAN 23 2018


...................................

...THE PADUCAH KY CLIMATE SUMMARY FOR JANUARY 22 2018...

CLIMATE NORMAL PERIOD 1981 TO 2010
CLIMATE RECORD PERIOD 1937 TO 2018


WEATHER ITEM   OBSERVED TIME   RECORD YEAR NORMAL DEPARTURE LAST
                VALUE   (LST)  VALUE       VALUE  FROM      YEAR
                                                  NORMAL
..................................................................
TEMPERATURE (F)
 YESTERDAY
  MAXIMUM         63    239 PM  67    1999  44     19       63
  MINIMUM         45   1159 PM   0    1984  26     19       49
  AVERAGE         54                        35     19       56

PRECIPITATION (IN)
  YESTERDAY        0.70          3.21 1982   0.12   0.58     0.04
  MONTH TO DATE    3.49                      2.60   0.89     2.48
  SINCE DEC 1      6.76                      7.19  -0.43     8.49
  SINCE JAN 1      3.49                      2.60   0.89     2.48

SNOWFALL (IN)
  YESTERDAY        0.0           5.9  2016   0.1   -0.1      0.0
  MONTH TO DATE   12.4                       2.0   10.4      0.2
  SINCE DEC 1     12.4                       4.2    8.2      0.2
  SINCE JUL 1     12.4                       4.3    8.1      0.2
  SNOW DEPTH       0

DEGREE DAYS
 HEATING
  YESTERDAY       11                        30    -19        9
  MONTH TO DATE  815                       677    138      487
  SINCE DEC 1   1666                      1531    135     1313
  SINCE JUL 1   2349                      2308     41     1814

 COOLING
  YESTERDAY        0                         0      0        0
  MONTH TO DATE    0                         0      0        0
  SINCE DEC 1      0                         0      0        0
  SINCE JAN 1      0                         0      0        0
..................................................................


WIND (MPH)
  HIGHEST WIND SPEED    29   HIGHEST WIND DIRECTION     W (260)
  HIGHEST GUST SPEED    45   HIGHEST GUST DIRECTION    SW (240)
  AVERAGE WIND SPEED    17.9


SKY COVER
  POSSIBLE SUNSHINE  MM
  AVERAGE SKY COVER 0.5


WEATHER CONDITIONS
 THE FOLLOWING WEATHER WAS RECORDED YESTERDAY.
  THUNDERSTORM
  HEAVY RAIN
  RAIN
  LIGHT RAIN
  FOG
  HAZE


RELATIVE HUMIDITY (PERCENT)
 HIGHEST    89           700 AM
 LOWEST     40           400 PM
 AVERAGE    65

..........................................................


THE PADUCAH KY CLIMATE NORMALS FOR TODAY
                         NORMAL    RECORD    YEAR
 MAXIMUM TEMPERATURE (F)   44        73      1967
 MINIMUM TEMPERATURE (F)   26       -10      1963


SUNRISE AND SUNSET
JANUARY 23 2018.......SUNRISE   704 AM CST   SUNSET   510 PM CST
JANUARY 24 2018.......SUNRISE   703 AM CST   SUNSET   511 PM CST


-  INDICATES NEGATIVE NUMBERS.
R  INDICATES RECORD WAS SET OR TIED.
MM INDICATES DATA IS MISSING.
T  INDICATES TRACE AMOUNT.

&&

...........................................................
***** AGRICULTURAL DATA *****

SOIL TEMPERATURES AT A DEPTH OF FOUR INCHES

UNDER GRASS... MAX: 42    MIN: 36


$$
