000
CDUS43 KPAH 210630
CLIPAH


CLIMATE REPORT
NATIONAL WEATHER SERVICE PADUCAH KY
128 AM CDT SAT MAR 21 2015


...................................

...THE PADUCAH KY CLIMATE SUMMARY FOR MARCH 20 2015...

CLIMATE NORMAL PERIOD 1981 TO 2010
CLIMATE RECORD PERIOD 1937 TO 2015


WEATHER ITEM   OBSERVED TIME   RECORD YEAR NORMAL DEPARTURE LAST
                VALUE   (LST)  VALUE       VALUE  FROM      YEAR
                                                  NORMAL
..................................................................
TEMPERATURE (F)
 YESTERDAY
  MAXIMUM         52    107 PM  83    2012  60     -8       64
                                      1948
  MINIMUM         38   1152 PM  20    1965  39     -1       29
  AVERAGE         45                        50     -5       47

PRECIPITATION (IN)
  YESTERDAY        0.03          2.26 1955   0.12  -0.09     0.00
  MONTH TO DATE    8.08                      2.41   5.67     2.49
  SINCE MAR 1      8.08                      2.41   5.67     2.49
  SINCE JAN 1     15.37                     10.00   5.37     7.67

SNOWFALL (IN)
  YESTERDAY        0.0           0.2  1996   0.0    0.0      0.0
  MONTH TO DATE   12.1                       0.5   11.6      5.4
  SINCE MAR 1     12.1                       0.5   11.6      5.4
  SINCE JUL 1     28.6                       9.0   19.6     18.3
  SNOW DEPTH       0

DEGREE DAYS
 HEATING
  YESTERDAY       20                        16      4       18
  MONTH TO DATE  439                       371     68      452
  SINCE MAR 1    439                       371     68      452
  SINCE JUL 1   4108                      3667    441     4107

 COOLING
  YESTERDAY        0                         0      0        0
  MONTH TO DATE    0                         0      0        0
  SINCE MAR 1      0                         0      0        0
  SINCE JAN 1      0                         0      0        0
..................................................................


WIND (MPH)
  HIGHEST WIND SPEED    13   HIGHEST WIND DIRECTION     N (350)
  HIGHEST GUST SPEED    15   HIGHEST GUST DIRECTION     N (350)
  AVERAGE WIND SPEED     2.4


SKY COVER
  POSSIBLE SUNSHINE  MM
  AVERAGE SKY COVER 0.9


WEATHER CONDITIONS
 THE FOLLOWING WEATHER WAS RECORDED YESTERDAY.
  LIGHT RAIN
  FOG
  HAZE


RELATIVE HUMIDITY (PERCENT)
 HIGHEST    92           100 AM
 LOWEST     66           600 PM
 AVERAGE    79

..........................................................


THE PADUCAH KY CLIMATE NORMALS FOR TODAY
                         NORMAL    RECORD    YEAR
 MAXIMUM TEMPERATURE (F)   61        80      2012
                                             1966
                                             1948
 MINIMUM TEMPERATURE (F)   39        19      2013


SUNRISE AND SUNSET
MARCH 21 2015.........SUNRISE   658 AM CDT   SUNSET   708 PM CDT
MARCH 22 2015.........SUNRISE   656 AM CDT   SUNSET   708 PM CDT


-  INDICATES NEGATIVE NUMBERS.
R  INDICATES RECORD WAS SET OR TIED.
MM INDICATES DATA IS MISSING.
T  INDICATES TRACE AMOUNT.

..........................................................

***** AGRICULTURAL DATA *****

SOIL TEMPERATURES AT A DEPTH OF FOUR INCHES

UNDER GRASS...  MAX: 49  MIN: 48


$$
