000
CDUS43 KPAH 292229
CLIPAH


CLIMATE REPORT
NATIONAL WEATHER SERVICE PADUCAH KY
428 PM CST TUE NOV 29 2016


...................................

...THE PADUCAH KY CLIMATE SUMMARY FOR NOVEMBER 29 2016...
VALID TODAY AS OF 0400 PM LOCAL TIME.

CLIMATE NORMAL PERIOD 1981 TO 2010
CLIMATE RECORD PERIOD 1937 TO 2016


WEATHER ITEM   OBSERVED TIME   RECORD YEAR NORMAL DEPARTURE LAST
                VALUE   (LST)  VALUE       VALUE  FROM      YEAR
                                                  NORMAL
..................................................................
TEMPERATURE (F)
 TODAY
  MAXIMUM         66    108 PM  73    1998  52     14       47
  MINIMUM         49    803 AM  13    1976  33     16       44
  AVERAGE         58                        42     16       46

PRECIPITATION (IN)
  TODAY            0.00          1.90 2001   0.17  -0.17     0.43
  MONTH TO DATE    2.65                      4.14  -1.49     7.76
  SINCE SEP 1      3.82                     11.85  -8.03    11.25
  SINCE JAN 1     46.49                     44.33   2.16    51.68

SNOWFALL (IN)
  TODAY            0.0                                       0.0
  MONTH TO DATE    0.0                                       0.0
  SINCE JUL 1      0.0                                       0.0
  SNOW DEPTH       0

..................................................................


WIND (MPH)
  HIGHEST WIND SPEED    17   HIGHEST WIND DIRECTION     S (180)
  HIGHEST GUST SPEED    27   HIGHEST GUST DIRECTION     S (170)




RELATIVE HUMIDITY (PERCENT)
 HIGHEST    93
 LOWEST     52

..........................................................


THE PADUCAH KY CLIMATE NORMALS FOR TOMORROW
                         NORMAL    RECORD    YEAR
 MAXIMUM TEMPERATURE (F)   51        72      1970
                                             1941
 MINIMUM TEMPERATURE (F)   33        11      1964


SUNRISE AND SUNSET
NOVEMBER 29 2016......SUNRISE   648 AM CST   SUNSET   439 PM CST
NOVEMBER 30 2016......SUNRISE   649 AM CST   SUNSET   438 PM CST


-  INDICATES NEGATIVE NUMBERS.
R  INDICATES RECORD WAS SET OR TIED.
MM INDICATES DATA IS MISSING.
T  INDICATES TRACE AMOUNT.




$$
