000
CDUS43 KPAH 150629
CLIPAH


CLIMATE REPORT
NATIONAL WEATHER SERVICE PADUCAH KY
127 AM CDT WED MAR 15 2017


...................................

...THE PADUCAH KY CLIMATE SUMMARY FOR MARCH 14 2017...

CLIMATE NORMAL PERIOD 1981 TO 2010
CLIMATE RECORD PERIOD 1937 TO 2017


WEATHER ITEM   OBSERVED TIME   RECORD YEAR NORMAL DEPARTURE LAST
                VALUE   (LST)  VALUE       VALUE  FROM      YEAR
                                                  NORMAL
..................................................................
TEMPERATURE (F)
 YESTERDAY
  MAXIMUM         39    144 PM  82    2012  58    -19       70
  MINIMUM         26   1159 PM  17    1993  37    -11       52
  AVERAGE         33                        48    -15       61

PRECIPITATION (IN)
  YESTERDAY        T             2.95 1938   0.12  -0.12     0.86
  MONTH TO DATE    2.69                      1.67   1.02     5.35
  SINCE MAR 1      2.69                      1.67   1.02     5.35
  SINCE JAN 1      7.52                      9.26  -1.74    10.81

SNOWFALL (IN)
  YESTERDAY        T             2.0  1975   0.0    0.0      0.0
  MONTH TO DATE    1.0                       0.4    0.6      0.0
  SINCE MAR 1      1.0                       0.4    0.6      0.0
  SINCE JUL 1      1.2                       8.9   -7.7     12.1
  SNOW DEPTH       0

DEGREE DAYS
 HEATING
  YESTERDAY       32                        17     15        4
  MONTH TO DATE  251                       272    -21      169
  SINCE MAR 1    251                       272    -21      169
  SINCE JUL 1   2730                      3568   -838     2831

 COOLING
  YESTERDAY        0                         0      0        0
  MONTH TO DATE    0                         0      0        0
  SINCE MAR 1      0                         0      0        0
  SINCE JAN 1      0                         0      0        0
..................................................................


WIND (MPH)
  HIGHEST WIND SPEED    21   HIGHEST WIND DIRECTION    NE (30)
  HIGHEST GUST SPEED    26   HIGHEST GUST DIRECTION     N (350)
  AVERAGE WIND SPEED    12.8


SKY COVER
  POSSIBLE SUNSHINE  MM
  AVERAGE SKY COVER 0.8


WEATHER CONDITIONS
 THE FOLLOWING WEATHER WAS RECORDED YESTERDAY.
  NO SIGNIFICANT WEATHER WAS OBSERVED.


RELATIVE HUMIDITY (PERCENT)
 HIGHEST    82          1200 AM
 LOWEST     44           200 PM
 AVERAGE    63

..........................................................


THE PADUCAH KY CLIMATE NORMALS FOR TODAY
                         NORMAL    RECORD    YEAR
 MAXIMUM TEMPERATURE (F)   59        82      2016
 MINIMUM TEMPERATURE (F)   38        20      1969


SUNRISE AND SUNSET
MARCH 15 2017.........SUNRISE   706 AM CDT   SUNSET   703 PM CDT
MARCH 16 2017.........SUNRISE   704 AM CDT   SUNSET   704 PM CDT


-  INDICATES NEGATIVE NUMBERS.
R  INDICATES RECORD WAS SET OR TIED.
MM INDICATES DATA IS MISSING.
T  INDICATES TRACE AMOUNT.

&&
....................................................

***** AGRICULTURAL DATA *****

SOIL TEMPERATURES AT A DEPTH OF FOUR INCHES

UNDER GRASS...  MAX: 48    MIN: 46

$$
