000
CDUS43 KPAH 190635
CLIPAH


CLIMATE REPORT
NATIONAL WEATHER SERVICE PADUCAH KY
134 AM CDT TUE APR 19 2016


...................................

...THE PADUCAH KY CLIMATE SUMMARY FOR APRIL 18 2016...

CLIMATE NORMAL PERIOD 1981 TO 2010
CLIMATE RECORD PERIOD 1937 TO 2016


WEATHER ITEM   OBSERVED TIME   RECORD YEAR NORMAL DEPARTURE LAST
                VALUE   (LST)  VALUE       VALUE  FROM      YEAR
                                                  NORMAL
..................................................................
TEMPERATURE (F)
 YESTERDAY
  MAXIMUM         81   1219 PM  86    2006  70     11       80
                                      2002
  MINIMUM         48    523 AM  29    2001  47      1       56
  AVERAGE         65                        59      6       68

PRECIPITATION (IN)
  YESTERDAY        0.00          2.27 2013   0.17  -0.17     0.01
  MONTH TO DATE    0.72                      2.69  -1.97     4.97
  SINCE MAR 1      9.93                      6.62   3.31    13.70
  SINCE JAN 1     15.39                     14.21   1.18    20.99

SNOWFALL (IN)
  YESTERDAY        0.0           0.5  1983   0.0    0.0      0.0
  MONTH TO DATE    0.0                       0.0    0.0      0.0
  SINCE MAR 1      T                         0.6   -0.6     12.1
  SINCE JUL 1     12.1                       9.1    3.0     28.6
  SNOW DEPTH       0

DEGREE DAYS
 HEATING
  YESTERDAY        0                         7     -7        0
  MONTH TO DATE  163                       176    -13       67
  SINCE MAR 1    522                       699   -177      662
  SINCE JUL 1   3184                      3995   -811     4331

 COOLING
  YESTERDAY        0                         1     -1        3
  MONTH TO DATE    3                        18    -15       38
  SINCE MAR 1      5                        25    -20       39
  SINCE JAN 1      5                        25    -20       39
..................................................................


WIND (MPH)
  HIGHEST WIND SPEED    13   HIGHEST WIND DIRECTION    SE (120)
  HIGHEST GUST SPEED    18   HIGHEST GUST DIRECTION     S (170)
  AVERAGE WIND SPEED     3.1


SKY COVER
  POSSIBLE SUNSHINE  MM
  AVERAGE SKY COVER 0.0


WEATHER CONDITIONS
 THE FOLLOWING WEATHER WAS RECORDED YESTERDAY.
  NO SIGNIFICANT WEATHER WAS OBSERVED.


RELATIVE HUMIDITY (PERCENT)
 HIGHEST    86           400 AM
 LOWEST     28           100 PM
 AVERAGE    57

..........................................................


THE PADUCAH KY CLIMATE NORMALS FOR TODAY
                         NORMAL    RECORD    YEAR
 MAXIMUM TEMPERATURE (F)   71        88      1971
 MINIMUM TEMPERATURE (F)   48        29      1983
                                             1953


SUNRISE AND SUNSET
APRIL 19 2016.........SUNRISE   615 AM CDT   SUNSET   734 PM CDT
APRIL 20 2016.........SUNRISE   613 AM CDT   SUNSET   735 PM CDT


-  INDICATES NEGATIVE NUMBERS.
R  INDICATES RECORD WAS SET OR TIED.
MM INDICATES DATA IS MISSING.
T  INDICATES TRACE AMOUNT.


&&
.........................................................

***** AGRICULTURAL DATA *****

SOIL TEMPERATURES AT A DEPTH OF FOUR INCHES

UNDER GRASS...  MAX: 60  MIN: 60

$$
