000
CDUS43 KPAH 042229
CLIPAH


CLIMATE REPORT
NATIONAL WEATHER SERVICE PADUCAH KY
426 PM CST SUN FEB 4 2018

...................................

...THE PADUCAH KY CLIMATE SUMMARY FOR FEBRUARY 4 2018...
VALID TODAY AS OF 0400 PM LOCAL TIME.

CLIMATE NORMAL PERIOD 1981 TO 2010
CLIMATE RECORD PERIOD 1937 TO 2018

WEATHER ITEM   OBSERVED TIME   RECORD YEAR NORMAL DEPARTURE LAST
                VALUE   (LST)  VALUE       VALUE  FROM      YEAR
                                                  NORMAL
..................................................................
TEMPERATURE (F)
 TODAY
  MAXIMUM         47   1252 PM  73    1962  46      1       45
  MINIMUM         36    359 PM  -3    1996  27      9       14
  AVERAGE         42                        36      6       30

PRECIPITATION (IN)
  TODAY            0.03          0.65 2014   0.14  -0.11     0.00
  MONTH TO DATE    0.17                      0.58  -0.41     0.00
  SINCE DEC 1      7.44                      8.85  -1.41     8.51
  SINCE JAN 1      4.17                      4.26  -0.09     2.50

SNOWFALL (IN)
  TODAY            0.0                                       0.0
  MONTH TO DATE    T                                         0.0
  SINCE JUL 1     12.4                                       0.2
  SNOW DEPTH       0
..................................................................

WIND (MPH)
  HIGHEST WIND SPEED    21   HIGHEST WIND DIRECTION     N (340)
  HIGHEST GUST SPEED    29   HIGHEST GUST DIRECTION     N (340)

RELATIVE HUMIDITY (PERCENT)
 HIGHEST    92
 LOWEST     60
..........................................................

THE PADUCAH KY CLIMATE NORMALS FOR TOMORROW
                         NORMAL    RECORD    YEAR
 MAXIMUM TEMPERATURE (F)   46        76      2008
 MINIMUM TEMPERATURE (F)   27         5      1996

SUNRISE AND SUNSET
FEBRUARY  4 2018......SUNRISE   655 AM CST   SUNSET   523 PM CST
FEBRUARY  5 2018......SUNRISE   654 AM CST   SUNSET   524 PM CST

-  INDICATES NEGATIVE NUMBERS.
R  INDICATES RECORD WAS SET OR TIED.
MM INDICATES DATA IS MISSING.
T  INDICATES TRACE AMOUNT.

$$
