000
CDUS43 KPAH 130703
CLIPAH


CLIMATE REPORT
NATIONAL WEATHER SERVICE PADUCAH KY
149 AM CDT THU APR 13 2017


...................................

...THE PADUCAH KY CLIMATE SUMMARY FOR APRIL 12 2017...

CLIMATE NORMAL PERIOD 1981 TO 2010
CLIMATE RECORD PERIOD 1937 TO 2017


WEATHER ITEM   OBSERVED TIME   RECORD YEAR NORMAL DEPARTURE LAST
                VALUE   (LST)  VALUE       VALUE  FROM      YEAR
                                                  NORMAL
..................................................................
TEMPERATURE (F)
 YESTERDAY
  MAXIMUM         76    403 PM  84    1977  68      8       62
                                      1941
  MINIMUM         42    557 AM  26    1990  45     -3       38
  AVERAGE         59                        57      2       50

PRECIPITATION (IN)
  YESTERDAY        0.00          1.88 1966   0.15  -0.15     0.00
  MONTH TO DATE    0.25                      1.74  -1.49     0.72
  SINCE MAR 1      4.64                      5.67  -1.03     9.93
  SINCE JAN 1      9.47                     13.26  -3.79    15.39

SNOWFALL (IN)
  YESTERDAY        0.0           T    2005   0.0    0.0      0.0
  MONTH TO DATE    0.0                       0.0    0.0      0.0
  SINCE MAR 1      1.0                       0.6    0.4       T
  SINCE JUL 1      1.2                       9.1   -7.9     12.1
  SNOW DEPTH       0

DEGREE DAYS
 HEATING
  YESTERDAY        6                         9     -3       15
  MONTH TO DATE   69                       127    -58      148
  SINCE MAR 1    505                       650   -145      507
  SINCE JUL 1   2984                      3946   -962     3169

 COOLING
  YESTERDAY        0                         1     -1        0
  MONTH TO DATE   11                        12     -1        0
  SINCE MAR 1     12                        19     -7        2
  SINCE JAN 1     12                        19     -7        2
..................................................................


WIND (MPH)
  HIGHEST WIND SPEED    14   HIGHEST WIND DIRECTION     E (80)
  HIGHEST GUST SPEED    16   HIGHEST GUST DIRECTION     E (80)
  AVERAGE WIND SPEED     4.0


SKY COVER
  POSSIBLE SUNSHINE  MM
  AVERAGE SKY COVER 0.0


WEATHER CONDITIONS
 THE FOLLOWING WEATHER WAS RECORDED YESTERDAY.
  FOG
  FOG W/VISIBILITY <= 1/4 MILE
  HAZE


RELATIVE HUMIDITY (PERCENT)
 HIGHEST    96           300 AM
 LOWEST     27           300 PM
 AVERAGE    62

..........................................................


THE PADUCAH KY CLIMATE NORMALS FOR TODAY
                         NORMAL    RECORD    YEAR
 MAXIMUM TEMPERATURE (F)   69        88      1941
 MINIMUM TEMPERATURE (F)   46        29      1957


SUNRISE AND SUNSET
APRIL 13 2017.........SUNRISE   623 AM CDT   SUNSET   728 PM CDT
APRIL 14 2017.........SUNRISE   622 AM CDT   SUNSET   729 PM CDT


-  INDICATES NEGATIVE NUMBERS.
R  INDICATES RECORD WAS SET OR TIED.
MM INDICATES DATA IS MISSING.
T  INDICATES TRACE AMOUNT.

&&
..........................................................

***** AGRICULTURAL DATA *****

SOIL TEMPERATURES AT A DEPTH OF FOUR INCHES

UNDER GRASS...  MAX: 60    MIN: 58


$$
