932
CDUS43 KPAH 230632
CLIPAH


CLIMATE REPORT
NATIONAL WEATHER SERVICE PADUCAH KY
130 AM CDT SAT APR 23 2016


...................................

...THE PADUCAH KY CLIMATE SUMMARY FOR APRIL 22 2016...

CLIMATE NORMAL PERIOD 1981 TO 2010
CLIMATE RECORD PERIOD 1937 TO 2016


WEATHER ITEM   OBSERVED TIME   RECORD YEAR NORMAL DEPARTURE LAST
                VALUE   (LST)  VALUE       VALUE  FROM      YEAR
                                                  NORMAL
..................................................................
TEMPERATURE (F)
 YESTERDAY
  MAXIMUM         73    438 PM  88    1980  72      1       64
  MINIMUM         51    510 AM  31    1993  49      2       43
  AVERAGE         62                        60      2       54

PRECIPITATION (IN)
  YESTERDAY        0.00          1.44 1973   0.17  -0.17      T
  MONTH TO DATE    1.11                      3.38  -2.27     5.88
  SINCE MAR 1     10.32                      7.31   3.01    14.61
  SINCE JAN 1     15.78                     14.90   0.88    21.90

SNOWFALL (IN)
  YESTERDAY        0.0           T    2011   0.0    0.0      0.0
  MONTH TO DATE    0.0                       0.0    0.0      0.0
  SINCE MAR 1      T                         0.6   -0.6     12.1
  SINCE JUL 1     12.1                       9.1    3.0     28.6
  SNOW DEPTH       0

DEGREE DAYS
 HEATING
  YESTERDAY        3                         6     -3       11
  MONTH TO DATE  166                       203    -37       97
  SINCE MAR 1    525                       726   -201      692
  SINCE JUL 1   3187                      4022   -835     4361

 COOLING
  YESTERDAY        0                         1     -1        0
  MONTH TO DATE   10                        22    -12       38
  SINCE MAR 1     12                        29    -17       39
  SINCE JAN 1     12                        29    -17       39
..................................................................


WIND (MPH)
  HIGHEST WIND SPEED    16   HIGHEST WIND DIRECTION     N (360)
  HIGHEST GUST SPEED    22   HIGHEST GUST DIRECTION     N (350)
  AVERAGE WIND SPEED     6.8


SKY COVER
  POSSIBLE SUNSHINE  MM
  AVERAGE SKY COVER 0.3


WEATHER CONDITIONS
 THE FOLLOWING WEATHER WAS RECORDED YESTERDAY.
  FOG


RELATIVE HUMIDITY (PERCENT)
 HIGHEST    93           100 AM
 LOWEST     49           300 PM
 AVERAGE    71

..........................................................


THE PADUCAH KY CLIMATE NORMALS FOR TODAY
                         NORMAL    RECORD    YEAR
 MAXIMUM TEMPERATURE (F)   72        87      1965
 MINIMUM TEMPERATURE (F)   49        30      1986


SUNRISE AND SUNSET
APRIL 23 2016.........SUNRISE   610 AM CDT   SUNSET   738 PM CDT
APRIL 24 2016.........SUNRISE   608 AM CDT   SUNSET   738 PM CDT


-  INDICATES NEGATIVE NUMBERS.
R  INDICATES RECORD WAS SET OR TIED.
MM INDICATES DATA IS MISSING.
T  INDICATES TRACE AMOUNT.

&&
.........................................................

***** AGRICULTURAL DATA *****

SOIL TEMPERATURES AT A DEPTH OF FOUR INCHES

UNDER GRASS...  MAX: 62  MIN: 59


$$
