000
CDUS43 KPAH 042227
CLIPAH


CLIMATE REPORT
NATIONAL WEATHER SERVICE PADUCAH KY
426 PM CST THU JAN 4 2018

...................................

...THE PADUCAH KY CLIMATE SUMMARY FOR JANUARY 4 2018...
VALID TODAY AS OF 0400 PM LOCAL TIME.

CLIMATE NORMAL PERIOD 1981 TO 2010
CLIMATE RECORD PERIOD 1937 TO 2018

WEATHER ITEM   OBSERVED TIME   RECORD YEAR NORMAL DEPARTURE LAST
                VALUE   (LST)  VALUE       VALUE  FROM      YEAR
                                                  NORMAL
..................................................................
TEMPERATURE (F)
 TODAY
  MAXIMUM         24    237 PM  70    1939  43    -19       37
  MINIMUM          6    719 AM   2    1959  26    -20       23
                                      1940
  AVERAGE         15                        34    -19       30

PRECIPITATION (IN)
  TODAY            0.00          2.47 1950   0.13  -0.13     0.00
  MONTH TO DATE    T                         0.50  -0.50     0.28
  SINCE DEC 1      3.27                      5.09  -1.82     6.29
  SINCE JAN 1      T                         0.50  -0.50     0.28

SNOWFALL (IN)
  TODAY            0.0                                       0.0
  MONTH TO DATE    T                                         0.0
  SINCE JUL 1      T                                          T
  SNOW DEPTH       0
..................................................................

WIND (MPH)
  HIGHEST WIND SPEED    18   HIGHEST WIND DIRECTION     N (340)
  HIGHEST GUST SPEED    24   HIGHEST GUST DIRECTION     N (350)

RELATIVE HUMIDITY (PERCENT)
 HIGHEST    76
 LOWEST     34
..........................................................

THE PADUCAH KY CLIMATE NORMALS FOR TOMORROW
                         NORMAL    RECORD    YEAR
 MAXIMUM TEMPERATURE (F)   43        69      1955
 MINIMUM TEMPERATURE (F)   26        -2      1940

SUNRISE AND SUNSET
JANUARY  4 2018.......SUNRISE   709 AM CST   SUNSET   451 PM CST
JANUARY  5 2018.......SUNRISE   709 AM CST   SUNSET   452 PM CST

-  INDICATES NEGATIVE NUMBERS.
R  INDICATES RECORD WAS SET OR TIED.
MM INDICATES DATA IS MISSING.
T  INDICATES TRACE AMOUNT.

$$
