000
CDUS43 KPAH 250630
CLIPAH


CLIMATE REPORT
NATIONAL WEATHER SERVICE PADUCAH KY
1229 AM CST FRI NOV 25 2016


...................................

...THE PADUCAH KY CLIMATE SUMMARY FOR NOVEMBER 24 2016...

CLIMATE NORMAL PERIOD 1981 TO 2010
CLIMATE RECORD PERIOD 1937 TO 2016


WEATHER ITEM   OBSERVED TIME   RECORD YEAR NORMAL DEPARTURE LAST
                VALUE   (LST)  VALUE       VALUE  FROM      YEAR
                                                  NORMAL
..................................................................
TEMPERATURE (F)
 YESTERDAY
  MAXIMUM         54   1202 AM  72    1990  54      0       62
  MINIMUM         45    928 PM  -2    1950  35     10       30
  AVERAGE         50                        44      6       46

PRECIPITATION (IN)
  YESTERDAY        T             1.58 1973   0.15  -0.15     0.00
  MONTH TO DATE    0.88                      3.34  -2.46     5.13
  SINCE SEP 1      2.05                     11.05  -9.00     8.62
  SINCE JAN 1     44.72                     43.53   1.19    49.05

SNOWFALL (IN)
  YESTERDAY        0.0           T    1971   0.0    0.0      0.0
  MONTH TO DATE    0.0                       0.0    0.0      0.0
  SINCE SEP 1      0.0                       0.1   -0.1      0.0
  SINCE JUL 1      0.0                       0.1   -0.1      0.0
  SNOW DEPTH       0

DEGREE DAYS
 HEATING
  YESTERDAY       15                        20     -5       19
  MONTH TO DATE  292                       378    -86      301
  SINCE SEP 1    396                       644   -248      480
  SINCE JUL 1    396                       645   -249      480

 COOLING
  YESTERDAY        0                         0      0        0
  MONTH TO DATE   19                         0     19        6
  SINCE SEP 1    423                       225    198      266
  SINCE JAN 1   1953                      1538    415     1690
..................................................................


WIND (MPH)
  HIGHEST WIND SPEED    14   HIGHEST WIND DIRECTION     N (340)
  HIGHEST GUST SPEED    17   HIGHEST GUST DIRECTION     N (350)
  AVERAGE WIND SPEED     4.5


SKY COVER
  POSSIBLE SUNSHINE  MM
  AVERAGE SKY COVER 1.0


WEATHER CONDITIONS
 THE FOLLOWING WEATHER WAS RECORDED YESTERDAY.
  LIGHT RAIN
  FOG
  HAZE


RELATIVE HUMIDITY (PERCENT)
 HIGHEST    93          1200 AM
 LOWEST     82           500 AM
 AVERAGE    88

..........................................................


THE PADUCAH KY CLIMATE NORMALS FOR TODAY
                         NORMAL    RECORD    YEAR
 MAXIMUM TEMPERATURE (F)   54        73      1990
 MINIMUM TEMPERATURE (F)   35        -3      1950


SUNRISE AND SUNSET
NOVEMBER 25 2016......SUNRISE   644 AM CST   SUNSET   440 PM CST
NOVEMBER 26 2016......SUNRISE   645 AM CST   SUNSET   439 PM CST


-  INDICATES NEGATIVE NUMBERS.
R  INDICATES RECORD WAS SET OR TIED.
MM INDICATES DATA IS MISSING.
T  INDICATES TRACE AMOUNT.

&&
.........................................................

***** AGRICULTURAL DATA *****

SOIL TEMPERATURES AT A DEPTH OF FOUR INCHES

UNDER GRASS...  MAX: 53  MIN: 51

$$
