000
CDUS43 KPAH 210631
CLIPAH


CLIMATE REPORT
NATIONAL WEATHER SERVICE PADUCAH KY
128 AM CDT THU MAY 21 2015


...................................

...THE PADUCAH KY CLIMATE SUMMARY FOR MAY 20 2015...

CLIMATE NORMAL PERIOD 1981 TO 2010
CLIMATE RECORD PERIOD 1937 TO 2015


WEATHER ITEM   OBSERVED TIME   RECORD YEAR NORMAL DEPARTURE LAST
                VALUE   (LST)  VALUE       VALUE  FROM      YEAR
                                                  NORMAL
..................................................................
TEMPERATURE (F)
 YESTERDAY
  MAXIMUM         60   1126 AM  94    1987  79    -19       85
  MINIMUM         50   1159 PM  44    2002  58     -8       64
  AVERAGE         55                        68    -13       75

PRECIPITATION (IN)
  YESTERDAY        0.43          1.72 1960   0.15   0.28     0.00
  MONTH TO DATE    2.63                      3.35  -0.72     2.05
  SINCE MAR 1     17.25                     12.04   5.21    14.17
  SINCE JAN 1     24.54                     19.63   4.91    19.35

SNOWFALL (IN)
  YESTERDAY        0.0           0.0  2002   0.0    0.0      0.0
                                      2001
  MONTH TO DATE    0.0                       0.0    0.0      0.0
  SINCE MAR 1     12.1                       0.6   11.5      5.6
  SINCE JUL 1     28.6                       9.1   19.5     18.5
  SNOW DEPTH       0

DEGREE DAYS
 HEATING
  YESTERDAY       10                         2      8        0
  MONTH TO DATE   33                        54    -21       57
  SINCE MAR 1    789                       822    -33      886
  SINCE JUL 1   4458                      4118    340     4541

 COOLING
  YESTERDAY        0                         5     -5       10
  MONTH TO DATE  106                        65     41      112
  SINCE MAR 1    148                       107     41      142
  SINCE JAN 1    148                       107     41      142
..................................................................


WIND (MPH)
  HIGHEST WIND SPEED    15   HIGHEST WIND DIRECTION     N (360)
  HIGHEST GUST SPEED    19   HIGHEST GUST DIRECTION     N (10)
  AVERAGE WIND SPEED     8.6


SKY COVER
  POSSIBLE SUNSHINE  MM
  AVERAGE SKY COVER 0.7


WEATHER CONDITIONS
 THE FOLLOWING WEATHER WAS RECORDED YESTERDAY.
  HEAVY RAIN
  RAIN
  LIGHT RAIN
  FOG


RELATIVE HUMIDITY (PERCENT)
 HIGHEST    96           800 PM
 LOWEST     72          1000 AM
 AVERAGE    84

..........................................................


THE PADUCAH KY CLIMATE NORMALS FOR TODAY
                         NORMAL    RECORD    YEAR
 MAXIMUM TEMPERATURE (F)   79        94      1987
 MINIMUM TEMPERATURE (F)   58        41      1954


SUNRISE AND SUNSET
MAY 21 2015...........SUNRISE   543 AM CDT   SUNSET   801 PM CDT
MAY 22 2015...........SUNRISE   542 AM CDT   SUNSET   802 PM CDT


-  INDICATES NEGATIVE NUMBERS.
R  INDICATES RECORD WAS SET OR TIED.
MM INDICATES DATA IS MISSING.
T  INDICATES TRACE AMOUNT.


..........................................................

***** AGRICULTURAL DATA *****

SOIL TEMPERATURES AT A DEPTH OF FOUR INCHES

UNDER GRASS...  MAX: 69  MIN: 68

$$
