000
CDUS43 KPAH 140629
CLIPAH


CLIMATE REPORT
NATIONAL WEATHER SERVICE PADUCAH KY
127 AM CDT SUN MAY 14 2017


...................................

...THE PADUCAH KY CLIMATE SUMMARY FOR MAY 13 2017...

CLIMATE NORMAL PERIOD 1981 TO 2010
CLIMATE RECORD PERIOD 1937 TO 2017


WEATHER ITEM   OBSERVED TIME   RECORD YEAR NORMAL DEPARTURE LAST
                VALUE   (LST)  VALUE       VALUE  FROM      YEAR
                                                  NORMAL
..................................................................
TEMPERATURE (F)
 YESTERDAY
  MAXIMUM         78    451 PM  89    1998  77      1       75
  MINIMUM         50    458 AM  37    2013  56     -6       48
  AVERAGE         64                        66     -2       62

PRECIPITATION (IN)
  YESTERDAY        0.00          1.86 2002   0.18  -0.18     0.00
  MONTH TO DATE    3.54                      2.28   1.26     2.51
  SINCE MAR 1     16.11                     10.97   5.14    14.98
  SINCE JAN 1     20.94                     18.56   2.38    20.44

SNOWFALL (IN)
  YESTERDAY        0.0           T    2011   0.0    0.0      0.0
  MONTH TO DATE    0.0                       0.0    0.0      0.0
  SINCE MAR 1      1.0                       0.6    0.4       T
  SINCE JUL 1      1.2                       9.1   -7.9     12.1
  SNOW DEPTH       0

DEGREE DAYS
 HEATING
  YESTERDAY        1                         2     -1        3
  MONTH TO DATE   57                        40     17       36
  SINCE MAR 1    597                       808   -211      575
  SINCE JUL 1   3076                      4104  -1028     3237

 COOLING
  YESTERDAY        0                         4     -4        0
  MONTH TO DATE   28                        34     -6       34
  SINCE MAR 1    104                        76     28       70
  SINCE JAN 1    104                        76     28       70
..................................................................


WIND (MPH)
  HIGHEST WIND SPEED    15   HIGHEST WIND DIRECTION    NE (40)
  HIGHEST GUST SPEED    19   HIGHEST GUST DIRECTION    NE (40)
  AVERAGE WIND SPEED     3.5


SKY COVER
  POSSIBLE SUNSHINE  MM
  AVERAGE SKY COVER 0.0


WEATHER CONDITIONS
 THE FOLLOWING WEATHER WAS RECORDED YESTERDAY.
  FOG


RELATIVE HUMIDITY (PERCENT)
 HIGHEST    96           100 AM
 LOWEST     36           500 PM
 AVERAGE    66

..........................................................


THE PADUCAH KY CLIMATE NORMALS FOR TODAY
                         NORMAL    RECORD    YEAR
 MAXIMUM TEMPERATURE (F)   77        91      1995
 MINIMUM TEMPERATURE (F)   56        43      2016
                                             1996
                                             1973


SUNRISE AND SUNSET
MAY 14 2017...........SUNRISE   548 AM CDT   SUNSET   756 PM CDT
MAY 15 2017...........SUNRISE   547 AM CDT   SUNSET   757 PM CDT


-  INDICATES NEGATIVE NUMBERS.
R  INDICATES RECORD WAS SET OR TIED.
MM INDICATES DATA IS MISSING.
T  INDICATES TRACE AMOUNT.

&&

***** AGRICULTURAL DATA *****

SOIL TEMPERATURES AT A DEPTH OF FOUR INCHES

UNDER GRASS...  MAX: 67    MIN: 66


$$
