000
CDUS43 KPAH 140643
CLIPAH


CLIMATE REPORT
NATIONAL WEATHER SERVICE PADUCAH KY
1240 AM CST FRI NOV 14 2014


...................................

...THE PADUCAH KY CLIMATE SUMMARY FOR NOVEMBER 13 2014...

CLIMATE NORMAL PERIOD 1981 TO 2010
CLIMATE RECORD PERIOD 1937 TO 2014


WEATHER ITEM   OBSERVED TIME   RECORD YEAR NORMAL DEPARTURE LAST
                VALUE   (LST)  VALUE       VALUE  FROM      YEAR
                                                  NORMAL
..................................................................
TEMPERATURE (F)
 YESTERDAY
  MAXIMUM         36   1220 PM  82    1955  60    -24       46
  MINIMUM         26    741 AM  10    1986  39    -13       20
  AVERAGE         31                        49    -18       33

PRECIPITATION (IN)
  YESTERDAY        0.00          4.67 1957   0.15  -0.15     0.00
  MONTH TO DATE    0.82                      1.68  -0.86     0.36
  SINCE SEP 1      5.41                      9.39  -3.98     9.52
  SINCE JAN 1     42.18                     41.87   0.31    50.29

SNOWFALL (IN)
  YESTERDAY        0.0           T    1986   0.0    0.0      0.0
  MONTH TO DATE    0.0                       0.0    0.0       T
  SINCE SEP 1      0.0                       0.1   -0.1       T
  SINCE JUL 1      0.0                       0.1   -0.1       T
  SNOW DEPTH       0

DEGREE DAYS
 HEATING
  YESTERDAY       34                        16     18       32
  MONTH TO DATE  260                       177     83      216
  SINCE SEP 1    485                       443     42      425
  SINCE JUL 1    485                       444     41      425

 COOLING
  YESTERDAY        0                         0      0        0
  MONTH TO DATE    0                         0      0        0
  SINCE SEP 1    251                       225     26      304
  SINCE JAN 1   1722                      1538    184     1478
..................................................................


WIND (MPH)
  HIGHEST WIND SPEED    20   HIGHEST WIND DIRECTION     N (350)
  HIGHEST GUST SPEED    24   HIGHEST GUST DIRECTION    NW (330)
  AVERAGE WIND SPEED    10.2


SKY COVER
  POSSIBLE SUNSHINE  MM
  AVERAGE SKY COVER 0.6


WEATHER CONDITIONS
 THE FOLLOWING WEATHER WAS RECORDED YESTERDAY.
  NO SIGNIFICANT WEATHER WAS OBSERVED.


RELATIVE HUMIDITY (PERCENT)
 HIGHEST    58          1200 AM
 LOWEST     41          1200 PM
 AVERAGE    50

..........................................................


THE PADUCAH KY CLIMATE NORMALS FOR TODAY
                         NORMAL    RECORD    YEAR
 MAXIMUM TEMPERATURE (F)   59        77      1964
 MINIMUM TEMPERATURE (F)   39        12      1986


SUNRISE AND SUNSET
NOVEMBER 14 2014......SUNRISE   633 AM CST   SUNSET   446 PM CST
NOVEMBER 15 2014......SUNRISE   634 AM CST   SUNSET   445 PM CST


-  INDICATES NEGATIVE NUMBERS.
R  INDICATES RECORD WAS SET OR TIED.
MM INDICATES DATA IS MISSING.
T  INDICATES TRACE AMOUNT.

&&
.........................................................
***** AGRICULTURAL DATA *****

SOIL TEMPERATURES AT A DEPTH OF FOUR INCHES

UNDER BARE GROUND...  MAX: MM  MIN: MM
UNDER GRASS.........  MAX: 53  MIN: 51

$$
