000
CDUS43 KPAH 082127
CLIPAH


CLIMATE REPORT
NATIONAL WEATHER SERVICE PADUCAH KY
426 PM CDT SAT APR 8 2017


...................................

...THE PADUCAH KY CLIMATE SUMMARY FOR APRIL 8 2017...
VALID TODAY AS OF 0400 PM LOCAL TIME.

CLIMATE NORMAL PERIOD 1981 TO 2010
CLIMATE RECORD PERIOD 1937 TO 2017


WEATHER ITEM   OBSERVED TIME   RECORD YEAR NORMAL DEPARTURE LAST
                VALUE   (LST)  VALUE       VALUE  FROM      YEAR
                                                  NORMAL
..................................................................
TEMPERATURE (F)
 TODAY
  MAXIMUM         72    259 PM  85    1978  67      5       58
  MINIMUM         38    420 AM  21    2007  44     -6       37
  AVERAGE         55                        56     -1       48

PRECIPITATION (IN)
  TODAY            0.00          1.73 1979   0.15  -0.15     0.00
  MONTH TO DATE    0.25                      1.16  -0.91     0.17
  SINCE MAR 1      4.64                      5.09  -0.45     9.38
  SINCE JAN 1      9.47                     12.68  -3.21    14.84

SNOWFALL (IN)
  TODAY            0.0                                       0.0
  MONTH TO DATE    0.0                                       0.0
  SINCE JUL 1      1.2                                      12.1
  SNOW DEPTH       0

..................................................................


WIND (MPH)
  HIGHEST WIND SPEED    15   HIGHEST WIND DIRECTION    SW (220)
  HIGHEST GUST SPEED    23   HIGHEST GUST DIRECTION     S (160)




RELATIVE HUMIDITY (PERCENT)
 HIGHEST    82
 LOWEST     26

..........................................................


THE PADUCAH KY CLIMATE NORMALS FOR TOMORROW
                         NORMAL    RECORD    YEAR
 MAXIMUM TEMPERATURE (F)   67        86      2011
 MINIMUM TEMPERATURE (F)   44        25      2007


SUNRISE AND SUNSET
APRIL  8 2017.........SUNRISE   630 AM CDT   SUNSET   724 PM CDT
APRIL  9 2017.........SUNRISE   629 AM CDT   SUNSET   725 PM CDT


-  INDICATES NEGATIVE NUMBERS.
R  INDICATES RECORD WAS SET OR TIED.
MM INDICATES DATA IS MISSING.
T  INDICATES TRACE AMOUNT.




$$
