000
CDUS43 KPAH 150633
CLIPAH


CLIMATE REPORT
NATIONAL WEATHER SERVICE PADUCAH KY
1228 AM CST MON DEC 15 2014


...................................

...THE PADUCAH KY CLIMATE SUMMARY FOR DECEMBER 14 2014...

CLIMATE NORMAL PERIOD 1981 TO 2010
CLIMATE RECORD PERIOD 1937 TO 2014


WEATHER ITEM   OBSERVED TIME   RECORD YEAR NORMAL DEPARTURE LAST
                VALUE   (LST)  VALUE       VALUE  FROM      YEAR
                                                  NORMAL
..................................................................
TEMPERATURE (F)
 YESTERDAY
  MAXIMUM         55    411 PM  68    1971  46      9       39
  MINIMUM         46    652 AM   4    2010  29     17       33
  AVERAGE         51                        38     13       36

PRECIPITATION (IN)
  YESTERDAY        0.00          1.86 1987   0.15  -0.15     0.84
  MONTH TO DATE    1.00                      2.18  -1.18     2.49
  SINCE DEC 1      1.00                      2.18  -1.18     2.49
  SINCE JAN 1     44.95                     46.67  -1.72    54.69

SNOWFALL (IN)
  YESTERDAY        0.0           T    2013   0.1   -0.1       T
                                      1990
  MONTH TO DATE    0.0                       0.8   -0.8      5.2
  SINCE DEC 1      0.0                       0.8   -0.8      5.2
  SINCE JUL 1      2.8                       0.9    1.9      5.2
  SNOW DEPTH       0

DEGREE DAYS
 HEATING
  YESTERDAY       14                        28    -14       29
  MONTH TO DATE  325                       358    -33      404
  SINCE DEC 1    325                       358    -33      404
  SINCE JUL 1   1262                      1135    127     1206

 COOLING
  YESTERDAY        0                         0      0        0
  MONTH TO DATE    0                         0      0        0
  SINCE DEC 1      0                         0      0        0
  SINCE JAN 1   1722                      1542    180     1478
..................................................................


WIND (MPH)
  HIGHEST WIND SPEED    14   HIGHEST WIND DIRECTION    SE (150)
  HIGHEST GUST SPEED    18   HIGHEST GUST DIRECTION    SE (150)
  AVERAGE WIND SPEED     4.8


SKY COVER
  POSSIBLE SUNSHINE  MM
  AVERAGE SKY COVER 1.0


WEATHER CONDITIONS
 THE FOLLOWING WEATHER WAS RECORDED YESTERDAY.
  FOG
  HAZE


RELATIVE HUMIDITY (PERCENT)
 HIGHEST    86           500 AM
 LOWEST     77          1200 PM
 AVERAGE    82

..........................................................


THE PADUCAH KY CLIMATE NORMALS FOR TODAY
                         NORMAL    RECORD    YEAR
 MAXIMUM TEMPERATURE (F)   46        71      1984
 MINIMUM TEMPERATURE (F)   28         2      1989


SUNRISE AND SUNSET
DECEMBER 15 2014......SUNRISE   701 AM CST   SUNSET   439 PM CST
DECEMBER 16 2014......SUNRISE   702 AM CST   SUNSET   440 PM CST


-  INDICATES NEGATIVE NUMBERS.
R  INDICATES RECORD WAS SET OR TIED.
MM INDICATES DATA IS MISSING.
T  INDICATES TRACE AMOUNT.

&&
..........................................................
***** AGRICULTURAL DATA *****

SOIL TEMPERATURES AT A DEPTH OF FOUR INCHES

UNDER BARE GROUND...  MAX: MM  MIN: MM
UNDER GRASS.........  MAX: 47  MIN: 46

$$
