674
CDUS43 KPAH 142134
CLIPAH


CLIMATE REPORT
NATIONAL WEATHER SERVICE PADUCAH KY
430 PM CDT THU SEP 14 2017


...................................

...THE PADUCAH KY CLIMATE SUMMARY FOR SEPTEMBER 14 2017...
VALID TODAY AS OF 0400 PM LOCAL TIME.

CLIMATE NORMAL PERIOD 1981 TO 2010
CLIMATE RECORD PERIOD 1937 TO 2017


WEATHER ITEM   OBSERVED TIME   RECORD YEAR NORMAL DEPARTURE LAST
                VALUE   (LST)  VALUE       VALUE  FROM      YEAR
                                                  NORMAL
..................................................................
TEMPERATURE (F)
 TODAY
  MAXIMUM         86    237 PM 102    1939  83      3       92
  MINIMUM         64    614 AM  41    1964  59      5       70
  AVERAGE         75                        71      4       81

PRECIPITATION (IN)
  TODAY            T             2.34 1978   0.13  -0.13     0.00
  MONTH TO DATE    1.97                      1.65   0.32     0.14
  SINCE SEP 1      1.97                      1.65   0.32     0.14
  SINCE JAN 1     35.10                     34.13   0.97    42.81

SNOWFALL (IN)
  TODAY            0.0                                       0.0
  MONTH TO DATE    0.0                                       0.0
  SINCE JUL 1      0.0                                       0.0
  SNOW DEPTH       0

..................................................................


WIND (MPH)
  HIGHEST WIND SPEED    12   HIGHEST WIND DIRECTION    SW (240)
  HIGHEST GUST SPEED    14   HIGHEST GUST DIRECTION    SW (240)




RELATIVE HUMIDITY (PERCENT)
 HIGHEST    93
 LOWEST     47

..........................................................


THE PADUCAH KY CLIMATE NORMALS FOR TOMORROW
                         NORMAL    RECORD    YEAR
 MAXIMUM TEMPERATURE (F)   82       102      1939
 MINIMUM TEMPERATURE (F)   58        45      1964


SUNRISE AND SUNSET
SEPTEMBER 14 2017.....SUNRISE   637 AM CDT   SUNSET   704 PM CDT
SEPTEMBER 15 2017.....SUNRISE   637 AM CDT   SUNSET   702 PM CDT


-  INDICATES NEGATIVE NUMBERS.
R  INDICATES RECORD WAS SET OR TIED.
MM INDICATES DATA IS MISSING.
T  INDICATES TRACE AMOUNT.




$$
