000
CDUS43 KPAH 122131
CLIPAH


CLIMATE REPORT
NATIONAL WEATHER SERVICE PADUCAH KY
429 PM CDT TUE JUL 12 2016


...................................

...THE PADUCAH KY CLIMATE SUMMARY FOR JULY 12 2016...
VALID TODAY AS OF 0400 PM LOCAL TIME.

CLIMATE NORMAL PERIOD 1981 TO 2010
CLIMATE RECORD PERIOD 1937 TO 2016


WEATHER ITEM   OBSERVED TIME   RECORD YEAR NORMAL DEPARTURE LAST
                VALUE   (LST)  VALUE       VALUE  FROM      YEAR
                                                  NORMAL
..................................................................
TEMPERATURE (F)
 TODAY
  MAXIMUM         92    208 PM 103    1966  89      3       93
  MINIMUM         73    601 AM  56    1945  69      4       77
  AVERAGE                                   79              85

PRECIPITATION (IN)
  TODAY            0.23          1.31 2006   0.16   0.07     0.00
  MONTH TO DATE    6.63                      1.79   4.84     8.38
  SINCE JUN 1      8.35                      5.85   2.50    10.82
  SINCE JAN 1     31.55                     27.07   4.48    36.44

SNOWFALL (IN)
  TODAY            0.0                                       0.0
  MONTH TO DATE    0.0                                       0.0
  SINCE JUL 1      0.0                                       0.0
  SNOW DEPTH       0

..................................................................


WIND (MPH)
  HIGHEST WIND SPEED    21   HIGHEST WIND DIRECTION    SW (230)
  HIGHEST GUST SPEED    27   HIGHEST GUST DIRECTION    SW (220)




RELATIVE HUMIDITY (PERCENT)
 HIGHEST    87
 LOWEST     44

..........................................................


THE PADUCAH KY CLIMATE NORMALS FOR TOMORROW
                         NORMAL    RECORD    YEAR
 MAXIMUM TEMPERATURE (F)   89       105      1966
 MINIMUM TEMPERATURE (F)   69        57      2013


SUNRISE AND SUNSET
JULY 12 2016..........SUNRISE   545 AM CDT   SUNSET   816 PM CDT
JULY 13 2016..........SUNRISE   546 AM CDT   SUNSET   815 PM CDT


-  INDICATES NEGATIVE NUMBERS.
R  INDICATES RECORD WAS SET OR TIED.
MM INDICATES DATA IS MISSING.
T  INDICATES TRACE AMOUNT.




$$
