000
CDUS43 KPAH 210632
CLIPAH

CLIMATE REPORT
NATIONAL WEATHER SERVICE PADUCAH KY
127 AM CDT TUE JUL 21 2015

...................................

...THE PADUCAH KY CLIMATE SUMMARY FOR JULY 20 2015...

CLIMATE NORMAL PERIOD 1981 TO 2010
CLIMATE RECORD PERIOD 1937 TO 2015

WEATHER ITEM   OBSERVED TIME   RECORD YEAR NORMAL DEPARTURE LAST
                VALUE   (LST)  VALUE       VALUE  FROM      YEAR
                                                  NORMAL
..................................................................
TEMPERATURE (F)
 YESTERDAY
  MAXIMUM         90    346 PM  99    1983  89      1       86
  MINIMUM         74    654 AM  56    1947  69      5       58
  AVERAGE         82                        79      3       72

PRECIPITATION (IN)
  YESTERDAY        0.84          1.89 1975   0.13   0.71     0.00
  MONTH TO DATE    9.22                      2.95   6.27     1.82
  SINCE JUN 1     11.66                      7.01   4.65     8.51
  SINCE JAN 1     37.28                     28.23   9.05    28.70

SNOWFALL (IN)
  YESTERDAY        0.0           0.0  2002   0.0    0.0      0.0
                                      2001
  MONTH TO DATE    0.0                       0.0    0.0      0.0
  SINCE JUN 1      0.0                       0.0    0.0      0.0
  SINCE JUL 1      0.0                       0.0    0.0      0.0
  SNOW DEPTH       0

DEGREE DAYS
 HEATING
  YESTERDAY        0                         0      0        0
  MONTH TO DATE    0                         0      0        0
  SINCE JUN 1      2                         4     -2        0
  SINCE JUL 1      0                         0      0        0

 COOLING
  YESTERDAY       17                        14      3        7
  MONTH TO DATE  313                       280     33      209
  SINCE JUN 1    714                       600    114      614
  SINCE JAN 1    925                       772    153      892
..................................................................

WIND (MPH)
  HIGHEST WIND SPEED    29   HIGHEST WIND DIRECTION     W (250)
  HIGHEST GUST SPEED    36   HIGHEST GUST DIRECTION     W (250)
  AVERAGE WIND SPEED     7.2

SKY COVER
  POSSIBLE SUNSHINE  MM
  AVERAGE SKY COVER 0.3

WEATHER CONDITIONS
 THE FOLLOWING WEATHER WAS RECORDED YESTERDAY.
  THUNDERSTORM
  HEAVY RAIN
  RAIN
  LIGHT RAIN
  FOG
  HAZE

RELATIVE HUMIDITY (PERCENT)
 HIGHEST    88          1100 PM
 LOWEST     64           300 PM
 AVERAGE    76
..........................................................

THE PADUCAH KY CLIMATE NORMALS FOR TODAY
                         NORMAL    RECORD    YEAR
 MAXIMUM TEMPERATURE (F)   89        99      1983
 MINIMUM TEMPERATURE (F)   69        54      1971

SUNRISE AND SUNSET
JULY 21 2015..........SUNRISE   551 AM CDT   SUNSET   811 PM CDT
JULY 22 2015..........SUNRISE   552 AM CDT   SUNSET   811 PM CDT

-  INDICATES NEGATIVE NUMBERS.
R  INDICATES RECORD WAS SET OR TIED.
MM INDICATES DATA IS MISSING.
T  INDICATES TRACE AMOUNT.

&&
..........................................................

***** AGRICULTURAL DATA *****

SOIL TEMPERATURES AT A DEPTH OF FOUR INCHES

UNDER GRASS...   MAX: 81  MIN: 81

$$
