186
CDUS43 KPAH 180745
CLIPAH

CLIMATE REPORT
NATIONAL WEATHER SERVICE PADUCAH KY
145 AM CDT SAT MAR 18 2017


...................................

...THE PADUCAH KY CLIMATE SUMMARY FOR MARCH 17 2017...

CLIMATE NORMAL PERIOD 1981 TO 2010
CLIMATE RECORD PERIOD 1937 TO 2017


WEATHER ITEM   OBSERVED TIME   RECORD YEAR NORMAL DEPARTURE LAST
                VALUE   (LST)  VALUE       VALUE  FROM      YEAR
                                                  NORMAL
..................................................................
TEMPERATURE (F)
 YESTERDAY
  MAXIMUM         60    244 PM  83    1945  59      1       67
  MINIMUM         46    721 AM  19    1941  38      8       39
  AVERAGE         53                        49      4       53

PRECIPITATION (IN)
  YESTERDAY        0.11          1.60 1945   0.13  -0.02     0.00
  MONTH TO DATE    2.80                      2.05   0.75     5.35
  SINCE MAR 1      2.80                      2.05   0.75     5.35
  SINCE JAN 1      7.63                      9.64  -2.01    10.81

SNOWFALL (IN)
  YESTERDAY        0.0           5.0  1970   0.0    0.0      0.0
  MONTH TO DATE    1.0                       0.5    0.5      0.0
  SINCE MAR 1      1.0                       0.5    0.5      0.0
  SINCE JUL 1      1.2                       9.0   -7.8     12.1
  SNOW DEPTH       0

DEGREE DAYS
 HEATING
  YESTERDAY       12                        17     -5       12
  MONTH TO DATE  328                       323      5      189
  SINCE MAR 1    328                       323      5      189
  SINCE JUL 1   2807                      3619   -812     2851

 COOLING
  YESTERDAY        0                         0      0        0
  MONTH TO DATE    0                         0      0        1
  SINCE MAR 1      0                         0      0        1
  SINCE JAN 1      0                         0      0        1
..................................................................


WIND (MPH)
  HIGHEST WIND SPEED    17   HIGHEST WIND DIRECTION    SW (230)
  HIGHEST GUST SPEED    24   HIGHEST GUST DIRECTION    SW (240)
  AVERAGE WIND SPEED     8.4


SKY COVER
  POSSIBLE SUNSHINE  MM
  AVERAGE SKY COVER 0.9


WEATHER CONDITIONS
 THE FOLLOWING WEATHER WAS RECORDED YESTERDAY.
  LIGHT RAIN
  FOG
  FOG W/VISIBILITY <= 1/4 MILE
  HAZE


RELATIVE HUMIDITY (PERCENT)
 HIGHEST    96          1100 PM
 LOWEST     39          1200 AM
 AVERAGE    68

..........................................................


THE PADUCAH KY CLIMATE NORMALS FOR TODAY
                         NORMAL    RECORD    YEAR
 MAXIMUM TEMPERATURE (F)   60        83      1982
 MINIMUM TEMPERATURE (F)   38        19      1967
                                             1960


SUNRISE AND SUNSET
MARCH 18 2017.........SUNRISE   701 AM CDT   SUNSET   705 PM CDT
MARCH 19 2017.........SUNRISE   700 AM CDT   SUNSET   706 PM CDT


-  INDICATES NEGATIVE NUMBERS.
R  INDICATES RECORD WAS SET OR TIED.
MM INDICATES DATA IS MISSING.
T  INDICATES TRACE AMOUNT.




$$
