000
CDUS43 KPAH 200652
CLIPAH

CLIMATE REPORT
NATIONAL WEATHER SERVICE PADUCAH KY
145 AM CDT FRI MAR 20 2015


...................................

...THE PADUCAH KY CLIMATE SUMMARY FOR MARCH 19 2015...

CLIMATE NORMAL PERIOD 1981 TO 2010
CLIMATE RECORD PERIOD 1937 TO 2015


WEATHER ITEM   OBSERVED TIME   RECORD YEAR NORMAL DEPARTURE LAST
                VALUE   (LST)  VALUE       VALUE  FROM      YEAR
                                                  NORMAL
..................................................................
TEMPERATURE (F)
 YESTERDAY
  MAXIMUM         50    330 PM  81    2012  60    -10       61
                                      1995
  MINIMUM         40    659 AM  17    1965  39      1       34
  AVERAGE         45                        49     -4       48

PRECIPITATION (IN)
  YESTERDAY        0.10          1.35 1943   0.12  -0.02      T
  MONTH TO DATE    8.05                      2.29   5.76     2.49
  SINCE MAR 1      8.05                      2.29   5.76     2.49
  SINCE JAN 1     15.34                      9.88   5.46     7.67

SNOWFALL (IN)
  YESTERDAY       MM             1.5  1951   0.0   MM       MM
  MONTH TO DATE   12.1                       0.5   11.6      5.4
  SINCE MAR 1     12.1                       0.5   11.6      5.4
  SINCE JUL 1     28.6                       9.0   19.6     18.3
  SNOW DEPTH       0

DEGREE DAYS
 HEATING
  YESTERDAY       20                        16      4       17
  MONTH TO DATE  419                       355     64      434
  SINCE MAR 1    419                       355     64      434
  SINCE JUL 1   4088                      3651    437     4089

 COOLING
  YESTERDAY        0                         0      0        0
  MONTH TO DATE    0                         0      0        0
  SINCE MAR 1      0                         0      0        0
  SINCE JAN 1      0                         0      0        0
..................................................................


WIND (MPH)
  HIGHEST WIND SPEED    12   HIGHEST WIND DIRECTION    NE (60)
  HIGHEST GUST SPEED    15   HIGHEST GUST DIRECTION     E (80)
  AVERAGE WIND SPEED     5.4


SKY COVER
  POSSIBLE SUNSHINE  MM
  AVERAGE SKY COVER 1.0


WEATHER CONDITIONS
 THE FOLLOWING WEATHER WAS RECORDED YESTERDAY.
  LIGHT RAIN
  FOG


RELATIVE HUMIDITY (PERCENT)
 HIGHEST    92           700 AM
 LOWEST     53          1200 AM
 AVERAGE    73

..........................................................


THE PADUCAH KY CLIMATE NORMALS FOR TODAY
                         NORMAL    RECORD    YEAR
 MAXIMUM TEMPERATURE (F)   60        83      2012
                                             1948
 MINIMUM TEMPERATURE (F)   39        20      1965


SUNRISE AND SUNSET
MARCH 20 2015.........SUNRISE   659 AM CDT   SUNSET   707 PM CDT
MARCH 21 2015.........SUNRISE   658 AM CDT   SUNSET   708 PM CDT


-  INDICATES NEGATIVE NUMBERS.
R  INDICATES RECORD WAS SET OR TIED.
MM INDICATES DATA IS MISSING.
T  INDICATES TRACE AMOUNT.

..........................................................

***** AGRICULTURAL DATA *****

SOIL TEMPERATURES AT A DEPTH OF FOUR INCHES

UNDER GRASS...  MAX: 49  MIN: 48

$$
