000
CDUS43 KPAH 212126
CLIPAH


CLIMATE REPORT
NATIONAL WEATHER SERVICE PADUCAH KY
426 PM CDT FRI APR 21 2017


...................................

...THE PADUCAH KY CLIMATE SUMMARY FOR APRIL 21 2017...
VALID TODAY AS OF 0400 PM LOCAL TIME.

CLIMATE NORMAL PERIOD 1981 TO 2010
CLIMATE RECORD PERIOD 1937 TO 2017


WEATHER ITEM   OBSERVED TIME   RECORD YEAR NORMAL DEPARTURE LAST
                VALUE   (LST)  VALUE       VALUE  FROM      YEAR
                                                  NORMAL
..................................................................
TEMPERATURE (F)
 TODAY
  MAXIMUM         66   1226 AM  90    1987  71     -5       76
                                      1946
  MINIMUM         54    920 AM  30    1943  48      6       56
  AVERAGE         60                        60      0       66

PRECIPITATION (IN)
  TODAY            0.24          2.13 1951   0.18   0.06     0.27
  MONTH TO DATE    2.23                      3.21  -0.98     1.11
  SINCE MAR 1      6.62                      7.14  -0.52    10.32
  SINCE JAN 1     11.45                     14.73  -3.28    15.78

SNOWFALL (IN)
  TODAY            0.0                                       0.0
  MONTH TO DATE    0.0                                       0.0
  SINCE JUL 1      1.2                                      12.1
  SNOW DEPTH       0

..................................................................


WIND (MPH)
  HIGHEST WIND SPEED    16   HIGHEST WIND DIRECTION    NE (40)
  HIGHEST GUST SPEED    20   HIGHEST GUST DIRECTION    NE (30)




RELATIVE HUMIDITY (PERCENT)
 HIGHEST    86
 LOWEST     77

..........................................................


THE PADUCAH KY CLIMATE NORMALS FOR TOMORROW
                         NORMAL    RECORD    YEAR
 MAXIMUM TEMPERATURE (F)   72        88      1980
 MINIMUM TEMPERATURE (F)   49        31      1993


SUNRISE AND SUNSET
APRIL 21 2017.........SUNRISE   612 AM CDT   SUNSET   736 PM CDT
APRIL 22 2017.........SUNRISE   611 AM CDT   SUNSET   736 PM CDT


-  INDICATES NEGATIVE NUMBERS.
R  INDICATES RECORD WAS SET OR TIED.
MM INDICATES DATA IS MISSING.
T  INDICATES TRACE AMOUNT.




$$
