000
CDUS43 KPAH 170630
CLIPAH

CLIMATE REPORT
NATIONAL WEATHER SERVICE PADUCAH KY
126 AM CDT SAT SEP 17 2016

...................................

...THE PADUCAH KY CLIMATE SUMMARY FOR SEPTEMBER 16 2016...

CLIMATE NORMAL PERIOD 1981 TO 2010
CLIMATE RECORD PERIOD 1937 TO 2016

WEATHER ITEM   OBSERVED TIME   RECORD YEAR NORMAL DEPARTURE LAST
                VALUE   (LST)  VALUE       VALUE  FROM      YEAR
                                                  NORMAL
..................................................................
TEMPERATURE (F)
 YESTERDAY
  MAXIMUM         94    209 PM  96    1939  82     12       85
  MINIMUM         69    512 AM  44    2000  58     11       54
                                      1966
  AVERAGE         82                        70     12       70

PRECIPITATION (IN)
  YESTERDAY        0.01          1.38 1995   0.13  -0.12     0.00
  MONTH TO DATE    0.16                      1.91  -1.75     0.15
  SINCE SEP 1      0.16                      1.91  -1.75     0.15
  SINCE JAN 1     42.83                     34.39   8.44    40.58

SNOWFALL (IN)
  YESTERDAY        0.0           0.0  2002   0.0    0.0      0.0
                                      2001
  MONTH TO DATE    0.0                       0.0    0.0      0.0
  SINCE SEP 1      0.0                       0.0    0.0      0.0
  SINCE JUL 1      0.0                       0.0    0.0      0.0
  SNOW DEPTH       0

DEGREE DAYS
 HEATING
  YESTERDAY        0                         1     -1        0
  MONTH TO DATE    0                         4     -4        8
  SINCE SEP 1      0                         4     -4        8
  SINCE JUL 1      0                         5     -5        8

 COOLING
  YESTERDAY       17                         6     11        5
  MONTH TO DATE  187                       129     58      155
  SINCE SEP 1    187                       129     58      155
  SINCE JAN 1   1717                      1442    275     1579
..................................................................

WIND (MPH)
  HIGHEST WIND SPEED    15   HIGHEST WIND DIRECTION    SE (150)
  HIGHEST GUST SPEED    22   HIGHEST GUST DIRECTION    SE (150)
  AVERAGE WIND SPEED     3.9

SKY COVER
  POSSIBLE SUNSHINE  MM
  AVERAGE SKY COVER 0.3

WEATHER CONDITIONS
 THE FOLLOWING WEATHER WAS RECORDED YESTERDAY.
  THUNDERSTORM
  LIGHT RAIN
  FOG
  HAZE

RELATIVE HUMIDITY (PERCENT)
 HIGHEST    97           500 AM
 LOWEST     41           200 PM
 AVERAGE    69
..........................................................

THE PADUCAH KY CLIMATE NORMALS FOR TODAY
                         NORMAL    RECORD    YEAR
 MAXIMUM TEMPERATURE (F)   82        98      1939
 MINIMUM TEMPERATURE (F)   57        42      2000

SUNRISE AND SUNSET
SEPTEMBER 17 2016.....SUNRISE   639 AM CDT   SUNSET   659 PM CDT
SEPTEMBER 18 2016.....SUNRISE   640 AM CDT   SUNSET   657 PM CDT

-  INDICATES NEGATIVE NUMBERS.
R  INDICATES RECORD WAS SET OR TIED.
MM INDICATES DATA IS MISSING.
T  INDICATES TRACE AMOUNT.

&&
.........................................................
***** AGRICULTURAL DATA *****

SOIL TEMPERATURES AT A DEPTH OF FOUR INCHES

UNDER GRASS...  MAX: 76  MIN: 76

$$
