000
CDUS43 KPAH 142133
CLIPAH


CLIMATE REPORT
NATIONAL WEATHER SERVICE PADUCAH KY
433 PM CDT MON JUL 14 2014


...................................

...THE PADUCAH KY CLIMATE SUMMARY FOR JULY 14 2014...
VALID TODAY AS OF 0400 PM LOCAL TIME.

CLIMATE NORMAL PERIOD 1981 TO 2010
CLIMATE RECORD PERIOD 1937 TO 2014


WEATHER ITEM   OBSERVED TIME   RECORD YEAR NORMAL DEPARTURE LAST
                VALUE   (LST)  VALUE       VALUE  FROM      YEAR
                                                  NORMAL
..................................................................
TEMPERATURE (F)
 TODAY
  MAXIMUM         88        MM 105    1966  89     -1       88
  MINIMUM         73        MM  55    2001  69      4       63
                                      1975
  AVERAGE         81                        79      2       76

PRECIPITATION (IN)
  TODAY            0.30          2.25 1986   0.15   0.15     0.20
  MONTH TO DATE    1.74                      2.09  -0.35     0.71
  SINCE JUN 1      8.43                      6.15   2.28     9.82
  SINCE JAN 1     28.62                     27.37   1.25    35.29

SNOWFALL (IN)
  TODAY            0.0                                       0.0
  MONTH TO DATE    0.0                                       0.0
  SINCE JUL 1      0.0                                       0.0
  SNOW DEPTH       0

..................................................................


WIND (MPH)
  HIGHEST WIND SPEED    16   HIGHEST WIND DIRECTION     W (290)
  HIGHEST GUST SPEED    23   HIGHEST GUST DIRECTION     W (280)




RELATIVE HUMIDITY (PERCENT)
 HIGHEST    85
 LOWEST     63

..........................................................


THE PADUCAH KY CLIMATE NORMALS FOR TOMORROW
                         NORMAL    RECORD    YEAR
 MAXIMUM TEMPERATURE (F)   89       103      1980
 MINIMUM TEMPERATURE (F)   69        55      2001
                                             1990


SUNRISE AND SUNSET
JULY 14 2014..........SUNRISE   546 AM CDT   SUNSET   815 PM CDT
JULY 15 2014..........SUNRISE   547 AM CDT   SUNSET   815 PM CDT


-  INDICATES NEGATIVE NUMBERS.
R  INDICATES RECORD WAS SET OR TIED.
MM INDICATES DATA IS MISSING.
T  INDICATES TRACE AMOUNT.




$$
