000
CDUS43 KPAH 160633
CLIPAH


CLIMATE REPORT
NATIONAL WEATHER SERVICE PADUCAH KY
132 AM CDT SAT APR 16 2016


...................................

...THE PADUCAH KY CLIMATE SUMMARY FOR APRIL 15 2016...

CLIMATE NORMAL PERIOD 1981 TO 2010
CLIMATE RECORD PERIOD 1937 TO 2016


WEATHER ITEM   OBSERVED TIME   RECORD YEAR NORMAL DEPARTURE LAST
                VALUE   (LST)  VALUE       VALUE  FROM      YEAR
                                                  NORMAL
..................................................................
TEMPERATURE (F)
 YESTERDAY
  MAXIMUM         76    439 PM  88    1977  69      7       73
  MINIMUM         57    530 AM  29    2008  46     11       57
                                      1950
                                      1943
  AVERAGE         67                        58      9       65

PRECIPITATION (IN)
  YESTERDAY        T             2.05 1972   0.15  -0.15     0.05
  MONTH TO DATE    0.72                      2.18  -1.46     4.96
  SINCE MAR 1      9.93                      6.11   3.82    13.69
  SINCE JAN 1     15.39                     13.70   1.69    20.98

SNOWFALL (IN)
  YESTERDAY        0.0           T    2011   0.0    0.0      0.0
                                      2007
                                      1988
  MONTH TO DATE    0.0                       0.0    0.0      0.0
  SINCE MAR 1      T                         0.6   -0.6     12.1
  SINCE JUL 1     12.1                       9.1    3.0     28.6
  SNOW DEPTH       0

DEGREE DAYS
 HEATING
  YESTERDAY        0                         8     -8        0
  MONTH TO DATE  162                       153      9       67
  SINCE MAR 1    521                       676   -155      662
  SINCE JUL 1   3183                      3972   -789     4331

 COOLING
  YESTERDAY        2                         1      1        0
  MONTH TO DATE    2                        15    -13       31
  SINCE MAR 1      4                        22    -18       32
  SINCE JAN 1      4                        22    -18       32
..................................................................


WIND (MPH)
  HIGHEST WIND SPEED    16   HIGHEST WIND DIRECTION     S (160)
  HIGHEST GUST SPEED    20   HIGHEST GUST DIRECTION     S (160)
  AVERAGE WIND SPEED     6.9


SKY COVER
  POSSIBLE SUNSHINE  MM
  AVERAGE SKY COVER 0.3


WEATHER CONDITIONS
 THE FOLLOWING WEATHER WAS RECORDED YESTERDAY.
  LIGHT RAIN


RELATIVE HUMIDITY (PERCENT)
 HIGHEST    93           400 AM
 LOWEST     33           500 PM
 AVERAGE    63

..........................................................


THE PADUCAH KY CLIMATE NORMALS FOR TODAY
                         NORMAL    RECORD    YEAR
 MAXIMUM TEMPERATURE (F)   70        87      1977
 MINIMUM TEMPERATURE (F)   47        27      1962


SUNRISE AND SUNSET
APRIL 16 2016.........SUNRISE   619 AM CDT   SUNSET   731 PM CDT
APRIL 17 2016.........SUNRISE   617 AM CDT   SUNSET   732 PM CDT


-  INDICATES NEGATIVE NUMBERS.
R  INDICATES RECORD WAS SET OR TIED.
MM INDICATES DATA IS MISSING.
T  INDICATES TRACE AMOUNT.

&&
.........................................................

***** AGRICULTURAL DATA *****

SOIL TEMPERATURES AT A DEPTH OF FOUR INCHES

UNDER GRASS...  MAX: 57  MIN: 54

$$
