000
CDUS43 KPAH 180638
CLIPAH


CLIMATE REPORT
NATIONAL WEATHER SERVICE PADUCAH KY
133 AM CDT WED MAR 18 2015


...................................

...THE PADUCAH KY CLIMATE SUMMARY FOR MARCH 17 2015...

CLIMATE NORMAL PERIOD 1981 TO 2010
CLIMATE RECORD PERIOD 1937 TO 2015


WEATHER ITEM   OBSERVED TIME   RECORD YEAR NORMAL DEPARTURE LAST
                VALUE   (LST)  VALUE       VALUE  FROM      YEAR
                                                  NORMAL
..................................................................
TEMPERATURE (F)
 YESTERDAY
  MAXIMUM         62    118 PM  83    1945  59      3       48
  MINIMUM         44   1159 PM  19    1941  38      6       30
  AVERAGE         53                        49      4       39

PRECIPITATION (IN)
  YESTERDAY        0.00          1.60 1945   0.13  -0.13     0.00
  MONTH TO DATE    7.95                      2.05   5.90     2.49
  SINCE MAR 1      7.95                      2.05   5.90     2.49
  SINCE JAN 1     15.24                      9.64   5.60     7.67

SNOWFALL (IN)
  YESTERDAY        0.0           5.0  1970   0.0    0.0      0.0
  MONTH TO DATE   12.1                       0.5   11.6      5.4
  SINCE MAR 1     12.1                       0.5   11.6      5.4
  SINCE JUL 1     28.6                       9.0   19.6     18.3
  SNOW DEPTH       0

DEGREE DAYS
 HEATING
  YESTERDAY       12                        17     -5       26
  MONTH TO DATE  379                       323     56      397
  SINCE MAR 1    379                       323     56      397
  SINCE JUL 1   4048                      3619    429     4052

 COOLING
  YESTERDAY        0                         0      0        0
  MONTH TO DATE    0                         0      0        0
  SINCE MAR 1      0                         0      0        0
  SINCE JAN 1      0                         0      0        0
..................................................................


WIND (MPH)
  HIGHEST WIND SPEED    25   HIGHEST WIND DIRECTION    NE (30)
  HIGHEST GUST SPEED    30   HIGHEST GUST DIRECTION     N (20)
  AVERAGE WIND SPEED    15.1


SKY COVER
  POSSIBLE SUNSHINE  MM
  AVERAGE SKY COVER 0.0


WEATHER CONDITIONS
 THE FOLLOWING WEATHER WAS RECORDED YESTERDAY.
  NO SIGNIFICANT WEATHER WAS OBSERVED.


RELATIVE HUMIDITY (PERCENT)
 HIGHEST    93           600 AM
 LOWEST     40           400 PM
 AVERAGE    67

..........................................................


THE PADUCAH KY CLIMATE NORMALS FOR TODAY
                         NORMAL    RECORD    YEAR
 MAXIMUM TEMPERATURE (F)   60        83      1982
 MINIMUM TEMPERATURE (F)   38        19      1967
                                             1960


SUNRISE AND SUNSET
MARCH 18 2015.........SUNRISE   702 AM CDT   SUNSET   705 PM CDT
MARCH 19 2015.........SUNRISE   701 AM CDT   SUNSET   706 PM CDT


-  INDICATES NEGATIVE NUMBERS.
R  INDICATES RECORD WAS SET OR TIED.
MM INDICATES DATA IS MISSING.
T  INDICATES TRACE AMOUNT.

&&
..........................................................
***** AGRICULTURAL DATA *****

SOIL TEMPERATURES AT A DEPTH OF FOUR INCHES

UNDER GRASS...  MAX: 50  MIN: 49

$$
