000
CDUS43 KPAH 110645
CLIPAH


CLIMATE REPORT
NATIONAL WEATHER SERVICE PADUCAH KY
1237 AM CST SAT FEB 11 2017


...................................

...THE PADUCAH KY CLIMATE SUMMARY FOR FEBRUARY 10 2017...

CLIMATE NORMAL PERIOD 1981 TO 2010
CLIMATE RECORD PERIOD 1937 TO 2017


WEATHER ITEM   OBSERVED TIME   RECORD YEAR NORMAL DEPARTURE LAST
                VALUE   (LST)  VALUE       VALUE  FROM      YEAR
                                                  NORMAL
..................................................................
TEMPERATURE (F)
 YESTERDAY
  MAXIMUM         64    322 PM  73    1999  47     17       26
  MINIMUM         23   1207 AM  -4    2011  28     -5       15
  AVERAGE         44                        38      6       21

PRECIPITATION (IN)
  YESTERDAY        0.00          1.32 1985   0.14  -0.14     0.05
  MONTH TO DATE    0.64                      1.41  -0.77     0.45
  SINCE DEC 1      9.15                      9.68  -0.53    10.42
  SINCE JAN 1      3.14                      5.09  -1.95     3.00

SNOWFALL (IN)
  YESTERDAY        0.0           2.9  1986   0.2   -0.2      0.5
  MONTH TO DATE    T                         1.3   -1.3      1.2
  SINCE DEC 1      0.2                       6.5   -6.3      9.6
  SINCE JUL 1      0.2                       6.6   -6.4      9.6
  SNOW DEPTH       0

DEGREE DAYS
 HEATING
  YESTERDAY       21                        27     -6       44
  MONTH TO DATE  238                       282    -44      260
  SINCE DEC 1   1758                      2078   -320     1689
  SINCE JUL 1   2259                      2855   -596     2233

 COOLING
  YESTERDAY        0                         0      0        0
  MONTH TO DATE    0                         0      0        0
  SINCE DEC 1      0                         0      0        6
  SINCE JAN 1      0                         0      0        0
..................................................................


WIND (MPH)
  HIGHEST WIND SPEED    26   HIGHEST WIND DIRECTION    SW (230)
  HIGHEST GUST SPEED    39   HIGHEST GUST DIRECTION    SW (240)
  AVERAGE WIND SPEED    11.2


SKY COVER
  POSSIBLE SUNSHINE  MM
  AVERAGE SKY COVER 0.0


WEATHER CONDITIONS
 THE FOLLOWING WEATHER WAS RECORDED YESTERDAY.
  NO SIGNIFICANT WEATHER WAS OBSERVED.


RELATIVE HUMIDITY (PERCENT)
 HIGHEST    74          1200 AM
 LOWEST     26           300 PM
 AVERAGE    50

..........................................................


THE PADUCAH KY CLIMATE NORMALS FOR TODAY
                         NORMAL    RECORD    YEAR
 MAXIMUM TEMPERATURE (F)   48        73      1999
 MINIMUM TEMPERATURE (F)   28         2      2011


SUNRISE AND SUNSET
FEBRUARY 11 2017......SUNRISE   648 AM CST   SUNSET   531 PM CST
FEBRUARY 12 2017......SUNRISE   647 AM CST   SUNSET   532 PM CST


-  INDICATES NEGATIVE NUMBERS.
R  INDICATES RECORD WAS SET OR TIED.
MM INDICATES DATA IS MISSING.
T  INDICATES TRACE AMOUNT.

&&
.........................................................
***** AGRICULTURAL DATA *****

SOIL TEMPERATURES AT A DEPTH OF FOUR INCHES

UNDER GRASS...  MAX: 45    MIN: 43


$$
