000
CDUS43 KPAH 030634
CLIPAH


CLIMATE REPORT
NATIONAL WEATHER SERVICE PADUCAH KY
129 AM CDT THU AUG 3 2017


...................................

...THE PADUCAH KY CLIMATE SUMMARY FOR AUGUST 2 2017...

CLIMATE NORMAL PERIOD 1981 TO 2010
CLIMATE RECORD PERIOD 1937 TO 2017


WEATHER ITEM   OBSERVED TIME   RECORD YEAR NORMAL DEPARTURE LAST
                VALUE   (LST)  VALUE       VALUE  FROM      YEAR
                                                  NORMAL
..................................................................
TEMPERATURE (F)
 YESTERDAY
  MAXIMUM         90    229 PM 102    1947  89      1       91
                                      1942
                                      1941
  MINIMUM         66    127 AM  58    1977  68     -2       72
  AVERAGE         78                        78      0       82

PRECIPITATION (IN)
  YESTERDAY        0.00          1.47 1978   0.11  -0.11     0.00
  MONTH TO DATE    0.00                      0.22  -0.22     1.91
  SINCE JUN 1      8.82                      8.72   0.10    11.78
  SINCE JAN 1     31.17                     29.94   1.23    34.98

SNOWFALL (IN)
  YESTERDAY        0.0           0.0  2002   0.0    0.0      0.0
                                      2001
  MONTH TO DATE    0.0                       0.0    0.0      0.0
  SINCE JUN 1      0.0                       0.0    0.0      0.0
  SINCE JUL 1      0.0                       0.0    0.0      0.0
  SNOW DEPTH       0

DEGREE DAYS
 HEATING
  YESTERDAY        0                         0      0        0
  MONTH TO DATE    0                         0      0        0
  SINCE JUN 1      0                         4     -4        0
  SINCE JUL 1      0                         0      0        0

 COOLING
  YESTERDAY       13                        13      0       17
  MONTH TO DATE   25                        27     -2       32
  SINCE JUN 1    844                       778     66      953
  SINCE JAN 1   1075                       950    125     1103
..................................................................


WIND (MPH)
  HIGHEST WIND SPEED    13   HIGHEST WIND DIRECTION    SW (240)
  HIGHEST GUST SPEED    24   HIGHEST GUST DIRECTION    SW (210)
  AVERAGE WIND SPEED     4.5


SKY COVER
  POSSIBLE SUNSHINE  MM
  AVERAGE SKY COVER 0.0


WEATHER CONDITIONS
 THE FOLLOWING WEATHER WAS RECORDED YESTERDAY.
  FOG


RELATIVE HUMIDITY (PERCENT)
 HIGHEST    93           100 AM
 LOWEST     41           400 PM
 AVERAGE    67

..........................................................


THE PADUCAH KY CLIMATE NORMALS FOR TODAY
                         NORMAL    RECORD    YEAR
 MAXIMUM TEMPERATURE (F)   89       104      2010
                                             1947
 MINIMUM TEMPERATURE (F)   68        55      1965
                                             1950


SUNRISE AND SUNSET
AUGUST  3 2017........SUNRISE   602 AM CDT   SUNSET   800 PM CDT
AUGUST  4 2017........SUNRISE   603 AM CDT   SUNSET   759 PM CDT


-  INDICATES NEGATIVE NUMBERS.
R  INDICATES RECORD WAS SET OR TIED.
MM INDICATES DATA IS MISSING.
T  INDICATES TRACE AMOUNT.


------------------------------------------------------------------

&&

***** AGRICULTURAL DATA *****

SOIL TEMPERATURES AT A DEPTH OF FOUR INCHES

UNDER GRASS... MAX: 81     MIN: 80

$$
