000
CDUS43 KPAH 070630
CLIPAH


CLIMATE REPORT
NATIONAL WEATHER SERVICE PADUCAH KY
1229 AM CST SAT JAN 7 2017


...................................

...THE PADUCAH KY CLIMATE SUMMARY FOR JANUARY 6 2017...

CLIMATE NORMAL PERIOD 1981 TO 2010
CLIMATE RECORD PERIOD 1937 TO 2017


WEATHER ITEM   OBSERVED TIME   RECORD YEAR NORMAL DEPARTURE LAST
                VALUE   (LST)  VALUE       VALUE  FROM      YEAR
                                                  NORMAL
..................................................................
TEMPERATURE (F)
 YESTERDAY
  MAXIMUM         21    217 PM  68    2008  43    -22       47
  MINIMUM         14   1159 PM  -2    1970  26    -12       23
                                      1940
  AVERAGE         18                        34    -16       35

PRECIPITATION (IN)
  YESTERDAY        T             1.22 1991   0.11  -0.11     0.00
  MONTH TO DATE    0.30                      0.73  -0.43     0.00
  SINCE DEC 1      6.31                      5.32   0.99     7.42
  SINCE JAN 1      0.30                      0.73  -0.43     0.00

SNOWFALL (IN)
  YESTERDAY        T             4.1  1996   0.0    0.0      0.0
  MONTH TO DATE    0.2                       0.5   -0.3      0.0
  SINCE DEC 1      0.2                       2.7   -2.5      0.0
  SINCE JUL 1      0.2                       2.8   -2.6      0.0
  SNOW DEPTH       0

DEGREE DAYS
 HEATING
  YESTERDAY       47                        31     16       30
  MONTH TO DATE  174                       183     -9      184
  SINCE DEC 1   1000                      1037    -37      683
  SINCE JUL 1   1501                      1814   -313     1227

 COOLING
  YESTERDAY        0                         0      0        0
  MONTH TO DATE    0                         0      0        0
  SINCE DEC 1      0                         0      0        6
  SINCE JAN 1      0                         0      0        0
..................................................................


WIND (MPH)
  HIGHEST WIND SPEED    16   HIGHEST WIND DIRECTION     N (10)
  HIGHEST GUST SPEED    20   HIGHEST GUST DIRECTION     N (360)
  AVERAGE WIND SPEED     9.7


SKY COVER
  POSSIBLE SUNSHINE  MM
  AVERAGE SKY COVER 0.6


WEATHER CONDITIONS
 THE FOLLOWING WEATHER WAS RECORDED YESTERDAY.
  LIGHT SNOW
  HAZE


RELATIVE HUMIDITY (PERCENT)
 HIGHEST    74          1000 AM
 LOWEST     49           300 PM
 AVERAGE    62

..........................................................


THE PADUCAH KY CLIMATE NORMALS FOR TODAY
                         NORMAL    RECORD    YEAR
 MAXIMUM TEMPERATURE (F)   43        70      2008
 MINIMUM TEMPERATURE (F)   26        -2      1970


SUNRISE AND SUNSET
JANUARY  7 2017.......SUNRISE   709 AM CST   SUNSET   454 PM CST
JANUARY  8 2017.......SUNRISE   709 AM CST   SUNSET   455 PM CST


-  INDICATES NEGATIVE NUMBERS.
R  INDICATES RECORD WAS SET OR TIED.
MM INDICATES DATA IS MISSING.
T  INDICATES TRACE AMOUNT.

&&
.........................................................
***** AGRICULTURAL DATA *****

SOIL TEMPERATURES AT A DEPTH OF FOUR INCHES

UNDER GRASS...  MAX: 46    MIN: 43


$$
