000
CDUS43 KPAH 192139
CLIPAH


CLIMATE REPORT
NATIONAL WEATHER SERVICE PADUCAH KY
433 PM CDT TUE MAY 19 2015


...................................

...THE PADUCAH KY CLIMATE SUMMARY FOR MAY 19 2015...
VALID TODAY AS OF 0400 PM LOCAL TIME.

CLIMATE NORMAL PERIOD 1981 TO 2010
CLIMATE RECORD PERIOD 1937 TO 2015


WEATHER ITEM   OBSERVED TIME   RECORD YEAR NORMAL DEPARTURE LAST
                VALUE   (LST)  VALUE       VALUE  FROM      YEAR
                                                  NORMAL
..................................................................
TEMPERATURE (F)
 TODAY
  MAXIMUM         75    257 PM  92    1987  79     -4       80
  MINIMUM         59    544 AM  39    2002  57      2       48
  AVERAGE         67                        68     -1       64

PRECIPITATION (IN)
  TODAY            T             1.40 1947   0.14  -0.14     0.00
  MONTH TO DATE    2.20                      3.20  -1.00     2.05
  SINCE MAR 1     16.82                     11.89   4.93    14.17
  SINCE JAN 1     24.11                     19.48   4.63    19.35

SNOWFALL (IN)
  TODAY            0.0                                       0.0
  MONTH TO DATE    0.0                                       0.0
  SINCE JUL 1     28.6                                      18.5
  SNOW DEPTH       0

..................................................................


WIND (MPH)
  HIGHEST WIND SPEED    15   HIGHEST WIND DIRECTION    NE (30)
  HIGHEST GUST SPEED    18   HIGHEST GUST DIRECTION     N (10)




RELATIVE HUMIDITY (PERCENT)
 HIGHEST    93
 LOWEST     46

..........................................................


THE PADUCAH KY CLIMATE NORMALS FOR TOMORROW
                         NORMAL    RECORD    YEAR
 MAXIMUM TEMPERATURE (F)   79        94      1987
 MINIMUM TEMPERATURE (F)   58        44      2002


SUNRISE AND SUNSET
MAY 19 2015...........SUNRISE   544 AM CDT   SUNSET   800 PM CDT
MAY 20 2015...........SUNRISE   543 AM CDT   SUNSET   800 PM CDT


-  INDICATES NEGATIVE NUMBERS.
R  INDICATES RECORD WAS SET OR TIED.
MM INDICATES DATA IS MISSING.
T  INDICATES TRACE AMOUNT.




$$
