000
CDUS43 KPAH 230641
CLIPAH

CLIMATE REPORT
NATIONAL WEATHER SERVICE PADUCAH KY
137 AM CDT TUE SEP 23 2014

...................................

...THE PADUCAH KY CLIMATE SUMMARY FOR SEPTEMBER 22 2014...

CLIMATE NORMAL PERIOD 1981 TO 2010
CLIMATE RECORD PERIOD 1937 TO 2014

WEATHER ITEM   OBSERVED TIME   RECORD YEAR NORMAL DEPARTURE LAST
                VALUE   (LST)  VALUE       VALUE  FROM      YEAR
                                                  NORMAL
..................................................................
TEMPERATURE (F)
 YESTERDAY
  MAXIMUM         77    313 PM  98    1940  80     -3       77
  MINIMUM         50   1154 PM  38    1999  55     -5       49
  AVERAGE         64                        67     -3       63

PRECIPITATION (IN)
  YESTERDAY        0.00          4.85 2006   0.13  -0.13     0.00
  MONTH TO DATE    0.91                      2.66  -1.75     1.05
  SINCE SEP 1      0.91                      2.66  -1.75     1.05
  SINCE JAN 1     37.68                     35.14   2.54    41.82

SNOWFALL (IN)
  YESTERDAY        0.0           0.0  2002   0.0    0.0      0.0
                                      2001
  MONTH TO DATE    0.0                       0.0    0.0      0.0
  SINCE SEP 1      0.0                       0.0    0.0      0.0
  SINCE JUL 1      0.0                       0.0    0.0      0.0
  SNOW DEPTH       0

DEGREE DAYS
 HEATING
  YESTERDAY        1                         2     -1        2
  MONTH TO DATE   18                        13      5        4
  SINCE SEP 1     18                        13      5        4
  SINCE JUL 1     18                        14      4        4

 COOLING
  YESTERDAY        0                         4     -4        0
  MONTH TO DATE  171                       159     12      205
  SINCE SEP 1    171                       159     12      205
  SINCE JAN 1   1642                      1472    170     1379
..................................................................

WIND (MPH)
  HIGHEST WIND SPEED    15   HIGHEST WIND DIRECTION     N (350)
  HIGHEST GUST SPEED    18   HIGHEST GUST DIRECTION     N (20)
  AVERAGE WIND SPEED     4.4

SKY COVER
  POSSIBLE SUNSHINE  MM
  AVERAGE SKY COVER 0.0

WEATHER CONDITIONS
 THE FOLLOWING WEATHER WAS RECORDED YESTERDAY.
  NO SIGNIFICANT WEATHER WAS OBSERVED.

RELATIVE HUMIDITY (PERCENT)
 HIGHEST    83           400 AM
 LOWEST     33           200 PM
 AVERAGE    58
..........................................................

THE PADUCAH KY CLIMATE NORMALS FOR TODAY
                         NORMAL    RECORD    YEAR
 MAXIMUM TEMPERATURE (F)   79        95      2007
 MINIMUM TEMPERATURE (F)   55        37      1995

SUNRISE AND SUNSET
SEPTEMBER 23 2014.....SUNRISE   644 AM CDT   SUNSET   650 PM CDT
SEPTEMBER 24 2014.....SUNRISE   645 AM CDT   SUNSET   649 PM CDT

-  INDICATES NEGATIVE NUMBERS.
R  INDICATES RECORD WAS SET OR TIED.
MM INDICATES DATA IS MISSING.
T  INDICATES TRACE AMOUNT.

&&
..........................................................

***** AGRICULTURAL DATA *****

SOIL TEMPERATURES AT A DEPTH OF FOUR INCHES

UNDER BARE GROUND...  MAX: MM  MIN: MM
UNDER GRASS.........  MAX: 72  MIN: 71

$$
