000
CDUS43 KPAH 070632
CLIPAH


CLIMATE REPORT
NATIONAL WEATHER SERVICE PADUCAH KY
127 AM CDT SAT OCT 7 2017


...................................

...THE PADUCAH KY CLIMATE SUMMARY FOR OCTOBER 6 2017...

CLIMATE NORMAL PERIOD 1981 TO 2010
CLIMATE RECORD PERIOD 1937 TO 2017


WEATHER ITEM   OBSERVED TIME   RECORD YEAR NORMAL DEPARTURE LAST
                VALUE   (LST)  VALUE       VALUE  FROM      YEAR
                                                  NORMAL
..................................................................
TEMPERATURE (F)
 YESTERDAY
  MAXIMUM         86    300 PM  95    1938  74     12       88
  MINIMUM         64    427 AM  33    1988  49     15       60
                                      1985
                                      1980
  AVERAGE         75                        62     13       74

PRECIPITATION (IN)
  YESTERDAY        0.00          4.03 1998   0.14  -0.14     0.00
  MONTH TO DATE    0.00                      0.83  -0.83      T
  SINCE SEP 1      2.55                      4.58  -2.03     0.83
  SINCE JAN 1     35.68                     37.06  -1.38    43.50

SNOWFALL (IN)
  YESTERDAY        0.0           0.0  2002   0.0    0.0      0.0
                                      2001
  MONTH TO DATE    0.0                       0.0    0.0      0.0
  SINCE SEP 1      0.0                       0.0    0.0      0.0
  SINCE JUL 1      0.0                       0.0    0.0      0.0
  SNOW DEPTH       0

DEGREE DAYS
 HEATING
  YESTERDAY        0                         5     -5        0
  MONTH TO DATE    0                        27    -27        0
  SINCE SEP 1     11                        65    -54       14
  SINCE JUL 1     11                        66    -55       14

 COOLING
  YESTERDAY       10                         2      8        9
  MONTH TO DATE   47                        13     34       26
  SINCE SEP 1    263                       200     63      310
  SINCE JAN 1   1637                      1513    124     1840
..................................................................


WIND (MPH)
  HIGHEST WIND SPEED    12   HIGHEST WIND DIRECTION    SW (220)
  HIGHEST GUST SPEED    17   HIGHEST GUST DIRECTION    SW (230)
  AVERAGE WIND SPEED     5.9


SKY COVER
  POSSIBLE SUNSHINE  MM
  AVERAGE SKY COVER 0.0


WEATHER CONDITIONS
 THE FOLLOWING WEATHER WAS RECORDED YESTERDAY.
  NO SIGNIFICANT WEATHER WAS OBSERVED.


RELATIVE HUMIDITY (PERCENT)
 HIGHEST    78           400 AM
 LOWEST     34           300 PM
 AVERAGE    56

..........................................................


THE PADUCAH KY CLIMATE NORMALS FOR TODAY
                         NORMAL    RECORD    YEAR
 MAXIMUM TEMPERATURE (F)   74        92      2007
 MINIMUM TEMPERATURE (F)   49        29      1952


SUNRISE AND SUNSET
OCTOBER  7 2017.......SUNRISE   656 AM CDT   SUNSET   629 PM CDT
OCTOBER  8 2017.......SUNRISE   657 AM CDT   SUNSET   628 PM CDT


-  INDICATES NEGATIVE NUMBERS.
R  INDICATES RECORD WAS SET OR TIED.
MM INDICATES DATA IS MISSING.
T  INDICATES TRACE AMOUNT.

&&
..............................................

     ***** AGRICULTURAL DATA *****

SOIL TEMPERATURES AT A DEPTH OF FOUR INCHES

UNDER GRASS... MAX: 73     MIN: 72



$$
