000
CDUS43 KPAH 280630
CLIPAH


CLIMATE REPORT
NATIONAL WEATHER SERVICE PADUCAH KY
1228 AM CST THU JAN 28 2016


...................................

...THE PADUCAH KY CLIMATE SUMMARY FOR JANUARY 27 2016...

CLIMATE NORMAL PERIOD 1981 TO 2010
CLIMATE RECORD PERIOD 1937 TO 2016


WEATHER ITEM   OBSERVED TIME   RECORD YEAR NORMAL DEPARTURE LAST
                VALUE   (LST)  VALUE       VALUE  FROM      YEAR
                                                  NORMAL
..................................................................
TEMPERATURE (F)
 YESTERDAY
  MAXIMUM         42    420 PM  70    1947  44     -2       45
  MINIMUM         26   1128 PM  -5    1940  26      0       28
  AVERAGE         34                        35     -1       37

PRECIPITATION (IN)
  YESTERDAY        0.00          2.49 2009   0.12  -0.12     0.00
  MONTH TO DATE    2.53                      3.18  -0.65     2.56
  SINCE DEC 1      9.95                      7.77   2.18     5.45
  SINCE JAN 1      2.53                      3.18  -0.65     2.56

SNOWFALL (IN)
  YESTERDAY        0.0           3.8  1985   0.1   -0.1      0.0
  MONTH TO DATE    8.4                       2.5    5.9      0.5
  SINCE DEC 1      8.4                       4.7    3.7      0.7
  SINCE JUL 1      8.4                       4.8    3.6      3.5
  SNOW DEPTH       0

DEGREE DAYS
 HEATING
  YESTERDAY       31                        30      1       28
  MONTH TO DATE  861                       827     34      845
  SINCE DEC 1   1360                      1681   -321     1591
  SINCE JUL 1   1904                      2458   -554     2528

 COOLING
  YESTERDAY        0                         0      0        0
  MONTH TO DATE    0                         0      0        0
  SINCE DEC 1      6                         0      6        0
  SINCE JAN 1      0                         0      0        0
..................................................................


WIND (MPH)
  HIGHEST WIND SPEED    15   HIGHEST WIND DIRECTION     N (20)
  HIGHEST GUST SPEED    18   HIGHEST GUST DIRECTION    NE (30)
  AVERAGE WIND SPEED     4.8


SKY COVER
  POSSIBLE SUNSHINE  MM
  AVERAGE SKY COVER 0.4


WEATHER CONDITIONS
 THE FOLLOWING WEATHER WAS RECORDED YESTERDAY.
  NO SIGNIFICANT WEATHER WAS OBSERVED.


RELATIVE HUMIDITY (PERCENT)
 HIGHEST    75           500 AM
 LOWEST     46           400 PM
 AVERAGE    61

..........................................................


THE PADUCAH KY CLIMATE NORMALS FOR TODAY
                         NORMAL    RECORD    YEAR
 MAXIMUM TEMPERATURE (F)   44        71      1975
 MINIMUM TEMPERATURE (F)   26        -4      1963


SUNRISE AND SUNSET
JANUARY 28 2016.......SUNRISE   701 AM CST   SUNSET   515 PM CST
JANUARY 29 2016.......SUNRISE   700 AM CST   SUNSET   516 PM CST


-  INDICATES NEGATIVE NUMBERS.
R  INDICATES RECORD WAS SET OR TIED.
MM INDICATES DATA IS MISSING.
T  INDICATES TRACE AMOUNT.


&&
.......................................................
***** AGRICULTURAL DATA *****

SOIL TEMPERATURES AT A DEPTH OF FOUR INCHES

UNDER GRASS...  MAX: 39  MIN: 38

$$
