000
CDUS43 KPAH 232238
CLIPAH


CLIMATE REPORT
NATIONAL WEATHER SERVICE PADUCAH KY
435 PM CST MON FEB 23 2015


...................................

...THE PADUCAH KY CLIMATE SUMMARY FOR FEBRUARY 23 2015...
VALID TODAY AS OF 0400 PM LOCAL TIME.

CLIMATE NORMAL PERIOD 1981 TO 2010
CLIMATE RECORD PERIOD 1937 TO 2015


WEATHER ITEM   OBSERVED TIME   RECORD YEAR NORMAL DEPARTURE LAST
                VALUE   (LST)  VALUE       VALUE  FROM      YEAR
                                                  NORMAL
..................................................................
TEMPERATURE (F)
 TODAY
  MAXIMUM         22    359 PM  75    1982  52    -30       49
  MINIMUM         13R   815 AM  13    1968  32    -19       29
  AVERAGE                                   42              39

PRECIPITATION (IN)
  TODAY            0.00          1.68 1962   0.14  -0.14      T
  MONTH TO DATE    4.73                      3.22   1.51     3.15
  SINCE DEC 1     10.18                     11.49  -1.31    13.32
  SINCE JAN 1      7.29                      6.90   0.39     5.18

SNOWFALL (IN)
  TODAY            0.0                                        T
  MONTH TO DATE   13.0                                       6.6
  SINCE JUL 1     16.5                                      12.9
  SNOW DEPTH       4

..................................................................


WIND (MPH)
  HIGHEST WIND SPEED    25   HIGHEST WIND DIRECTION     N (10)
  HIGHEST GUST SPEED    32   HIGHEST GUST DIRECTION     N (10)




RELATIVE HUMIDITY (PERCENT)
 HIGHEST    64
 LOWEST     49

..........................................................


THE PADUCAH KY CLIMATE NORMALS FOR TOMORROW
                         NORMAL    RECORD    YEAR
 MAXIMUM TEMPERATURE (F)   52        73      2000
 MINIMUM TEMPERATURE (F)   32         9      1967


SUNRISE AND SUNSET
FEBRUARY 23 2015......SUNRISE   634 AM CST   SUNSET   543 PM CST
FEBRUARY 24 2015......SUNRISE   633 AM CST   SUNSET   544 PM CST


-  INDICATES NEGATIVE NUMBERS.
R  INDICATES RECORD WAS SET OR TIED.
MM INDICATES DATA IS MISSING.
T  INDICATES TRACE AMOUNT.




$$
