000
CDUS43 KPAH 070630
CLIPAH


CLIMATE REPORT
NATIONAL WEATHER SERVICE PADUCAH KY
1226 AM CST SUN JAN 7 2018

...................................

...THE PADUCAH KY CLIMATE SUMMARY FOR JANUARY 6 2018...

CLIMATE NORMAL PERIOD 1981 TO 2010
CLIMATE RECORD PERIOD 1937 TO 2018

WEATHER ITEM   OBSERVED TIME   RECORD YEAR NORMAL DEPARTURE LAST
                VALUE   (LST)  VALUE       VALUE  FROM      YEAR
                                                  NORMAL
..................................................................
TEMPERATURE (F)
 YESTERDAY
  MAXIMUM         27    312 PM  68    2008  43    -16       21
  MINIMUM          7    709 AM  -2    1970  26    -19       14
                                      1940
  AVERAGE         17                        34    -17       18

PRECIPITATION (IN)
  YESTERDAY        0.00          1.22 1991   0.11  -0.11      T
  MONTH TO DATE    T                         0.73  -0.73     0.30
  SINCE DEC 1      3.27                      5.32  -2.05     6.31
  SINCE JAN 1      T                         0.73  -0.73     0.30

SNOWFALL (IN)
  YESTERDAY        0.0           4.1  1996   0.0    0.0       T
  MONTH TO DATE    T                         0.5   -0.5      0.2
  SINCE DEC 1      T                         2.7   -2.7      0.2
  SINCE JUL 1      T                         2.8   -2.8      0.2
  SNOW DEPTH       0

DEGREE DAYS
 HEATING
  YESTERDAY       48                        31     17       47
  MONTH TO DATE  293                       183    110      174
  SINCE DEC 1   1144                      1037    107     1000
  SINCE JUL 1   1827                      1814     13     1501

 COOLING
  YESTERDAY        0                         0      0        0
  MONTH TO DATE    0                         0      0        0
  SINCE DEC 1      0                         0      0        0
  SINCE JAN 1      0                         0      0        0
..................................................................

WIND (MPH)
  HIGHEST WIND SPEED    13   HIGHEST WIND DIRECTION    NE (40)
  HIGHEST GUST SPEED    16   HIGHEST GUST DIRECTION    NE (40)
  AVERAGE WIND SPEED     6.7

SKY COVER
  POSSIBLE SUNSHINE  MM
  AVERAGE SKY COVER 0.2

WEATHER CONDITIONS
 THE FOLLOWING WEATHER WAS RECORDED YESTERDAY.
  NO SIGNIFICANT WEATHER WAS OBSERVED.

RELATIVE HUMIDITY (PERCENT)
 HIGHEST    69           600 AM
 LOWEST     25           200 PM
 AVERAGE    47
..........................................................

THE PADUCAH KY CLIMATE NORMALS FOR TODAY
                         NORMAL    RECORD    YEAR
 MAXIMUM TEMPERATURE (F)   43        70      2008
 MINIMUM TEMPERATURE (F)   26        -2      1970

SUNRISE AND SUNSET
JANUARY  7 2018.......SUNRISE   709 AM CST   SUNSET   454 PM CST
JANUARY  8 2018.......SUNRISE   709 AM CST   SUNSET   455 PM CST

-  INDICATES NEGATIVE NUMBERS.
R  INDICATES RECORD WAS SET OR TIED.
MM INDICATES DATA IS MISSING.
T  INDICATES TRACE AMOUNT.

$$
