000
CDUS43 KPAH 080635
CLIPAH


CLIMATE REPORT
NATIONAL WEATHER SERVICE PADUCAH KY
133 AM CDT SAT APR 8 2017


...................................

...THE PADUCAH KY CLIMATE SUMMARY FOR APRIL 7 2017...

CLIMATE NORMAL PERIOD 1981 TO 2010
CLIMATE RECORD PERIOD 1937 TO 2017


WEATHER ITEM   OBSERVED TIME   RECORD YEAR NORMAL DEPARTURE LAST
                VALUE   (LST)  VALUE       VALUE  FROM      YEAR
                                                  NORMAL
..................................................................
TEMPERATURE (F)
 YESTERDAY
  MAXIMUM         64    326 PM  85    2001  67     -3       65
  MINIMUM         39   1159 PM  24    1990  44     -5       39
  AVERAGE         52                        55     -3       52

PRECIPITATION (IN)
  YESTERDAY        0.00          0.90 2010   0.14  -0.14     0.04
  MONTH TO DATE    0.25                      1.01  -0.76     0.17
  SINCE MAR 1      4.64                      4.94  -0.30     9.38
  SINCE JAN 1      9.47                     12.53  -3.06    14.84

SNOWFALL (IN)
  YESTERDAY        0.0           T    2006   0.0    0.0      0.0
                                      1982
  MONTH TO DATE    0.0                       0.0    0.0      0.0
  SINCE MAR 1      1.0                       0.6    0.4       T
  SINCE JUL 1      1.2                       9.1   -7.9     12.1
  SNOW DEPTH       0

DEGREE DAYS
 HEATING
  YESTERDAY       13                        10      3       13
  MONTH TO DATE   48                        79    -31       82
  SINCE MAR 1    484                       602   -118      441
  SINCE JUL 1   2963                      3898   -935     3103

 COOLING
  YESTERDAY        0                         1     -1        0
  MONTH TO DATE    1                         7     -6        0
  SINCE MAR 1      2                        14    -12        2
  SINCE JAN 1      2                        14    -12        2
..................................................................


WIND (MPH)
  HIGHEST WIND SPEED    17   HIGHEST WIND DIRECTION     N (350)
  HIGHEST GUST SPEED    22   HIGHEST GUST DIRECTION     N (340)
  AVERAGE WIND SPEED     6.2


SKY COVER
  POSSIBLE SUNSHINE  MM
  AVERAGE SKY COVER 0.0


WEATHER CONDITIONS
 THE FOLLOWING WEATHER WAS RECORDED YESTERDAY.
  NO SIGNIFICANT WEATHER WAS OBSERVED.


RELATIVE HUMIDITY (PERCENT)
 HIGHEST    70           600 AM
 LOWEST     23           200 PM
 AVERAGE    47

..........................................................


THE PADUCAH KY CLIMATE NORMALS FOR TODAY
                         NORMAL    RECORD    YEAR
 MAXIMUM TEMPERATURE (F)   67        85      1978
 MINIMUM TEMPERATURE (F)   44        21      2007


SUNRISE AND SUNSET
APRIL  8 2017.........SUNRISE   630 AM CDT   SUNSET   724 PM CDT
APRIL  9 2017.........SUNRISE   629 AM CDT   SUNSET   725 PM CDT


-  INDICATES NEGATIVE NUMBERS.
R  INDICATES RECORD WAS SET OR TIED.
MM INDICATES DATA IS MISSING.
T  INDICATES TRACE AMOUNT.




$$
