436
CDUS43 KPAH 160717
CLIPAH

CLIMATE REPORT
NATIONAL WEATHER SERVICE PADUCAH KY
145 AM CDT TUE MAY 16 2017


...................................

...THE PADUCAH KY CLIMATE SUMMARY FOR MAY 15 2017...

CLIMATE NORMAL PERIOD 1981 TO 2010
CLIMATE RECORD PERIOD 1937 TO 2017


WEATHER ITEM   OBSERVED TIME   RECORD YEAR NORMAL DEPARTURE LAST
                VALUE   (LST)  VALUE       VALUE  FROM      YEAR
                                                  NORMAL
..................................................................
TEMPERATURE (F)
 YESTERDAY
  MAXIMUM         85    259 PM  91    2001  78      7       69
  MINIMUM         56    458 AM  39    1997  56      0       40
  AVERAGE         71                        67      4       55

PRECIPITATION (IN)
  YESTERDAY        0.00          1.58 1986   0.16  -0.16     0.00
  MONTH TO DATE    3.54                      2.61   0.93     2.51
  SINCE MAR 1     16.11                     11.30   4.81    14.98
  SINCE JAN 1     20.94                     18.89   2.05    20.44

SNOWFALL (IN)
  YESTERDAY        0.0           0.0  2002   0.0    0.0      0.0
                                      2001
  MONTH TO DATE    0.0                       0.0    0.0      0.0
  SINCE MAR 1      1.0                       0.6    0.4       T
  SINCE JUL 1      1.2                       9.1   -7.9     12.1
  SNOW DEPTH       0

DEGREE DAYS
 HEATING
  YESTERDAY        0                         2     -2       10
  MONTH TO DATE   57                        44     13       56
  SINCE MAR 1    597                       812   -215      595
  SINCE JUL 1   3076                      4108  -1032     3257

 COOLING
  YESTERDAY        6                         4      2        0
  MONTH TO DATE   36                        42     -6       34
  SINCE MAR 1    112                        84     28       70
  SINCE JAN 1    112                        84     28       70
..................................................................


WIND (MPH)
  HIGHEST WIND SPEED    13   HIGHEST WIND DIRECTION    SW (240)
  HIGHEST GUST SPEED    16   HIGHEST GUST DIRECTION    SW (210)
  AVERAGE WIND SPEED     3.4


SKY COVER
  POSSIBLE SUNSHINE  MM
  AVERAGE SKY COVER 0.0


WEATHER CONDITIONS
 THE FOLLOWING WEATHER WAS RECORDED YESTERDAY.
  FOG
  HAZE


RELATIVE HUMIDITY (PERCENT)
 HIGHEST    93           200 AM
 LOWEST     37           200 PM
 AVERAGE    65

..........................................................


THE PADUCAH KY CLIMATE NORMALS FOR TODAY
                         NORMAL    RECORD    YEAR
 MAXIMUM TEMPERATURE (F)   78        91      2001
 MINIMUM TEMPERATURE (F)   56        36      1997


SUNRISE AND SUNSET
MAY 16 2017...........SUNRISE   546 AM CDT   SUNSET   757 PM CDT
MAY 17 2017...........SUNRISE   545 AM CDT   SUNSET   758 PM CDT


-  INDICATES NEGATIVE NUMBERS.
R  INDICATES RECORD WAS SET OR TIED.
MM INDICATES DATA IS MISSING.
T  INDICATES TRACE AMOUNT.

&&

***** AGRICULTURAL DATA *****

SOIL TEMPERATURES AT A DEPTH OF FOUR INCHES

UNDER GRASS...  MAX: 67    MIN: 66


$$
