000
CDUS43 KPAH 120629
CLIPAH

CLIMATE REPORT
NATIONAL WEATHER SERVICE PADUCAH KY
127 AM CDT SAT APR 12 2014

...................................

...THE PADUCAH KY CLIMATE SUMMARY FOR APRIL 11 2014...

CLIMATE NORMAL PERIOD 1981 TO 2010
CLIMATE RECORD PERIOD 1937 TO 2014

WEATHER ITEM   OBSERVED TIME   RECORD YEAR NORMAL DEPARTURE LAST
                VALUE   (LST)  VALUE       VALUE  FROM      YEAR
                                                  NORMAL
..................................................................
TEMPERATURE (F)
 YESTERDAY
  MAXIMUM         75   1234 PM  87    2001  68      7       67
  MINIMUM         56    941 PM  25    1989  45     11       43
  AVERAGE         66                        56     10       55

PRECIPITATION (IN)
  YESTERDAY        0.04          2.67 1944   0.14  -0.10     0.90
  MONTH TO DATE    3.19                      1.59   1.60     1.58
  SINCE MAR 1      6.84                      5.52   1.32     5.60
  SINCE JAN 1     12.02                     13.11  -1.09    17.35

SNOWFALL (IN)
  YESTERDAY        0.0           T    1990   0.0    0.0      0.0
  MONTH TO DATE    0.0                       0.0    0.0      0.0
  SINCE MAR 1      5.6                       0.6    5.0      0.7
  SINCE JUL 1     18.5                       9.1    9.4      6.8
  SNOW DEPTH       0

DEGREE DAYS
 HEATING
  YESTERDAY        0                         9     -9       10
  MONTH TO DATE   82                       118    -36      117
  SINCE MAR 1    728                       641     87      832
  SINCE JUL 1   4383                      3937    446     3943

 COOLING
  YESTERDAY        1                         1      0        0
  MONTH TO DATE   13                        11      2       14
  SINCE MAR 1     13                        18     -5       14
  SINCE JAN 1     13                        18     -5       14
..................................................................

WIND (MPH)
  HIGHEST WIND SPEED    20   HIGHEST WIND DIRECTION     W (250)
  HIGHEST GUST SPEED    24   HIGHEST GUST DIRECTION     W (250)
  AVERAGE WIND SPEED     7.0

SKY COVER
  POSSIBLE SUNSHINE  MM
  AVERAGE SKY COVER 0.2

WEATHER CONDITIONS
 THE FOLLOWING WEATHER WAS RECORDED YESTERDAY.
  THUNDERSTORM
  LIGHT RAIN
  FOG
  HAZE

RELATIVE HUMIDITY (PERCENT)
 HIGHEST    93           900 PM
 LOWEST     40          1200 AM
 AVERAGE    67
..........................................................

THE PADUCAH KY CLIMATE NORMALS FOR TODAY
                         NORMAL    RECORD    YEAR
 MAXIMUM TEMPERATURE (F)   68        84      1977
                                             1941
 MINIMUM TEMPERATURE (F)   45        26      1990

SUNRISE AND SUNSET
APRIL 12 2014.........SUNRISE   625 AM CDT   SUNSET   727 PM CDT
APRIL 13 2014.........SUNRISE   624 AM CDT   SUNSET   728 PM CDT

-  INDICATES NEGATIVE NUMBERS.
R  INDICATES RECORD WAS SET OR TIED.
MM INDICATES DATA IS MISSING.
T  INDICATES TRACE AMOUNT.

&&
.........................................................
***** AGRICULTURAL DATA *****

SOIL TEMPERATURES AT A DEPTH OF FOUR INCHES

UNDER BARE GROUND...  MAX: MM  MIN: MM
UNDER GRASS.........  MAX: 55  MIN: 53

$$
