946
CDUS43 KPAH 162128
CLIPAH


CLIMATE REPORT
NATIONAL WEATHER SERVICE PADUCAH KY
425 PM CDT FRI JUN 16 2017

...................................

...THE PADUCAH KY CLIMATE SUMMARY FOR JUNE 16 2017...
VALID TODAY AS OF 0400 PM LOCAL TIME.

CLIMATE NORMAL PERIOD 1981 TO 2010
CLIMATE RECORD PERIOD 1937 TO 2017

WEATHER ITEM   OBSERVED TIME   RECORD YEAR NORMAL DEPARTURE LAST
                VALUE   (LST)  VALUE       VALUE  FROM      YEAR
                                                  NORMAL
..................................................................
TEMPERATURE (F)
 TODAY
  MAXIMUM         89    120 PM 100    2016  87      2      100
  MINIMUM         72    509 AM  51    1961  65      7       71
  AVERAGE         81                        76      5       86

PRECIPITATION (IN)
  TODAY            0.00          1.53 1976   0.13  -0.13     0.00
  MONTH TO DATE    1.85                      2.13  -0.28     1.59
  SINCE JUN 1      1.85                      2.13  -0.28     1.59
  SINCE JAN 1     24.20                     23.35   0.85    24.79

SNOWFALL (IN)
  TODAY            0.0                                       0.0
  MONTH TO DATE    0.0                                       0.0
  SINCE JUL 1      1.2                                      12.1
  SNOW DEPTH       0
..................................................................

WIND (MPH)
  HIGHEST WIND SPEED    13   HIGHEST WIND DIRECTION    SE (140)
  HIGHEST GUST SPEED    16   HIGHEST GUST DIRECTION    SE (140)

RELATIVE HUMIDITY (PERCENT)
 HIGHEST    93
 LOWEST     52
..........................................................

THE PADUCAH KY CLIMATE NORMALS FOR TOMORROW
                         NORMAL    RECORD    YEAR
 MAXIMUM TEMPERATURE (F)   87        98      1946
 MINIMUM TEMPERATURE (F)   66        51      1989
                                             1974
                                             1961

SUNRISE AND SUNSET
JUNE 16 2017..........SUNRISE   535 AM CDT   SUNSET   817 PM CDT
JUNE 17 2017..........SUNRISE   535 AM CDT   SUNSET   817 PM CDT

-  INDICATES NEGATIVE NUMBERS.
R  INDICATES RECORD WAS SET OR TIED.
MM INDICATES DATA IS MISSING.
T  INDICATES TRACE AMOUNT.

$$
