000
CDUS43 KPAH 150640
CLIPAH


CLIMATE REPORT
NATIONAL WEATHER SERVICE PADUCAH KY
140 AM CDT FRI APR 15 2016


...................................

...THE PADUCAH KY CLIMATE SUMMARY FOR APRIL 14 2016...

CLIMATE NORMAL PERIOD 1981 TO 2010
CLIMATE RECORD PERIOD 1937 TO 2016


WEATHER ITEM   OBSERVED TIME   RECORD YEAR NORMAL DEPARTURE LAST
                VALUE   (LST)  VALUE       VALUE  FROM      YEAR
                                                  NORMAL
..................................................................
TEMPERATURE (F)
 YESTERDAY
  MAXIMUM         74    308 PM  87    2006  69      5       66
                                      1941
  MINIMUM         51    615 AM  25    1950  46      5       52
  AVERAGE         63                        58      5       59

PRECIPITATION (IN)
  YESTERDAY        T             1.00 2015   0.15  -0.15     1.00
  MONTH TO DATE    0.72                      2.03  -1.31     4.91
  SINCE MAR 1      9.93                      5.96   3.97    13.64
  SINCE JAN 1     15.39                     13.55   1.84    20.93

SNOWFALL (IN)
  YESTERDAY        0.0           T    1980   0.0    0.0      0.0
  MONTH TO DATE    0.0                       0.0    0.0      0.0
  SINCE MAR 1      T                         0.6   -0.6     12.1
  SINCE JUL 1     12.1                       9.1    3.0     28.6
  SNOW DEPTH       0

DEGREE DAYS
 HEATING
  YESTERDAY        2                         9     -7        6
  MONTH TO DATE  162                       145     17       67
  SINCE MAR 1    521                       668   -147      662
  SINCE JUL 1   3183                      3964   -781     4331

 COOLING
  YESTERDAY        0                         1     -1        0
  MONTH TO DATE    0                        14    -14       31
  SINCE MAR 1      2                        21    -19       32
  SINCE JAN 1      2                        21    -19       32
..................................................................


WIND (MPH)
  HIGHEST WIND SPEED    13   HIGHEST WIND DIRECTION     E (100)
  HIGHEST GUST SPEED    17   HIGHEST GUST DIRECTION    SE (120)
  AVERAGE WIND SPEED     5.6


SKY COVER
  POSSIBLE SUNSHINE  MM
  AVERAGE SKY COVER 0.7


WEATHER CONDITIONS
 THE FOLLOWING WEATHER WAS RECORDED YESTERDAY.
  NO SIGNIFICANT WEATHER WAS OBSERVED.


RELATIVE HUMIDITY (PERCENT)
 HIGHEST    84           900 PM
 LOWEST     44          1000 AM
 AVERAGE    64

..........................................................


THE PADUCAH KY CLIMATE NORMALS FOR TODAY
                         NORMAL    RECORD    YEAR
 MAXIMUM TEMPERATURE (F)   69        88      1977
 MINIMUM TEMPERATURE (F)   46        29      2008
                                             1950
                                             1943


SUNRISE AND SUNSET
APRIL 15 2016.........SUNRISE   620 AM CDT   SUNSET   730 PM CDT
APRIL 16 2016.........SUNRISE   619 AM CDT   SUNSET   731 PM CDT


-  INDICATES NEGATIVE NUMBERS.
R  INDICATES RECORD WAS SET OR TIED.
MM INDICATES DATA IS MISSING.
T  INDICATES TRACE AMOUNT.

&&
.........................................................

***** AGRICULTURAL DATA *****

SOIL TEMPERATURES AT A DEPTH OF FOUR INCHES

UNDER GRASS...  MAX: 54  MIN: 53

$$
