000
CDUS43 KPAH 170642
CLIPAH


CLIMATE REPORT
NATIONAL WEATHER SERVICE PADUCAH KY
1231 AM CST TUE FEB 17 2015


...................................

...THE PADUCAH KY CLIMATE SUMMARY FOR FEBRUARY 16 2015...

CLIMATE NORMAL PERIOD 1981 TO 2010
CLIMATE RECORD PERIOD 1937 TO 2015


WEATHER ITEM   OBSERVED TIME   RECORD YEAR NORMAL DEPARTURE LAST
                VALUE   (LST)  VALUE       VALUE  FROM      YEAR
                                                  NORMAL
..................................................................
TEMPERATURE (F)
 YESTERDAY
  MAXIMUM         23   1207 AM  71    1961  49    -26       40
  MINIMUM          9   1147 PM   1    1958  30    -21       21
  AVERAGE         16                        39    -23       31

PRECIPITATION (IN)
  YESTERDAY        1.11          1.35 1954   0.14   0.97     0.00
  MONTH TO DATE    2.01                      2.25  -0.24     2.57
  SINCE DEC 1      7.46                     10.52  -3.06    12.74
  SINCE JAN 1      4.57                      5.93  -1.36     4.60

SNOWFALL (IN)
  YESTERDAY       10.8 R         6.0  1967   0.1   10.7      0.0
  MONTH TO DATE   10.9                       2.0    8.9      6.6
  SINCE DEC 1     11.6                       7.2    4.4     12.9
  SINCE JUL 1     14.4                       7.3    7.1     12.9
  SNOW DEPTH       5

DEGREE DAYS
 HEATING
  YESTERDAY       49                        26     23       34
  MONTH TO DATE  507                       440     67      629
  SINCE DEC 1   2203                      2236    -33     2564
  SINCE JUL 1   3140                      3013    127     3366

 COOLING
  YESTERDAY        0                         0      0        0
  MONTH TO DATE    0                         0      0        0
  SINCE DEC 1      0                         0      0        0
  SINCE JAN 1      0                         0      0        0
..................................................................


WIND (MPH)
  HIGHEST WIND SPEED    21   HIGHEST WIND DIRECTION     N (10)
  HIGHEST GUST SPEED    26   HIGHEST GUST DIRECTION     N (10)
  AVERAGE WIND SPEED    10.6


SKY COVER
  POSSIBLE SUNSHINE  MM
  AVERAGE SKY COVER 0.8


WEATHER CONDITIONS
 THE FOLLOWING WEATHER WAS RECORDED YESTERDAY.
  HEAVY SNOW
  SNOW
  LIGHT SNOW
  FOG
  FOG W/VISIBILITY <= 1/4 MILE
  HAZE


RELATIVE HUMIDITY (PERCENT)
 HIGHEST    92           600 AM
 LOWEST     54          1200 AM
 AVERAGE    73

..........................................................


THE PADUCAH KY CLIMATE NORMALS FOR TODAY
                         NORMAL    RECORD    YEAR
 MAXIMUM TEMPERATURE (F)   50        70      1986
 MINIMUM TEMPERATURE (F)   30        -5      1958


SUNRISE AND SUNSET
FEBRUARY 17 2015......SUNRISE   642 AM CST   SUNSET   537 PM CST
FEBRUARY 18 2015......SUNRISE   640 AM CST   SUNSET   538 PM CST


-  INDICATES NEGATIVE NUMBERS.
R  INDICATES RECORD WAS SET OR TIED.
MM INDICATES DATA IS MISSING.
T  INDICATES TRACE AMOUNT.

.........................................................
***** AGRICULTURAL DATA *****

SOIL TEMPERATURES AT A DEPTH OF FOUR INCHES

UNDER GRASS...  MAX: 39  MIN: 38

$$
