000
CDUS43 KPAH 212235
CLIPAH


CLIMATE REPORT
NATIONAL WEATHER SERVICE PADUCAH KY
433 PM CST SAT FEB 21 2015


...................................

...THE PADUCAH KY CLIMATE SUMMARY FOR FEBRUARY 21 2015...
VALID TODAY AS OF 0400 PM LOCAL TIME.

CLIMATE NORMAL PERIOD 1981 TO 2010
CLIMATE RECORD PERIOD 1937 TO 2015


WEATHER ITEM   OBSERVED TIME   RECORD YEAR NORMAL DEPARTURE LAST
                VALUE   (LST)  VALUE       VALUE  FROM      YEAR
                                                  NORMAL
..................................................................
TEMPERATURE (F)
 TODAY
  MAXIMUM         35    359 PM  71    1983  51    -16       53
  MINIMUM         32   1222 AM   1    1963  31      1       39
  AVERAGE         34                        41     -7       46

PRECIPITATION (IN)
  TODAY            1.92          2.07 1974   0.14   1.78     0.00
  MONTH TO DATE    4.73                      2.94   1.79     3.15
  SINCE DEC 1     10.18                     11.21  -1.03    13.32
  SINCE JAN 1      7.29                      6.62   0.67     5.18

SNOWFALL (IN)
  TODAY           MM                                         0.0
  MONTH TO DATE   13.0                                       6.6
  SINCE JUL 1     16.5                                      12.9
  SNOW DEPTH       0

..................................................................


WIND (MPH)
  HIGHEST WIND SPEED    14   HIGHEST WIND DIRECTION     N (360)
  HIGHEST GUST SPEED    18   HIGHEST GUST DIRECTION    SE (140)




RELATIVE HUMIDITY (PERCENT)
 HIGHEST   100
 LOWEST     82

..........................................................


THE PADUCAH KY CLIMATE NORMALS FOR TOMORROW
                         NORMAL    RECORD    YEAR
 MAXIMUM TEMPERATURE (F)   51        72      1992
 MINIMUM TEMPERATURE (F)   31        -3      1963


SUNRISE AND SUNSET
FEBRUARY 21 2015......SUNRISE   637 AM CST   SUNSET   541 PM CST
FEBRUARY 22 2015......SUNRISE   636 AM CST   SUNSET   542 PM CST


-  INDICATES NEGATIVE NUMBERS.
R  INDICATES RECORD WAS SET OR TIED.
MM INDICATES DATA IS MISSING.
T  INDICATES TRACE AMOUNT.




$$
