000
CDUS43 KPAH 242133
CLIPAH


CLIMATE REPORT
NATIONAL WEATHER SERVICE PADUCAH KY
433 PM CDT SUN AUG 24 2014


...................................

...THE PADUCAH KY CLIMATE SUMMARY FOR AUGUST 24 2014...
VALID TODAY AS OF 0400 PM LOCAL TIME.

CLIMATE NORMAL PERIOD 1981 TO 2010
CLIMATE RECORD PERIOD 1937 TO 2014


WEATHER ITEM   OBSERVED TIME   RECORD YEAR NORMAL DEPARTURE LAST
                VALUE   (LST)  VALUE       VALUE  FROM      YEAR
                                                  NORMAL
..................................................................
TEMPERATURE (F)
 TODAY
  MAXIMUM         97    300 PM 101    2007  89      8       91
  MINIMUM         74        MM  54    2009  65      9       68
                                      1997
                                      1952
  AVERAGE         86                        77      9       80

PRECIPITATION (IN)
  TODAY            0.00          2.27 1982   0.08  -0.08     0.00
  MONTH TO DATE    3.13                      2.16   0.97     3.71
  SINCE JUN 1     11.86                     10.66   1.20    15.30
  SINCE JAN 1     32.05                     31.88   0.17    40.77

SNOWFALL (IN)
  TODAY            0.0                                       0.0
  MONTH TO DATE    0.0                                       0.0
  SINCE JUL 1      0.0                                       0.0
  SNOW DEPTH       0

..................................................................


WIND (MPH)
  HIGHEST WIND SPEED     9   HIGHEST WIND DIRECTION     W (250)
  HIGHEST GUST SPEED    16   HIGHEST GUST DIRECTION    SE (140)




RELATIVE HUMIDITY (PERCENT)
 HIGHEST    94
 LOWEST     51

..........................................................


THE PADUCAH KY CLIMATE NORMALS FOR TOMORROW
                         NORMAL    RECORD    YEAR
 MAXIMUM TEMPERATURE (F)   89       103      1943
 MINIMUM TEMPERATURE (F)   65        53      1984


SUNRISE AND SUNSET
AUGUST 24 2014........SUNRISE   619 AM CDT   SUNSET   735 PM CDT
AUGUST 25 2014........SUNRISE   620 AM CDT   SUNSET   734 PM CDT


-  INDICATES NEGATIVE NUMBERS.
R  INDICATES RECORD WAS SET OR TIED.
MM INDICATES DATA IS MISSING.
T  INDICATES TRACE AMOUNT.




$$
