000
CDUS43 KPAH 060645
CLIPAH


CLIMATE REPORT
NATIONAL WEATHER SERVICE PADUCAH KY
143 AM CDT WED SEP 6 2017


...................................

...THE PADUCAH KY CLIMATE SUMMARY FOR SEPTEMBER 5 2017...

CLIMATE NORMAL PERIOD 1981 TO 2010
CLIMATE RECORD PERIOD 1937 TO 2017


WEATHER ITEM   OBSERVED TIME   RECORD YEAR NORMAL DEPARTURE LAST
                VALUE   (LST)  VALUE       VALUE  FROM      YEAR
                                                  NORMAL
..................................................................
TEMPERATURE (F)
 YESTERDAY
  MAXIMUM         77    142 AM 104    1954  86     -9       90
  MINIMUM         53   1159 PM  45    1997  62     -9       70
  AVERAGE         65                        74     -9       80

PRECIPITATION (IN)
  YESTERDAY        0.47          7.49 1985   0.11   0.36     0.00
  MONTH TO DATE    1.32                      0.52   0.80     0.00
  SINCE SEP 1      1.32                      0.52   0.80     0.00
  SINCE JAN 1     34.45                     33.00   1.45    42.67

SNOWFALL (IN)
  YESTERDAY        0.0           0.0  2002   0.0    0.0      0.0
                                      2001
  MONTH TO DATE    0.0                       0.0    0.0      0.0
  SINCE SEP 1      0.0                       0.0    0.0      0.0
  SINCE JUL 1      0.0                       0.0    0.0      0.0
  SNOW DEPTH       0

DEGREE DAYS
 HEATING
  YESTERDAY        0                         0      0        0
  MONTH TO DATE    0                         0      0        0
  SINCE SEP 1      0                         0      0        0
  SINCE JUL 1      0                         1     -1        0

 COOLING
  YESTERDAY        0                         9     -9       15
  MONTH TO DATE   27                        48    -21       45
  SINCE SEP 1     27                        48    -21       45
  SINCE JAN 1   1401                      1361     40     1575
..................................................................


WIND (MPH)
  HIGHEST WIND SPEED    18   HIGHEST WIND DIRECTION     W (280)
  HIGHEST GUST SPEED    25   HIGHEST GUST DIRECTION     W (290)
  AVERAGE WIND SPEED     7.1


SKY COVER
  POSSIBLE SUNSHINE  MM
  AVERAGE SKY COVER 0.4


WEATHER CONDITIONS
 THE FOLLOWING WEATHER WAS RECORDED YESTERDAY.
  THUNDERSTORM
  HEAVY RAIN
  LIGHT RAIN
  FOG
  HAZE


RELATIVE HUMIDITY (PERCENT)
 HIGHEST    87           700 AM
 LOWEST     36           300 PM
 AVERAGE    62

..........................................................


THE PADUCAH KY CLIMATE NORMALS FOR TODAY
                         NORMAL    RECORD    YEAR
 MAXIMUM TEMPERATURE (F)   86       101      1954
 MINIMUM TEMPERATURE (F)   62        43      1988


SUNRISE AND SUNSET
SEPTEMBER  6 2017.....SUNRISE   630 AM CDT   SUNSET   716 PM CDT
SEPTEMBER  7 2017.....SUNRISE   631 AM CDT   SUNSET   714 PM CDT


-  INDICATES NEGATIVE NUMBERS.
R  INDICATES RECORD WAS SET OR TIED.
MM INDICATES DATA IS MISSING.
T  INDICATES TRACE AMOUNT.

&&
..............................................

     ***** AGRICULTURAL DATA *****

SOIL TEMPERATURES AT A DEPTH OF FOUR INCHES

UNDER GRASS... MAX: 75     MIN: 73


$$
