000
CDUS43 KPAH 010630
CLIPAH


CLIMATE REPORT
NATIONAL WEATHER SERVICE PADUCAH KY
1228 AM CST MON FEB 1 2016


...................................

...THE PADUCAH KY CLIMATE SUMMARY FOR JANUARY 31 2016...

CLIMATE NORMAL PERIOD 1981 TO 2010
CLIMATE RECORD PERIOD 1937 TO 2016


WEATHER ITEM   OBSERVED TIME   RECORD YEAR NORMAL DEPARTURE LAST
                VALUE   (LST)  VALUE       VALUE  FROM      YEAR
                                                  NORMAL
..................................................................
TEMPERATURE (F)
 YESTERDAY
  MAXIMUM         68R   143 PM  67    2002  45     23       45
                                      1989
  MINIMUM         50   1159 PM  -5    1965  26     24       25
  AVERAGE         59                        36     23       35

PRECIPITATION (IN)
  YESTERDAY        0.02          2.50 2002   0.13  -0.11     0.00
  MONTH TO DATE    2.55                      3.68  -1.13     2.56
  SINCE DEC 1      9.97                      8.27   1.70     5.45
  SINCE JAN 1      2.55                      3.68  -1.13     2.56

SNOWFALL (IN)
  YESTERDAY        0.0           3.7  1951   0.1   -0.1      0.0
  MONTH TO DATE    8.4                       3.0    5.4      0.5
  SINCE DEC 1      8.4                       5.2    3.2      0.7
  SINCE JUL 1      8.4                       5.3    3.1      3.5
  SNOW DEPTH       0

DEGREE DAYS
 HEATING
  YESTERDAY        6                        29    -23       30
  MONTH TO DATE  930                       946    -16      950
  SINCE DEC 1   1429                      1796   -367     1696
  SINCE JUL 1   1973                      2573   -600     2633

 COOLING
  YESTERDAY        0                         0      0        0
  MONTH TO DATE    0                         0      0        0
  SINCE DEC 1      6                         0      6        0
  SINCE JAN 1      0                         0      0        0
..................................................................


WIND (MPH)
  HIGHEST WIND SPEED    28   HIGHEST WIND DIRECTION    SW (230)
  HIGHEST GUST SPEED    39   HIGHEST GUST DIRECTION    SW (220)
  AVERAGE WIND SPEED    13.0


SKY COVER
  POSSIBLE SUNSHINE  MM
  AVERAGE SKY COVER 0.7


WEATHER CONDITIONS
 THE FOLLOWING WEATHER WAS RECORDED YESTERDAY.
  LIGHT RAIN


RELATIVE HUMIDITY (PERCENT)
 HIGHEST    77           600 AM
 LOWEST     58           100 PM
 AVERAGE    68

..........................................................


THE PADUCAH KY CLIMATE NORMALS FOR TODAY
                         NORMAL    RECORD    YEAR
 MAXIMUM TEMPERATURE (F)   45        70      1974
 MINIMUM TEMPERATURE (F)   27       -11      1951


SUNRISE AND SUNSET
FEBRUARY  1 2016......SUNRISE   658 AM CST   SUNSET   520 PM CST
FEBRUARY  2 2016......SUNRISE   657 AM CST   SUNSET   521 PM CST


-  INDICATES NEGATIVE NUMBERS.
R  INDICATES RECORD WAS SET OR TIED.
MM INDICATES DATA IS MISSING.
T  INDICATES TRACE AMOUNT.


&&

.......................................................
***** AGRICULTURAL DATA *****

SOIL TEMPERATURES AT A DEPTH OF FOUR INCHES

UNDER GRASS...  MAX: 43  MIN: 40

$$
