000
CDUS43 KPAH 150636
CLIPAH


CLIMATE REPORT
NATIONAL WEATHER SERVICE PADUCAH KY
134 AM CDT SUN MAY 15 2016


...................................

...THE PADUCAH KY CLIMATE SUMMARY FOR MAY 14 2016...

CLIMATE NORMAL PERIOD 1981 TO 2010
CLIMATE RECORD PERIOD 1937 TO 2016


WEATHER ITEM   OBSERVED TIME   RECORD YEAR NORMAL DEPARTURE LAST
                VALUE   (LST)  VALUE       VALUE  FROM      YEAR
                                                  NORMAL
..................................................................
TEMPERATURE (F)
 YESTERDAY
  MAXIMUM         66    204 AM  91    1995  77    -11       77
  MINIMUM         43R  1158 PM  43    1996  56    -13       57
                                      1973
                                      1971
  AVERAGE         55                        67    -12       67

PRECIPITATION (IN)
  YESTERDAY        0.00          3.76 1967   0.17  -0.17      T
  MONTH TO DATE    2.51                      2.45   0.06     0.56
  SINCE MAR 1     14.98                     11.14   3.84    15.18
  SINCE JAN 1     20.44                     18.73   1.71    22.47

SNOWFALL (IN)
  YESTERDAY        0.0           0.0  2002   0.0    0.0      0.0
                                      2001
  MONTH TO DATE    0.0                       0.0    0.0      0.0
  SINCE MAR 1      T                         0.6   -0.6     12.1
  SINCE JUL 1     12.1                       9.1    3.0     28.6
  SNOW DEPTH       0

DEGREE DAYS
 HEATING
  YESTERDAY       10                         2      8        0
  MONTH TO DATE   46                        42      4       23
  SINCE MAR 1    585                       810   -225      779
  SINCE JUL 1   3247                      4106   -859     4448

 COOLING
  YESTERDAY        0                         4     -4        2
  MONTH TO DATE   34                        38     -4       70
  SINCE MAR 1     70                        80    -10      112
  SINCE JAN 1     70                        80    -10      112
..................................................................


WIND (MPH)
  HIGHEST WIND SPEED    25   HIGHEST WIND DIRECTION    NW (330)
  HIGHEST GUST SPEED    36   HIGHEST GUST DIRECTION    NW (330)
  AVERAGE WIND SPEED    10.4


SKY COVER
  POSSIBLE SUNSHINE  MM
  AVERAGE SKY COVER 0.3


WEATHER CONDITIONS
 THE FOLLOWING WEATHER WAS RECORDED YESTERDAY.
  NO SIGNIFICANT WEATHER WAS OBSERVED.


RELATIVE HUMIDITY (PERCENT)
 HIGHEST    92          1000 PM
 LOWEST     40           600 PM
 AVERAGE    66

..........................................................


THE PADUCAH KY CLIMATE NORMALS FOR TODAY
                         NORMAL    RECORD    YEAR
 MAXIMUM TEMPERATURE (F)   78        91      2001
 MINIMUM TEMPERATURE (F)   56        39      1997


SUNRISE AND SUNSET
MAY 15 2016...........SUNRISE   546 AM CDT   SUNSET   757 PM CDT
MAY 16 2016...........SUNRISE   546 AM CDT   SUNSET   758 PM CDT


-  INDICATES NEGATIVE NUMBERS.
R  INDICATES RECORD WAS SET OR TIED.
MM INDICATES DATA IS MISSING.
T  INDICATES TRACE AMOUNT.

&&
...........................................................

***** AGRICULTURAL DATA *****

SOIL TEMPERATURES AT A DEPTH OF FOUR INCHES

UNDER GRASS...  MAX: 66  MIN: 65


$$
