000
CDUS43 KPAH 250630
CLIPAH


CLIMATE REPORT
NATIONAL WEATHER SERVICE PADUCAH KY
126 AM CDT TUE AUG 25 2015

...................................

...THE PADUCAH KY CLIMATE SUMMARY FOR AUGUST 24 2015...

CLIMATE NORMAL PERIOD 1981 TO 2010
CLIMATE RECORD PERIOD 1937 TO 2015

WEATHER ITEM   OBSERVED TIME   RECORD YEAR NORMAL DEPARTURE LAST
                VALUE   (LST)  VALUE       VALUE  FROM      YEAR
                                                  NORMAL
..................................................................
TEMPERATURE (F)
 YESTERDAY
  MAXIMUM         80    244 PM 101    2007  89     -9       97
  MINIMUM         56   1159 PM  54    2009  65     -9       74
                                      1997
                                      1952
  AVERAGE         68                        77     -9       86

PRECIPITATION (IN)
  YESTERDAY        0.00          2.27 1982   0.08  -0.08     0.00
  MONTH TO DATE    1.94                      2.16  -0.22     3.13
  SINCE JUN 1     14.80                     10.66   4.14    11.86
  SINCE JAN 1     40.42                     31.88   8.54    32.05

SNOWFALL (IN)
  YESTERDAY        0.0           0.0  2002   0.0    0.0      0.0
                                      2001
  MONTH TO DATE    0.0                       0.0    0.0      0.0
  SINCE JUN 1      0.0                       0.0    0.0      0.0
  SINCE JUL 1      0.0                       0.0    0.0      0.0
  SNOW DEPTH       0

DEGREE DAYS
 HEATING
  YESTERDAY        0                         0      0        0
  MONTH TO DATE    0                         0      0        0
  SINCE JUN 1      2                         4     -2        0
  SINCE JUL 1      0                         0      0        0

 COOLING
  YESTERDAY        3                        12     -9       21
  MONTH TO DATE  273                       308    -35      348
  SINCE JUN 1   1162                      1059    103     1069
  SINCE JAN 1   1373                      1231    142     1347
..................................................................

WIND (MPH)
  HIGHEST WIND SPEED    14   HIGHEST WIND DIRECTION     N (350)
  HIGHEST GUST SPEED    19   HIGHEST GUST DIRECTION    NW (320)
  AVERAGE WIND SPEED     5.2

SKY COVER
  POSSIBLE SUNSHINE  MM
  AVERAGE SKY COVER 0.0

WEATHER CONDITIONS
 THE FOLLOWING WEATHER WAS RECORDED YESTERDAY.
  FOG

RELATIVE HUMIDITY (PERCENT)
 HIGHEST    93           300 AM
 LOWEST     39           100 PM
 AVERAGE    66
..........................................................

THE PADUCAH KY CLIMATE NORMALS FOR TODAY
                         NORMAL    RECORD    YEAR
 MAXIMUM TEMPERATURE (F)   89       103      1943
 MINIMUM TEMPERATURE (F)   65        53      1984

SUNRISE AND SUNSET
AUGUST 25 2015........SUNRISE   620 AM CDT   SUNSET   734 PM CDT
AUGUST 26 2015........SUNRISE   621 AM CDT   SUNSET   732 PM CDT

-  INDICATES NEGATIVE NUMBERS.
R  INDICATES RECORD WAS SET OR TIED.
MM INDICATES DATA IS MISSING.
T  INDICATES TRACE AMOUNT.

$$
