816
CDUS43 KPAH 112228
CLIPAH


CLIMATE REPORT
NATIONAL WEATHER SERVICE PADUCAH KY
427 PM CST SUN FEB 11 2018

...................................

...THE PADUCAH KY CLIMATE SUMMARY FOR FEBRUARY 11 2018...
VALID TODAY AS OF 0400 PM LOCAL TIME.

CLIMATE NORMAL PERIOD 1981 TO 2010
CLIMATE RECORD PERIOD 1937 TO 2018

WEATHER ITEM   OBSERVED TIME   RECORD YEAR NORMAL DEPARTURE LAST
                VALUE   (LST)  VALUE       VALUE  FROM      YEAR
                                                  NORMAL
..................................................................
TEMPERATURE (F)
 TODAY
  MAXIMUM         34    117 AM  73    1999  48    -14       72
  MINIMUM         28    359 PM   2    2011  28      0       58
  AVERAGE         31                        38     -7       65

PRECIPITATION (IN)
  TODAY            0.14          1.86 1965   0.14   0.00     0.00
  MONTH TO DATE    1.16                      1.55  -0.39     0.64
  SINCE DEC 1      8.43                      9.82  -1.39     9.15
  SINCE JAN 1      5.16                      5.23  -0.07     3.14

SNOWFALL (IN)
  TODAY            0.0                                       0.0
  MONTH TO DATE    0.1                                        T
  SINCE JUL 1     12.5                                       0.2
  SNOW DEPTH       0
..................................................................

WIND (MPH)
  HIGHEST WIND SPEED    14   HIGHEST WIND DIRECTION    NW (310)
  HIGHEST GUST SPEED    20   HIGHEST GUST DIRECTION    NW (330)

RELATIVE HUMIDITY (PERCENT)
 HIGHEST    92
 LOWEST     78
..........................................................

THE PADUCAH KY CLIMATE NORMALS FOR TOMORROW
                         NORMAL    RECORD    YEAR
 MAXIMUM TEMPERATURE (F)   48        77      1938
 MINIMUM TEMPERATURE (F)   29         2      1988

SUNRISE AND SUNSET
FEBRUARY 11 2018......SUNRISE   648 AM CST   SUNSET   531 PM CST
FEBRUARY 12 2018......SUNRISE   647 AM CST   SUNSET   532 PM CST

-  INDICATES NEGATIVE NUMBERS.
R  INDICATES RECORD WAS SET OR TIED.
MM INDICATES DATA IS MISSING.
T  INDICATES TRACE AMOUNT.

$$
