000
CDUS43 KPAH 272234
CLIPAH


CLIMATE REPORT
NATIONAL WEATHER SERVICE PADUCAH KY
433 PM CST SUN NOV 27 2016


...................................

...THE PADUCAH KY CLIMATE SUMMARY FOR NOVEMBER 27 2016...
VALID TODAY AS OF 0400 PM LOCAL TIME.

CLIMATE NORMAL PERIOD 1981 TO 2010
CLIMATE RECORD PERIOD 1937 TO 2016


WEATHER ITEM   OBSERVED TIME   RECORD YEAR NORMAL DEPARTURE LAST
                VALUE   (LST)  VALUE       VALUE  FROM      YEAR
                                                  NORMAL
..................................................................
TEMPERATURE (F)
 TODAY
  MAXIMUM         51    222 PM  78    1990  53     -2       65
  MINIMUM         24    536 AM  16    1938  34    -10       59
  AVERAGE         38                        43     -5       62

PRECIPITATION (IN)
  TODAY            0.00          1.80 1968   0.16  -0.16     0.53
  MONTH TO DATE    0.88                      3.81  -2.93     5.66
  SINCE SEP 1      2.05                     11.52  -9.47     9.15
  SINCE JAN 1     44.72                     44.00   0.72    49.58

SNOWFALL (IN)
  TODAY            0.0                                       0.0
  MONTH TO DATE    0.0                                       0.0
  SINCE JUL 1      0.0                                       0.0
  SNOW DEPTH       0

..................................................................


WIND (MPH)
  HIGHEST WIND SPEED    12   HIGHEST WIND DIRECTION    SE (140)
  HIGHEST GUST SPEED    16   HIGHEST GUST DIRECTION     S (160)




RELATIVE HUMIDITY (PERCENT)
 HIGHEST    92
 LOWEST     52

..........................................................


THE PADUCAH KY CLIMATE NORMALS FOR TOMORROW
                         NORMAL    RECORD    YEAR
 MAXIMUM TEMPERATURE (F)   52        73      1949
 MINIMUM TEMPERATURE (F)   33        13      1958
                                             1955


SUNRISE AND SUNSET
NOVEMBER 27 2016......SUNRISE   646 AM CST   SUNSET   439 PM CST
NOVEMBER 28 2016......SUNRISE   647 AM CST   SUNSET   439 PM CST


-  INDICATES NEGATIVE NUMBERS.
R  INDICATES RECORD WAS SET OR TIED.
MM INDICATES DATA IS MISSING.
T  INDICATES TRACE AMOUNT.




$$
