000
CDUS43 KPAH 220634
CLIPAH


CLIMATE REPORT
NATIONAL WEATHER SERVICE PADUCAH KY
1231 AM CST THU JAN 22 2015


...................................

...THE PADUCAH KY CLIMATE SUMMARY FOR JANUARY 21 2015...

CLIMATE NORMAL PERIOD 1981 TO 2010
CLIMATE RECORD PERIOD 1937 TO 2015


WEATHER ITEM   OBSERVED TIME   RECORD YEAR NORMAL DEPARTURE LAST
                VALUE   (LST)  VALUE       VALUE  FROM      YEAR
                                                  NORMAL
..................................................................
TEMPERATURE (F)
 YESTERDAY
  MAXIMUM         56    332 PM  70    1986  43     13       39
  MINIMUM         28    503 AM -10    1985  26      2       13
                                      1984
  AVERAGE         42                        34      8       26

PRECIPITATION (IN)
  YESTERDAY        0.00          1.89 1973   0.12  -0.12      T
  MONTH TO DATE    1.50                      2.48  -0.98     1.94
  SINCE DEC 1      4.39                      7.07  -2.68    10.08
  SINCE JAN 1      1.50                      2.48  -0.98     1.94

SNOWFALL (IN)
  YESTERDAY        0.0           1.0  1979   0.1   -0.1       T
  MONTH TO DATE    0.5                       1.9   -1.4      1.1
  SINCE DEC 1      0.7                       4.1   -3.4      6.3
  SINCE JUL 1      3.5                       4.2   -0.7      6.3
  SNOW DEPTH       0

DEGREE DAYS
 HEATING
  YESTERDAY       23                        30     -7       39
  MONTH TO DATE  670                       647     23      682
  SINCE DEC 1   1416                      1501    -85     1540
  SINCE JUL 1   2353                      2278     75     2342

 COOLING
  YESTERDAY        0                         0      0        0
  MONTH TO DATE    0                         0      0        0
  SINCE DEC 1      0                         0      0        0
  SINCE JAN 1      0                         0      0        0
..................................................................


WIND (MPH)
  HIGHEST WIND SPEED    20   HIGHEST WIND DIRECTION     W (280)
  HIGHEST GUST SPEED    25   HIGHEST GUST DIRECTION     W (250)
  AVERAGE WIND SPEED     7.1


SKY COVER
  POSSIBLE SUNSHINE  MM
  AVERAGE SKY COVER 0.0


WEATHER CONDITIONS
 THE FOLLOWING WEATHER WAS RECORDED YESTERDAY.
  FOG


RELATIVE HUMIDITY (PERCENT)
 HIGHEST    92          1200 AM
 LOWEST     38           300 PM
 AVERAGE    65

..........................................................


THE PADUCAH KY CLIMATE NORMALS FOR TODAY
                         NORMAL    RECORD    YEAR
 MAXIMUM TEMPERATURE (F)   44        67      1999
 MINIMUM TEMPERATURE (F)   26         0      1984


SUNRISE AND SUNSET
JANUARY 22 2015.......SUNRISE   705 AM CST   SUNSET   509 PM CST
JANUARY 23 2015.......SUNRISE   704 AM CST   SUNSET   510 PM CST


-  INDICATES NEGATIVE NUMBERS.
R  INDICATES RECORD WAS SET OR TIED.
MM INDICATES DATA IS MISSING.
T  INDICATES TRACE AMOUNT.

&&
.........................................................
***** AGRICULTURAL DATA *****

SOIL TEMPERATURES AT A DEPTH OF FOUR INCHES

UNDER BARE GROUND...  MAX: MM  MIN: MM
UNDER GRASS.........  MAX: 39  MIN: 38

$$
