000
CDUS43 KPAH 090628
CLIPAH


CLIMATE REPORT
NATIONAL WEATHER SERVICE PADUCAH KY
1226 AM CST THU NOV 9 2017


...................................

...THE PADUCAH KY CLIMATE SUMMARY FOR NOVEMBER 8 2017...

CLIMATE NORMAL PERIOD 1981 TO 2010
CLIMATE RECORD PERIOD 1937 TO 2017


WEATHER ITEM   OBSERVED TIME   RECORD YEAR NORMAL DEPARTURE LAST
                VALUE   (LST)  VALUE       VALUE  FROM      YEAR
                                                  NORMAL
..................................................................
TEMPERATURE (F)
 YESTERDAY
  MAXIMUM         56   1242 PM  85    1946  62     -6       69
  MINIMUM         38   1048 PM  18    1991  41     -3       54
  AVERAGE         47                        51     -4       62

PRECIPITATION (IN)
  YESTERDAY        T             1.12 2000   0.13  -0.13     0.05
  MONTH TO DATE    2.38                      1.01   1.37     0.05
  SINCE SEP 1      8.97                      8.72   0.25     1.22
  SINCE JAN 1     42.10                     41.20   0.90    43.89

SNOWFALL (IN)
  YESTERDAY       MM             T    1995   0.0   MM        0.0
  MONTH TO DATE    0.0                       0.0    0.0      0.0
  SINCE SEP 1      0.0                       0.1   -0.1      0.0
  SINCE JUL 1      0.0                       0.1   -0.1      0.0
  SNOW DEPTH       0

DEGREE DAYS
 HEATING
  YESTERDAY       18                        14      4        3
  MONTH TO DATE   53                       102    -49       39
  SINCE SEP 1    262                       368   -106      143
  SINCE JUL 1    262                       369   -107      143

 COOLING
  YESTERDAY        0                         0      0        0
  MONTH TO DATE    7                         0      7       14
  SINCE SEP 1    318                       225     93      418
  SINCE JAN 1   1692                      1538    154     1948
..................................................................


WIND (MPH)
  HIGHEST WIND SPEED    15   HIGHEST WIND DIRECTION     N (360)
  HIGHEST GUST SPEED    20   HIGHEST GUST DIRECTION     N (340)
  AVERAGE WIND SPEED     7.6


SKY COVER
  POSSIBLE SUNSHINE  MM
  AVERAGE SKY COVER 0.4


WEATHER CONDITIONS
 THE FOLLOWING WEATHER WAS RECORDED YESTERDAY.
  FOG
  HAZE


RELATIVE HUMIDITY (PERCENT)
 HIGHEST    85          1100 PM
 LOWEST     50           400 PM
 AVERAGE    68

..........................................................


THE PADUCAH KY CLIMATE NORMALS FOR TODAY
                         NORMAL    RECORD    YEAR
 MAXIMUM TEMPERATURE (F)   62        84      1946
 MINIMUM TEMPERATURE (F)   40        14      1991


SUNRISE AND SUNSET
NOVEMBER  9 2017......SUNRISE   628 AM CST   SUNSET   450 PM CST
NOVEMBER 10 2017......SUNRISE   629 AM CST   SUNSET   449 PM CST


-  INDICATES NEGATIVE NUMBERS.
R  INDICATES RECORD WAS SET OR TIED.
MM INDICATES DATA IS MISSING.
T  INDICATES TRACE AMOUNT.

&&

..............................................
***** AGRICULTURAL DATA *****

SOIL TEMPERATURES AT A DEPTH OF FOUR INCHES

UNDER GRASS... MAX: 61    MIN: 60


$$
