000
CDUS43 KPAH 110634
CLIPAH


CLIMATE REPORT
NATIONAL WEATHER SERVICE PADUCAH KY
131 AM CDT MON APR 11 2016


...................................

...THE PADUCAH KY CLIMATE SUMMARY FOR APRIL 10 2016...

CLIMATE NORMAL PERIOD 1981 TO 2010
CLIMATE RECORD PERIOD 1937 TO 2016


WEATHER ITEM   OBSERVED TIME   RECORD YEAR NORMAL DEPARTURE LAST
                VALUE   (LST)  VALUE       VALUE  FROM      YEAR
                                                  NORMAL
..................................................................
TEMPERATURE (F)
 YESTERDAY
  MAXIMUM         77    518 PM  89    1995  68      9       67
  MINIMUM         42    249 AM  25    1982  45     -3       48
                                      1960
  AVERAGE         60                        56      4       58

PRECIPITATION (IN)
  YESTERDAY        0.10          1.70 2008   0.15  -0.05      T
  MONTH TO DATE    0.27                      1.45  -1.18     2.63
  SINCE MAR 1      9.48                      5.38   4.10    11.36
  SINCE JAN 1     14.94                     12.97   1.97    18.65

SNOWFALL (IN)
  YESTERDAY        0.0           T    1990   0.0    0.0      0.0
  MONTH TO DATE    0.0                       0.0    0.0      0.0
  SINCE MAR 1      T                         0.6   -0.6     12.1
  SINCE JUL 1     12.1                       9.1    3.0     28.6
  SNOW DEPTH       0

DEGREE DAYS
 HEATING
  YESTERDAY        5                        10     -5        7
  MONTH TO DATE  125                       109     16       55
  SINCE MAR 1    484                       632   -148      650
  SINCE JUL 1   3146                      3928   -782     4319

 COOLING
  YESTERDAY        0                         1     -1        0
  MONTH TO DATE    0                        10    -10       29
  SINCE MAR 1      2                        17    -15       30
  SINCE JAN 1      2                        17    -15       30
..................................................................


WIND (MPH)
  HIGHEST WIND SPEED    23   HIGHEST WIND DIRECTION    SW (220)
  HIGHEST GUST SPEED    39   HIGHEST GUST DIRECTION    SW (220)
  AVERAGE WIND SPEED     9.3


SKY COVER
  POSSIBLE SUNSHINE  MM
  AVERAGE SKY COVER 0.6


WEATHER CONDITIONS
 THE FOLLOWING WEATHER WAS RECORDED YESTERDAY.
  RAIN
  LIGHT RAIN


RELATIVE HUMIDITY (PERCENT)
 HIGHEST    80           900 AM
 LOWEST     29           400 PM
 AVERAGE    55

..........................................................


THE PADUCAH KY CLIMATE NORMALS FOR TODAY
                         NORMAL    RECORD    YEAR
 MAXIMUM TEMPERATURE (F)   68        87      2001
 MINIMUM TEMPERATURE (F)   45        25      1989


SUNRISE AND SUNSET
APRIL 11 2016.........SUNRISE   626 AM CDT   SUNSET   727 PM CDT
APRIL 12 2016.........SUNRISE   624 AM CDT   SUNSET   728 PM CDT


-  INDICATES NEGATIVE NUMBERS.
R  INDICATES RECORD WAS SET OR TIED.
MM INDICATES DATA IS MISSING.
T  INDICATES TRACE AMOUNT.

&&
.........................................................
***** AGRICULTURAL DATA *****

SOIL TEMPERATURES AT A DEPTH OF FOUR INCHES

UNDER GRASS...  MAX: 52  MIN: 51

$$
