000
CDUS43 KPAH 150630
CLIPAH


CLIMATE REPORT
NATIONAL WEATHER SERVICE PADUCAH KY
128 AM CDT FRI MAY 15 2015


...................................

...THE PADUCAH KY CLIMATE SUMMARY FOR MAY 14 2015...

CLIMATE NORMAL PERIOD 1981 TO 2010
CLIMATE RECORD PERIOD 1937 TO 2015


WEATHER ITEM   OBSERVED TIME   RECORD YEAR NORMAL DEPARTURE LAST
                VALUE   (LST)  VALUE       VALUE  FROM      YEAR
                                                  NORMAL
..................................................................
TEMPERATURE (F)
 YESTERDAY
  MAXIMUM         77    331 PM  91    1995  77      0       60
  MINIMUM         57    459 AM  43    1996  56      1       50
                                      1973
                                      1971
  AVERAGE         67                        67      0       55

PRECIPITATION (IN)
  YESTERDAY        T             3.76 1967   0.17  -0.17     1.41
  MONTH TO DATE    0.56                      2.45  -1.89     1.95
  SINCE MAR 1     15.18                     11.14   4.04    14.07
  SINCE JAN 1     22.47                     18.73   3.74    19.25

SNOWFALL (IN)
  YESTERDAY        0.0           0.0  2002   0.0    0.0      0.0
                                      2001
  MONTH TO DATE    0.0                       0.0    0.0      0.0
  SINCE MAR 1     12.1                       0.6   11.5      5.6
  SINCE JUL 1     28.6                       9.1   19.5     18.5
  SNOW DEPTH       0

DEGREE DAYS
 HEATING
  YESTERDAY        0                         2     -2       10
  MONTH TO DATE   23                        42    -19       30
  SINCE MAR 1    779                       810    -31      859
  SINCE JUL 1   4448                      4106    342     4514

 COOLING
  YESTERDAY        2                         4     -2        0
  MONTH TO DATE   70                        38     32      102
  SINCE MAR 1    112                        80     32      132
  SINCE JAN 1    112                        80     32      132
..................................................................


WIND (MPH)
  HIGHEST WIND SPEED    13   HIGHEST WIND DIRECTION    SE (130)
  HIGHEST GUST SPEED    17   HIGHEST GUST DIRECTION    SE (130)
  AVERAGE WIND SPEED     5.8


SKY COVER
  POSSIBLE SUNSHINE  MM
  AVERAGE SKY COVER 0.3


WEATHER CONDITIONS
 THE FOLLOWING WEATHER WAS RECORDED YESTERDAY.
  LIGHT RAIN


RELATIVE HUMIDITY (PERCENT)
 HIGHEST    78          1100 PM
 LOWEST     49           500 PM
 AVERAGE    64

..........................................................


THE PADUCAH KY CLIMATE NORMALS FOR TODAY
                         NORMAL    RECORD    YEAR
 MAXIMUM TEMPERATURE (F)   78        91      2001
 MINIMUM TEMPERATURE (F)   56        39      1997


SUNRISE AND SUNSET
MAY 15 2015...........SUNRISE   547 AM CDT   SUNSET   756 PM CDT
MAY 16 2015...........SUNRISE   546 AM CDT   SUNSET   757 PM CDT


-  INDICATES NEGATIVE NUMBERS.
R  INDICATES RECORD WAS SET OR TIED.
MM INDICATES DATA IS MISSING.
T  INDICATES TRACE AMOUNT.

&&
..........................................................
***** AGRICULTURAL DATA *****

SOIL TEMPERATURES AT A DEPTH OF FOUR INCHES

UNDER GRASS...  MAX: 67  MIN: 66


$$
