369
CDUS43 KPAH 142128
CLIPAH


CLIMATE REPORT
NATIONAL WEATHER SERVICE PADUCAH KY
425 PM CDT WED JUN 14 2017

...................................

...THE PADUCAH KY CLIMATE SUMMARY FOR JUNE 14 2017...
VALID TODAY AS OF 0400 PM LOCAL TIME.

CLIMATE NORMAL PERIOD 1981 TO 2010
CLIMATE RECORD PERIOD 1937 TO 2017

WEATHER ITEM   OBSERVED TIME   RECORD YEAR NORMAL DEPARTURE LAST
                VALUE   (LST)  VALUE       VALUE  FROM      YEAR
                                                  NORMAL
..................................................................
TEMPERATURE (F)
 TODAY
  MAXIMUM         93    157 PM 100    1987  86      7       93
                                      1943
  MINIMUM         74    454 AM  51    1985  65      9       74
  AVERAGE         84                        75      9       84

PRECIPITATION (IN)
  TODAY            0.00          2.21 1961   0.13  -0.13     0.00
  MONTH TO DATE    1.24                      1.87  -0.63     1.31
  SINCE JUN 1      1.24                      1.87  -0.63     1.31
  SINCE JAN 1     23.59                     23.09   0.50    24.51

SNOWFALL (IN)
  TODAY            0.0                                       0.0
  MONTH TO DATE    0.0                                       0.0
  SINCE JUL 1      1.2                                      12.1
  SNOW DEPTH       0
..................................................................

WIND (MPH)
  HIGHEST WIND SPEED    15   HIGHEST WIND DIRECTION    SW (230)
  HIGHEST GUST SPEED    22   HIGHEST GUST DIRECTION     W (250)

RELATIVE HUMIDITY (PERCENT)
 HIGHEST    84
 LOWEST     46
..........................................................

THE PADUCAH KY CLIMATE NORMALS FOR TOMORROW
                         NORMAL    RECORD    YEAR
 MAXIMUM TEMPERATURE (F)   86        99      1952
 MINIMUM TEMPERATURE (F)   65        51      1959
                                             1955

SUNRISE AND SUNSET
JUNE 14 2017..........SUNRISE   535 AM CDT   SUNSET   816 PM CDT
JUNE 15 2017..........SUNRISE   535 AM CDT   SUNSET   817 PM CDT

-  INDICATES NEGATIVE NUMBERS.
R  INDICATES RECORD WAS SET OR TIED.
MM INDICATES DATA IS MISSING.
T  INDICATES TRACE AMOUNT.

$$
