000
CDUS43 KPAH 300631
CLIPAH


CLIMATE REPORT
NATIONAL WEATHER SERVICE PADUCAH KY
1226 AM CST THU NOV 30 2017

...................................

...THE PADUCAH KY CLIMATE SUMMARY FOR NOVEMBER 29 2017...

CLIMATE NORMAL PERIOD 1981 TO 2010
CLIMATE RECORD PERIOD 1937 TO 2017

WEATHER ITEM   OBSERVED TIME   RECORD YEAR NORMAL DEPARTURE LAST
                VALUE   (LST)  VALUE       VALUE  FROM      YEAR
                                                  NORMAL
..................................................................
TEMPERATURE (F)
 YESTERDAY
  MAXIMUM         69    249 PM  73    1998  52     17       66
  MINIMUM         34    607 AM  13    1976  33      1       49
  AVERAGE         52                        42     10       58

PRECIPITATION (IN)
  YESTERDAY        0.00          1.90 2001   0.17  -0.17     0.00
  MONTH TO DATE    3.37                      4.14  -0.77     2.65
  SINCE SEP 1      9.96                     11.85  -1.89     3.82
  SINCE JAN 1     43.09                     44.33  -1.24    46.49

SNOWFALL (IN)
  YESTERDAY        0.0           T    1979   0.0    0.0      0.0
  MONTH TO DATE    0.0                       0.0    0.0      0.0
  SINCE SEP 1      0.0                       0.1   -0.1      0.0
  SINCE JUL 1      0.0                       0.1   -0.1      0.0
  SNOW DEPTH       0

DEGREE DAYS
 HEATING
  YESTERDAY       13                        23    -10        7
  MONTH TO DATE  455                       487    -32      378
  SINCE SEP 1    664                       753    -89      482
  SINCE JUL 1    664                       754    -90      482

 COOLING
  YESTERDAY        0                         0      0        0
  MONTH TO DATE    7                         0      7       19
  SINCE SEP 1    318                       225     93      423
  SINCE JAN 1   1692                      1538    154     1953
..................................................................

WIND (MPH)
  HIGHEST WIND SPEED     8   HIGHEST WIND DIRECTION    SE (150)
  HIGHEST GUST SPEED    11   HIGHEST GUST DIRECTION     S (170)
  AVERAGE WIND SPEED     2.3

SKY COVER
  POSSIBLE SUNSHINE  MM
  AVERAGE SKY COVER 0.3

WEATHER CONDITIONS
 THE FOLLOWING WEATHER WAS RECORDED YESTERDAY.
  NO SIGNIFICANT WEATHER WAS OBSERVED.

RELATIVE HUMIDITY (PERCENT)
 HIGHEST    82           600 AM
 LOWEST     26           200 PM
 AVERAGE    54
..........................................................

THE PADUCAH KY CLIMATE NORMALS FOR TODAY
                         NORMAL    RECORD    YEAR
 MAXIMUM TEMPERATURE (F)   51        72      1970
                                             1941
 MINIMUM TEMPERATURE (F)   33        11      1964

SUNRISE AND SUNSET
NOVEMBER 30 2017......SUNRISE   649 AM CST   SUNSET   438 PM CST
DECEMBER  1 2017......SUNRISE   650 AM CST   SUNSET   438 PM CST

-  INDICATES NEGATIVE NUMBERS.
R  INDICATES RECORD WAS SET OR TIED.
MM INDICATES DATA IS MISSING.
T  INDICATES TRACE AMOUNT.

$$
