130
CDUS43 KPAH 310630
CLIPAH


CLIMATE REPORT
NATIONAL WEATHER SERVICE PADUCAH KY
1229 AM CST SUN JAN 31 2016


...................................

...THE PADUCAH KY CLIMATE SUMMARY FOR JANUARY 30 2016...

CLIMATE NORMAL PERIOD 1981 TO 2010
CLIMATE RECORD PERIOD 1937 TO 2016


WEATHER ITEM   OBSERVED TIME   RECORD YEAR NORMAL DEPARTURE LAST
                VALUE   (LST)  VALUE       VALUE  FROM      YEAR
                                                  NORMAL
..................................................................
TEMPERATURE (F)
 YESTERDAY
  MAXIMUM         65R   411 PM  64    2002  45     20       45
                                      1988
  MINIMUM         43   1201 AM  -3    1966  26     17       26
  AVERAGE         54                        36     18       36

PRECIPITATION (IN)
  YESTERDAY        0.00          2.57 1939   0.13  -0.13     0.00
  MONTH TO DATE    2.53                      3.55  -1.02     2.56
  SINCE DEC 1      9.95                      8.14   1.81     5.45
  SINCE JAN 1      2.53                      3.55  -1.02     2.56

SNOWFALL (IN)
  YESTERDAY        0.0           3.5  1981   0.1   -0.1      0.0
  MONTH TO DATE    8.4                       2.9    5.5      0.5
  SINCE DEC 1      8.4                       5.1    3.3      0.7
  SINCE JUL 1      8.4                       5.2    3.2      3.5
  SNOW DEPTH       0

DEGREE DAYS
 HEATING
  YESTERDAY       11                        30    -19       29
  MONTH TO DATE  924                       917      7      920
  SINCE DEC 1   1423                      1771   -348     1666
  SINCE JUL 1   1967                      2548   -581     2603

 COOLING
  YESTERDAY        0                         0      0        0
  MONTH TO DATE    0                         0      0        0
  SINCE DEC 1      6                         0      6        0
  SINCE JAN 1      0                         0      0        0
..................................................................


WIND (MPH)
  HIGHEST WIND SPEED    21   HIGHEST WIND DIRECTION    SW (230)
  HIGHEST GUST SPEED    27   HIGHEST GUST DIRECTION    SW (240)
  AVERAGE WIND SPEED     9.6


SKY COVER
  POSSIBLE SUNSHINE  MM
  AVERAGE SKY COVER 0.0


WEATHER CONDITIONS
 THE FOLLOWING WEATHER WAS RECORDED YESTERDAY.
  NO SIGNIFICANT WEATHER WAS OBSERVED.


RELATIVE HUMIDITY (PERCENT)
 HIGHEST    72           700 PM
 LOWEST     43          1200 PM
 AVERAGE    58

..........................................................


THE PADUCAH KY CLIMATE NORMALS FOR TODAY
                         NORMAL    RECORD    YEAR
 MAXIMUM TEMPERATURE (F)   45        67      2002
                                             1989
 MINIMUM TEMPERATURE (F)   26        -5      1965


SUNRISE AND SUNSET
JANUARY 31 2016.......SUNRISE   659 AM CST   SUNSET   518 PM CST
FEBRUARY  1 2016......SUNRISE   658 AM CST   SUNSET   520 PM CST


-  INDICATES NEGATIVE NUMBERS.
R  INDICATES RECORD WAS SET OR TIED.
MM INDICATES DATA IS MISSING.
T  INDICATES TRACE AMOUNT.


&&
.......................................................
***** AGRICULTURAL DATA *****

SOIL TEMPERATURES AT A DEPTH OF FOUR INCHES

UNDER GRASS...  MAX: 40  MIN: 38

$$
