000
CDUS43 KPAH 152242
CLIPAH


CLIMATE REPORT
NATIONAL WEATHER SERVICE PADUCAH KY
441 PM CST THU JAN 15 2015


...................................

...THE PADUCAH KY CLIMATE SUMMARY FOR JANUARY 15 2015...
VALID TODAY AS OF 0400 PM LOCAL TIME.

CLIMATE NORMAL PERIOD 1981 TO 2010
CLIMATE RECORD PERIOD 1937 TO 2015


WEATHER ITEM   OBSERVED TIME   RECORD YEAR NORMAL DEPARTURE LAST
                VALUE   (LST)  VALUE       VALUE  FROM      YEAR
                                                  NORMAL
..................................................................
TEMPERATURE (F)
 TODAY
  MAXIMUM         36    317 PM  68    1953  43     -7       33
  MINIMUM         27    101 AM  -1    1972  26      1       22
  AVERAGE         32                        34     -2       28

PRECIPITATION (IN)
  TODAY            0.05          1.07 1997   0.11  -0.06     0.00
  MONTH TO DATE    1.46                      1.78  -0.32     1.94
  SINCE DEC 1      4.35                      6.37  -2.02    10.08
  SINCE JAN 1      1.46                      1.78  -0.32     1.94

SNOWFALL (IN)
  TODAY            0.5                                        T
  MONTH TO DATE    0.5                                       1.1
  SINCE JUL 1      3.5                                       6.3
  SNOW DEPTH       0

..................................................................


WIND (MPH)
  HIGHEST WIND SPEED    12   HIGHEST WIND DIRECTION     W (250)
  HIGHEST GUST SPEED    15   HIGHEST GUST DIRECTION     W (250)




RELATIVE HUMIDITY (PERCENT)
 HIGHEST    92
 LOWEST     69

..........................................................


THE PADUCAH KY CLIMATE NORMALS FOR TOMORROW
                         NORMAL    RECORD    YEAR
 MAXIMUM TEMPERATURE (F)   43        74      1952
 MINIMUM TEMPERATURE (F)   26       -12      1982


SUNRISE AND SUNSET
JANUARY 15 2015.......SUNRISE   708 AM CST   SUNSET   502 PM CST
JANUARY 16 2015.......SUNRISE   707 AM CST   SUNSET   503 PM CST


-  INDICATES NEGATIVE NUMBERS.
R  INDICATES RECORD WAS SET OR TIED.
MM INDICATES DATA IS MISSING.
T  INDICATES TRACE AMOUNT.




$$
