000
CDUS43 KPAH 220630
CLIPAH

CLIMATE REPORT
NATIONAL WEATHER SERVICE PADUCAH KY
1225 AM CST TUE NOV 22 2016

...................................

...THE PADUCAH KY CLIMATE SUMMARY FOR NOVEMBER 21 2016...

CLIMATE NORMAL PERIOD 1981 TO 2010
CLIMATE RECORD PERIOD 1937 TO 2016

WEATHER ITEM   OBSERVED TIME   RECORD YEAR NORMAL DEPARTURE LAST
                VALUE   (LST)  VALUE       VALUE  FROM      YEAR
                                                  NORMAL
..................................................................
TEMPERATURE (F)
 YESTERDAY
  MAXIMUM         53    254 PM  76    1990  56     -3       47
  MINIMUM         23    547 AM  14    1964  36    -13       29
  AVERAGE         38                        46     -8       38

PRECIPITATION (IN)
  YESTERDAY        0.00          1.70 1979   0.16  -0.16     0.14
  MONTH TO DATE    0.28                      2.89  -2.61     5.13
  SINCE SEP 1      1.45                     10.60  -9.15     8.62
  SINCE JAN 1     44.12                     43.08   1.04    49.05

SNOWFALL (IN)
  YESTERDAY        0.0           T    1975   0.0    0.0      0.0
  MONTH TO DATE    0.0                       0.0    0.0      0.0
  SINCE SEP 1      0.0                       0.1   -0.1      0.0
  SINCE JUL 1      0.0                       0.1   -0.1      0.0
  SNOW DEPTH       0

DEGREE DAYS
 HEATING
  YESTERDAY       27                        19      8       27
  MONTH TO DATE  242                       318    -76      228
  SINCE SEP 1    346                       584   -238      407
  SINCE JUL 1    346                       585   -239      407

 COOLING
  YESTERDAY        0                         0      0        0
  MONTH TO DATE   19                         0     19        6
  SINCE SEP 1    423                       225    198      266
  SINCE JAN 1   1953                      1538    415     1690
..................................................................

WIND (MPH)
  HIGHEST WIND SPEED    12   HIGHEST WIND DIRECTION    SE (140)
  HIGHEST GUST SPEED    15   HIGHEST GUST DIRECTION    SE (130)
  AVERAGE WIND SPEED     3.6

SKY COVER
  POSSIBLE SUNSHINE  MM
  AVERAGE SKY COVER 0.0

WEATHER CONDITIONS
 THE FOLLOWING WEATHER WAS RECORDED YESTERDAY.
  NO SIGNIFICANT WEATHER WAS OBSERVED.

RELATIVE HUMIDITY (PERCENT)
 HIGHEST    88           500 AM
 LOWEST     32           200 PM
 AVERAGE    60
..........................................................

THE PADUCAH KY CLIMATE NORMALS FOR TODAY
                         NORMAL    RECORD    YEAR
 MAXIMUM TEMPERATURE (F)   55        72      2003
 MINIMUM TEMPERATURE (F)   36        11      1964

SUNRISE AND SUNSET
NOVEMBER 22 2016......SUNRISE   641 AM CST   SUNSET   441 PM CST
NOVEMBER 23 2016......SUNRISE   642 AM CST   SUNSET   440 PM CST

-  INDICATES NEGATIVE NUMBERS.
R  INDICATES RECORD WAS SET OR TIED.
MM INDICATES DATA IS MISSING.
T  INDICATES TRACE AMOUNT.

&&
.........................................................
***** AGRICULTURAL DATA *****

SOIL TEMPERATURES AT A DEPTH OF FOUR INCHES

UNDER GRASS...  MAX: 55  MIN: 53

$$
