000
CDUS43 KPAH 082232
CLIPAH


CLIMATE REPORT
NATIONAL WEATHER SERVICE PADUCAH KY
430 PM CST WED MAR 8 2017


...................................

...THE PADUCAH KY CLIMATE SUMMARY FOR MARCH 8 2017...
VALID TODAY AS OF 0400 PM LOCAL TIME.

CLIMATE NORMAL PERIOD 1981 TO 2010
CLIMATE RECORD PERIOD 1937 TO 2017


WEATHER ITEM   OBSERVED TIME   RECORD YEAR NORMAL DEPARTURE LAST
                VALUE   (LST)  VALUE       VALUE  FROM      YEAR
                                                  NORMAL
..................................................................
TEMPERATURE (F)
 TODAY
  MAXIMUM         66    209 PM  79    1974  56     10       75
  MINIMUM         38    501 AM  10    1943  36      2       54
  AVERAGE         52                        46      6       65

PRECIPITATION (IN)
  TODAY            0.00          2.73 1964   0.12  -0.12     0.00
  MONTH TO DATE    2.17                      0.94   1.23     0.63
  SINCE MAR 1      2.17                      0.94   1.23     0.63
  SINCE JAN 1      7.00                      8.53  -1.53     6.09

SNOWFALL (IN)
  TODAY            0.0                                       0.0
  MONTH TO DATE    0.0                                       0.0
  SINCE JUL 1      0.2                                      12.1
  SNOW DEPTH       0

..................................................................


WIND (MPH)
  HIGHEST WIND SPEED    14   HIGHEST WIND DIRECTION     W (250)
  HIGHEST GUST SPEED    18   HIGHEST GUST DIRECTION    SW (220)




RELATIVE HUMIDITY (PERCENT)
 HIGHEST    64
 LOWEST     19

..........................................................


THE PADUCAH KY CLIMATE NORMALS FOR TOMORROW
                         NORMAL    RECORD    YEAR
 MAXIMUM TEMPERATURE (F)   57        78      1974
 MINIMUM TEMPERATURE (F)   36        10      1943


SUNRISE AND SUNSET
MARCH  8 2017.........SUNRISE   616 AM CST   SUNSET   556 PM CST
MARCH  9 2017.........SUNRISE   614 AM CST   SUNSET   557 PM CST


-  INDICATES NEGATIVE NUMBERS.
R  INDICATES RECORD WAS SET OR TIED.
MM INDICATES DATA IS MISSING.
T  INDICATES TRACE AMOUNT.




$$
