000
CDUS43 KPAH 112235
CLIPAH


CLIMATE REPORT
NATIONAL WEATHER SERVICE PADUCAH KY
435 PM CST SAT FEB 11 2017


...................................

...THE PADUCAH KY CLIMATE SUMMARY FOR FEBRUARY 11 2017...
VALID TODAY AS OF 0400 PM LOCAL TIME.

CLIMATE NORMAL PERIOD 1981 TO 2010
CLIMATE RECORD PERIOD 1937 TO 2017


WEATHER ITEM   OBSERVED TIME   RECORD YEAR NORMAL DEPARTURE LAST
                VALUE   (LST)  VALUE       VALUE  FROM      YEAR
                                                  NORMAL
..................................................................
TEMPERATURE (F)
 TODAY
  MAXIMUM         72    348 PM  73    1999  48     24       39
  MINIMUM         58    112 AM   2    2011  28     30       23
  AVERAGE         65                        38     27       31

PRECIPITATION (IN)
  TODAY            0.00          1.86 1965   0.14  -0.14     0.00
  MONTH TO DATE    0.64                      1.55  -0.91     0.45
  SINCE DEC 1      9.15                      9.82  -0.67    10.42
  SINCE JAN 1      3.14                      5.23  -2.09     3.00

SNOWFALL (IN)
  TODAY            0.0                                       0.0
  MONTH TO DATE    T                                         1.2
  SINCE JUL 1      0.2                                       9.6
  SNOW DEPTH       0

..................................................................


WIND (MPH)
  HIGHEST WIND SPEED    18   HIGHEST WIND DIRECTION    SW (220)
  HIGHEST GUST SPEED    MM   HIGHEST GUST DIRECTION    MM




RELATIVE HUMIDITY (PERCENT)
 HIGHEST    78
 LOWEST     47

..........................................................


THE PADUCAH KY CLIMATE NORMALS FOR TOMORROW
                         NORMAL    RECORD    YEAR
 MAXIMUM TEMPERATURE (F)   48        77      1938
 MINIMUM TEMPERATURE (F)   29         2      1988


SUNRISE AND SUNSET
FEBRUARY 11 2017......SUNRISE   648 AM CST   SUNSET   531 PM CST
FEBRUARY 12 2017......SUNRISE   647 AM CST   SUNSET   532 PM CST


-  INDICATES NEGATIVE NUMBERS.
R  INDICATES RECORD WAS SET OR TIED.
MM INDICATES DATA IS MISSING.
T  INDICATES TRACE AMOUNT.




$$
