000
CDUS43 KPAH 260631
CLIPAH


CLIMATE REPORT
NATIONAL WEATHER SERVICE PADUCAH KY
130 AM CDT TUE MAY 26 2015


...................................

...THE PADUCAH KY CLIMATE SUMMARY FOR MAY 25 2015...

CLIMATE NORMAL PERIOD 1981 TO 2010
CLIMATE RECORD PERIOD 1937 TO 2015


WEATHER ITEM   OBSERVED TIME   RECORD YEAR NORMAL DEPARTURE LAST
                VALUE   (LST)  VALUE       VALUE  FROM      YEAR
                                                  NORMAL
..................................................................
TEMPERATURE (F)
 YESTERDAY
  MAXIMUM         76    549 PM  93    2012  80     -4       88
  MINIMUM         68    613 AM  43    1992  59      9       66
  AVERAGE         72                        70      2       77

PRECIPITATION (IN)
  YESTERDAY        0.35          3.78 1946   0.14   0.21     0.57
  MONTH TO DATE    2.98                      4.06  -1.08     2.64
  SINCE MAR 1     17.60                     12.75   4.85    14.76
  SINCE JAN 1     24.89                     20.34   4.55    19.94

SNOWFALL (IN)
  YESTERDAY        0.0           0.0  2002   0.0    0.0      0.0
                                      2001
  MONTH TO DATE    0.0                       0.0    0.0      0.0
  SINCE MAR 1     12.1                       0.6   11.5      5.6
  SINCE JUL 1     28.6                       9.1   19.5     18.5
  SNOW DEPTH       0

DEGREE DAYS
 HEATING
  YESTERDAY        0                         1     -1        0
  MONTH TO DATE   50                        59     -9       57
  SINCE MAR 1    806                       827    -21      886
  SINCE JUL 1   4475                      4123    352     4541

 COOLING
  YESTERDAY        7                         6      1       12
  MONTH TO DATE  127                        91     36      170
  SINCE MAR 1    169                       133     36      200
  SINCE JAN 1    169                       133     36      200
..................................................................


WIND (MPH)
  HIGHEST WIND SPEED    16   HIGHEST WIND DIRECTION     S (160)
  HIGHEST GUST SPEED    27   HIGHEST GUST DIRECTION     S (180)
  AVERAGE WIND SPEED     8.9


SKY COVER
  POSSIBLE SUNSHINE  MM
  AVERAGE SKY COVER 0.7


WEATHER CONDITIONS
 THE FOLLOWING WEATHER WAS RECORDED YESTERDAY.
  RAIN
  LIGHT RAIN
  FOG


RELATIVE HUMIDITY (PERCENT)
 HIGHEST    93           600 AM
 LOWEST     74           100 PM
 AVERAGE    84

..........................................................


THE PADUCAH KY CLIMATE NORMALS FOR TODAY
                         NORMAL    RECORD    YEAR
 MAXIMUM TEMPERATURE (F)   81        96      1953
                                             1944
 MINIMUM TEMPERATURE (F)   59        42      1988
                                             1979
                                             1961


SUNRISE AND SUNSET
MAY 26 2015...........SUNRISE   540 AM CDT   SUNSET   805 PM CDT
MAY 27 2015...........SUNRISE   539 AM CDT   SUNSET   806 PM CDT


-  INDICATES NEGATIVE NUMBERS.
R  INDICATES RECORD WAS SET OR TIED.
MM INDICATES DATA IS MISSING.
T  INDICATES TRACE AMOUNT.

&&
..........................................................

***** AGRICULTURAL DATA *****

SOIL TEMPERATURES AT A DEPTH OF FOUR INCHES

UNDER GRASS...  MAX: 68   MIN: 67


$$
