000
CDUS43 KPAH 100644
CLIPAH

CLIMATE REPORT
NATIONAL WEATHER SERVICE PADUCAH KY
1236 AM CST SAT DEC 10 2016


...................................

...THE PADUCAH KY CLIMATE SUMMARY FOR DECEMBER 9 2016...

CLIMATE NORMAL PERIOD 1981 TO 2010
CLIMATE RECORD PERIOD 1937 TO 2016


WEATHER ITEM   OBSERVED TIME   RECORD YEAR NORMAL DEPARTURE LAST
                VALUE   (LST)  VALUE       VALUE  FROM      YEAR
                                                  NORMAL
..................................................................
TEMPERATURE (F)
 YESTERDAY
  MAXIMUM         35    242 PM  66    1952  48    -13       64
  MINIMUM         17   1159 PM   7    1995  30    -13       45
  AVERAGE         26                        39    -13       55

PRECIPITATION (IN)
  YESTERDAY        0.00          2.03 1961   0.16  -0.16     0.00
  MONTH TO DATE    0.82                      1.41  -0.59     0.02
  SINCE DEC 1      0.82                      1.41  -0.59     0.02
  SINCE JAN 1     47.31                     45.90   1.41    51.77

SNOWFALL (IN)
  YESTERDAY        0.0           T    2013   0.0    0.0      0.0
                                      2008
                                      1992
  MONTH TO DATE    0.0                       0.4   -0.4      0.0
  SINCE DEC 1      0.0                       0.4   -0.4      0.0
  SINCE JUL 1      0.0                       0.5   -0.5      0.0
  SNOW DEPTH       0

DEGREE DAYS
 HEATING
  YESTERDAY       39                        26     13       10
  MONTH TO DATE  246                       223     23      192
  SINCE DEC 1    246                       223     23      192
  SINCE JUL 1    747                      1000   -253      736

 COOLING
  YESTERDAY        0                         0      0        0
  MONTH TO DATE    0                         0      0        0
  SINCE DEC 1      0                         0      0        0
  SINCE JAN 1   1953                      1542    411     1690
..................................................................


WIND (MPH)
  HIGHEST WIND SPEED     9   HIGHEST WIND DIRECTION    NW (310)
  HIGHEST GUST SPEED    13   HIGHEST GUST DIRECTION    NW (300)
  AVERAGE WIND SPEED     3.8


SKY COVER
  POSSIBLE SUNSHINE  MM
  AVERAGE SKY COVER 0.1


WEATHER CONDITIONS
 THE FOLLOWING WEATHER WAS RECORDED YESTERDAY.
  NO SIGNIFICANT WEATHER WAS OBSERVED.


RELATIVE HUMIDITY (PERCENT)
 HIGHEST    80           600 AM
 LOWEST     41           200 PM
 AVERAGE    61

..........................................................


THE PADUCAH KY CLIMATE NORMALS FOR TODAY
                         NORMAL    RECORD    YEAR
 MAXIMUM TEMPERATURE (F)   48        72      1971
 MINIMUM TEMPERATURE (F)   30         2      1995


SUNRISE AND SUNSET
DECEMBER 10 2016......SUNRISE   658 AM CST   SUNSET   438 PM CST
DECEMBER 11 2016......SUNRISE   659 AM CST   SUNSET   438 PM CST


-  INDICATES NEGATIVE NUMBERS.
R  INDICATES RECORD WAS SET OR TIED.
MM INDICATES DATA IS MISSING.
T  INDICATES TRACE AMOUNT.

&&
.........................................................
***** AGRICULTURAL DATA *****

SOIL TEMPERATURES AT A DEPTH OF FOUR INCHES

UNDER GRASS...  MAX: 49  MIN: 49

$$
