090
CDUS43 KPAH 220630
CLIPAH


CLIMATE REPORT
NATIONAL WEATHER SERVICE PADUCAH KY
126 AM CDT THU JUN 22 2017


...................................

...THE PADUCAH KY CLIMATE SUMMARY FOR JUNE 21 2017...

CLIMATE NORMAL PERIOD 1981 TO 2010
CLIMATE RECORD PERIOD 1937 TO 2017


WEATHER ITEM   OBSERVED TIME   RECORD YEAR NORMAL DEPARTURE LAST
                VALUE   (LST)  VALUE       VALUE  FROM      YEAR
                                                  NORMAL
..................................................................
TEMPERATURE (F)
 YESTERDAY
  MAXIMUM         88    312 PM  99    1988  88      0       93
  MINIMUM         70    447 AM  50    1992  67      3       76
  AVERAGE         79                        77      2       85

PRECIPITATION (IN)
  YESTERDAY        0.00          1.93 1967   0.15  -0.15     0.04
  MONTH TO DATE    4.67                      2.83   1.84     1.63
  SINCE JUN 1      4.67                      2.83   1.84     1.63
  SINCE JAN 1     27.02                     24.05   2.97    24.83

SNOWFALL (IN)
  YESTERDAY        0.0           0.0  2002   0.0    0.0      0.0
                                      2001
  MONTH TO DATE    0.0                       0.0    0.0      0.0
  SINCE JUN 1      0.0                       0.0    0.0      0.0
  SINCE JUL 1      1.2                       9.1   -7.9     12.1
  SNOW DEPTH       0

DEGREE DAYS
 HEATING
  YESTERDAY        0                         0      0        0
  MONTH TO DATE    0                         0      0        0
  SINCE JUN 1      0                         0      0        0
  SINCE JUL 1   3078                      4128  -1050     3292

 COOLING
  YESTERDAY       14                        12      2       20
  MONTH TO DATE  239                       202     37      268
  SINCE JUN 1    239                       202     37      268
  SINCE JAN 1    470                       374     96      418
..................................................................


WIND (MPH)
  HIGHEST WIND SPEED    10   HIGHEST WIND DIRECTION    SE (150)
  HIGHEST GUST SPEED    15   HIGHEST GUST DIRECTION    SW (210)
  AVERAGE WIND SPEED     5.6


SKY COVER
  POSSIBLE SUNSHINE  MM
  AVERAGE SKY COVER 0.0


WEATHER CONDITIONS
 THE FOLLOWING WEATHER WAS RECORDED YESTERDAY.
  NO SIGNIFICANT WEATHER WAS OBSERVED.


RELATIVE HUMIDITY (PERCENT)
 HIGHEST    82          1000 PM
 LOWEST     46           300 PM
 AVERAGE    64

..........................................................


THE PADUCAH KY CLIMATE NORMALS FOR TODAY
                         NORMAL    RECORD    YEAR
 MAXIMUM TEMPERATURE (F)   88       100      1988
 MINIMUM TEMPERATURE (F)   67        45      1992


SUNRISE AND SUNSET
JUNE 22 2017..........SUNRISE   536 AM CDT   SUNSET   818 PM CDT
JUNE 23 2017..........SUNRISE   536 AM CDT   SUNSET   819 PM CDT


-  INDICATES NEGATIVE NUMBERS.
R  INDICATES RECORD WAS SET OR TIED.
MM INDICATES DATA IS MISSING.
T  INDICATES TRACE AMOUNT.


$$

***** AGRICULTURAL DATA *****

SOILD TEMPERATURES AT A DEPTH OF FOUR INCHES
UNDER GRASS... MAX: 78     MIN: 77
