000
CDUS43 KPAH 080634
CLIPAH


CLIMATE REPORT
NATIONAL WEATHER SERVICE PADUCAH KY
1233 AM CST MON FEB 8 2016


...................................

...THE PADUCAH KY CLIMATE SUMMARY FOR FEBRUARY 7 2016...

CLIMATE NORMAL PERIOD 1981 TO 2010
CLIMATE RECORD PERIOD 1937 TO 2016


WEATHER ITEM   OBSERVED TIME   RECORD YEAR NORMAL DEPARTURE LAST
                VALUE   (LST)  VALUE       VALUE  FROM      YEAR
                                                  NORMAL
..................................................................
TEMPERATURE (F)
 YESTERDAY
  MAXIMUM         57    226 PM  66    2013  47     10       62
                                      1999
  MINIMUM         28    415 AM   3    1982  28      0       34
  AVERAGE         43                        37      6       48

PRECIPITATION (IN)
  YESTERDAY        T             1.08 1961   0.13  -0.13     0.00
  MONTH TO DATE    0.36                      0.99  -0.63     0.89
  SINCE DEC 1     10.33                      9.26   1.07     6.34
  SINCE JAN 1      2.91                      4.67  -1.76     3.45

SNOWFALL (IN)
  YESTERDAY        0.0           6.0  2011   0.1   -0.1      0.0
  MONTH TO DATE    0.0                       0.9   -0.9      0.1
  SINCE DEC 1      8.4                       6.1    2.3      0.8
  SINCE JUL 1      8.4                       6.2    2.2      3.6
  SNOW DEPTH       0

DEGREE DAYS
 HEATING
  YESTERDAY       22                        28     -6       17
  MONTH TO DATE  145                       200    -55      207
  SINCE DEC 1   1574                      1996   -422     1903
  SINCE JUL 1   2118                      2773   -655     2840

 COOLING
  YESTERDAY        0                         0      0        0
  MONTH TO DATE    0                         0      0        0
  SINCE DEC 1      6                         0      6        0
  SINCE JAN 1      0                         0      0        0
..................................................................


WIND (MPH)
  HIGHEST WIND SPEED    25   HIGHEST WIND DIRECTION    SW (230)
  HIGHEST GUST SPEED    33   HIGHEST GUST DIRECTION    SW (210)
  AVERAGE WIND SPEED    11.3


SKY COVER
  POSSIBLE SUNSHINE  MM
  AVERAGE SKY COVER 0.1


WEATHER CONDITIONS
 THE FOLLOWING WEATHER WAS RECORDED YESTERDAY.
  LIGHT RAIN


RELATIVE HUMIDITY (PERCENT)
 HIGHEST    75           300 AM
 LOWEST     30          1200 PM
 AVERAGE    53

..........................................................


THE PADUCAH KY CLIMATE NORMALS FOR TODAY
                         NORMAL    RECORD    YEAR
 MAXIMUM TEMPERATURE (F)   47        70      2009
                                             2001
 MINIMUM TEMPERATURE (F)   28        -1      1985


SUNRISE AND SUNSET
FEBRUARY  8 2016......SUNRISE   652 AM CST   SUNSET   527 PM CST
FEBRUARY  9 2016......SUNRISE   651 AM CST   SUNSET   528 PM CST


-  INDICATES NEGATIVE NUMBERS.
R  INDICATES RECORD WAS SET OR TIED.
MM INDICATES DATA IS MISSING.
T  INDICATES TRACE AMOUNT.

&&
.........................................................

***** AGRICULTURAL DATA *****

SOIL TEMPERATURES AT A DEPTH OF FOUR INCHES

UNDER GRASS....  MAX: 42  MIN: 41

$$
