000
CDUS43 KPAH 060633
CLIPAH


CLIMATE REPORT
NATIONAL WEATHER SERVICE PADUCAH KY
130 AM CDT MON JUL 6 2015


...................................

...THE PADUCAH KY CLIMATE SUMMARY FOR JULY 5 2015...

CLIMATE NORMAL PERIOD 1981 TO 2010
CLIMATE RECORD PERIOD 1937 TO 2015


WEATHER ITEM   OBSERVED TIME   RECORD YEAR NORMAL DEPARTURE LAST
                VALUE   (LST)  VALUE       VALUE  FROM      YEAR
                                                  NORMAL
..................................................................
TEMPERATURE (F)
 YESTERDAY
  MAXIMUM         86    431 PM 105    2012  89     -3       85
  MINIMUM         66    554 AM  53    1968  69     -3       57
  AVERAGE         76                        79     -3       71

PRECIPITATION (IN)
  YESTERDAY        0.00          1.56 1975   0.15  -0.15     0.00
  MONTH TO DATE    2.81                      0.73   2.08     0.93
  SINCE JUN 1      5.25                      4.79   0.46     7.62
  SINCE JAN 1     30.87                     26.01   4.86    27.81

SNOWFALL (IN)
  YESTERDAY        0.0                       0.0    0.0      0.0
  MONTH TO DATE    0.0                       0.0    0.0      0.0
  SINCE JUN 1      0.0                       0.0    0.0      0.0
  SINCE JUL 1      0.0                       0.0    0.0      0.0
  SNOW DEPTH       0

DEGREE DAYS
 HEATING
  YESTERDAY        0                         0      0        0
  MONTH TO DATE    0                         0      0        0
  SINCE JUN 1      2                         4     -2        0
  SINCE JUL 1      0                         0      0        0

 COOLING
  YESTERDAY       11                        14     -3        6
  MONTH TO DATE   60                        70    -10       44
  SINCE JUN 1    461                       390     71      449
  SINCE JAN 1    672                       562    110      727
..................................................................


WIND (MPH)
  HIGHEST WIND SPEED     8   HIGHEST WIND DIRECTION    SW (230)
  HIGHEST GUST SPEED    16   HIGHEST GUST DIRECTION     W (250)
  AVERAGE WIND SPEED     1.6


SKY COVER
  POSSIBLE SUNSHINE  MM
  AVERAGE SKY COVER 0.1


WEATHER CONDITIONS
 THE FOLLOWING WEATHER WAS RECORDED YESTERDAY.
  FOG
  FOG W/VISIBILITY <= 1/4 MILE
  HAZE


RELATIVE HUMIDITY (PERCENT)
 HIGHEST   100           500 AM
 LOWEST     48           300 PM
 AVERAGE    74

..........................................................


THE PADUCAH KY CLIMATE NORMALS FOR TODAY
                         NORMAL    RECORD    YEAR
 MAXIMUM TEMPERATURE (F)   89       107      2012
 MINIMUM TEMPERATURE (F)   69        54      1997
                                             1972


SUNRISE AND SUNSET
JULY  6 2015..........SUNRISE   541 AM CDT   SUNSET   818 PM CDT
JULY  7 2015..........SUNRISE   542 AM CDT   SUNSET   818 PM CDT


-  INDICATES NEGATIVE NUMBERS.
R  INDICATES RECORD WAS SET OR TIED.
MM INDICATES DATA IS MISSING.
T  INDICATES TRACE AMOUNT.

&&
..........................................................
***** AGRICULTURAL DATA *****

SOIL TEMPERATURES AT A DEPTH OF FOUR INCHES

UNDER GRASS...   MAX: 76  MIN: 75

$$
