590
CDUS43 KPAH 210929
CLIPAH


CLIMATE REPORT
NATIONAL WEATHER SERVICE PADUCAH KY
426 AM CDT MON AUG 21 2017


...................................

...THE PADUCAH KY CLIMATE SUMMARY FOR AUGUST 20 2017...

CLIMATE NORMAL PERIOD 1981 TO 2010
CLIMATE RECORD PERIOD 1937 TO 2017


WEATHER ITEM   OBSERVED TIME   RECORD YEAR NORMAL DEPARTURE LAST
                VALUE   (LST)  VALUE       VALUE  FROM      YEAR
                                                  NORMAL
..................................................................
TEMPERATURE (F)
 YESTERDAY
  MAXIMUM         94    149 PM 100    1962  89      5       84
  MINIMUM         65    536 AM  54    1943  66     -1       74
  AVERAGE         80                        78      2       79

PRECIPITATION (IN)
  YESTERDAY        0.00          0.80 1989   0.08  -0.08     0.61
  MONTH TO DATE    0.90                      1.83  -0.93     8.81
  SINCE JUN 1      9.72                     10.33  -0.61    18.68
  SINCE JAN 1     32.07                     31.55   0.52    41.88

SNOWFALL (IN)
  YESTERDAY        0.0           0.0  2002   0.0    0.0      0.0
                                      2001
  MONTH TO DATE    0.0                       0.0    0.0      0.0
  SINCE JUN 1      0.0                       0.0    0.0      0.0
  SINCE JUL 1      0.0                       0.0    0.0      0.0
  SNOW DEPTH       0

DEGREE DAYS
 HEATING
  YESTERDAY        0                         0      0        0
  MONTH TO DATE    0                         0      0        0
  SINCE JUN 1      0                         4     -4        0
  SINCE JUL 1      0                         0      0        0

 COOLING
  YESTERDAY       15                        12      3       14
  MONTH TO DATE  219                       260    -41      302
  SINCE JUN 1   1038                      1011     27     1223
  SINCE JAN 1   1269                      1183     86     1373
..................................................................


WIND (MPH)
  HIGHEST WIND SPEED    10   HIGHEST WIND DIRECTION    SW (240)
  HIGHEST GUST SPEED    14   HIGHEST GUST DIRECTION    SW (240)
  AVERAGE WIND SPEED     2.7


SKY COVER
  POSSIBLE SUNSHINE  MM
  AVERAGE SKY COVER 0.0


WEATHER CONDITIONS
 THE FOLLOWING WEATHER WAS RECORDED YESTERDAY.
  FOG


RELATIVE HUMIDITY (PERCENT)
 HIGHEST    93           400 AM
 LOWEST     41           200 PM
 AVERAGE    67

..........................................................


THE PADUCAH KY CLIMATE NORMALS FOR TODAY
                         NORMAL    RECORD    YEAR
 MAXIMUM TEMPERATURE (F)   89       100      1987
 MINIMUM TEMPERATURE (F)   66        50      1950


SUNRISE AND SUNSET
AUGUST 21 2017........SUNRISE   617 AM CDT   SUNSET   739 PM CDT
AUGUST 22 2017........SUNRISE   618 AM CDT   SUNSET   737 PM CDT


-  INDICATES NEGATIVE NUMBERS.
R  INDICATES RECORD WAS SET OR TIED.
MM INDICATES DATA IS MISSING.
T  INDICATES TRACE AMOUNT.




$$
