645
CDUS43 KPAH 120630
CLIPAH


CLIMATE REPORT
NATIONAL WEATHER SERVICE PADUCAH KY
128 AM CDT TUE SEP 12 2017


...................................

...THE PADUCAH KY CLIMATE SUMMARY FOR SEPTEMBER 11 2017...

CLIMATE NORMAL PERIOD 1981 TO 2010
CLIMATE RECORD PERIOD 1937 TO 2017


WEATHER ITEM   OBSERVED TIME   RECORD YEAR NORMAL DEPARTURE LAST
                VALUE   (LST)  VALUE       VALUE  FROM      YEAR
                                                  NORMAL
..................................................................
TEMPERATURE (F)
 YESTERDAY
  MAXIMUM         75    122 PM  98    1938  84     -9       81
  MINIMUM         52    514 AM  42    1940  60     -8       54
  AVERAGE         64                        72     -8       68

PRECIPITATION (IN)
  YESTERDAY        0.00          4.74 1965   0.13  -0.13     0.00
  MONTH TO DATE    1.32                      1.25   0.07     0.14
  SINCE SEP 1      1.32                      1.25   0.07     0.14
  SINCE JAN 1     34.45                     33.73   0.72    42.81

SNOWFALL (IN)
  YESTERDAY        0.0           0.0  2002   0.0    0.0      0.0
                                      2001
  MONTH TO DATE    0.0                       0.0    0.0      0.0
  SINCE SEP 1      0.0                       0.0    0.0      0.0
  SINCE JUL 1      0.0                       0.0    0.0      0.0
  SNOW DEPTH       0

DEGREE DAYS
 HEATING
  YESTERDAY        1                         0      1        0
  MONTH TO DATE    9                         0      9        0
  SINCE SEP 1      9                         0      9        0
  SINCE JUL 1      9                         1      8        0

 COOLING
  YESTERDAY        0                         7     -7        3
  MONTH TO DATE   32                        97    -65      124
  SINCE SEP 1     32                        97    -65      124
  SINCE JAN 1   1406                      1410     -4     1654
..................................................................


WIND (MPH)
  HIGHEST WIND SPEED    17   HIGHEST WIND DIRECTION    NE (40)
  HIGHEST GUST SPEED    22   HIGHEST GUST DIRECTION    NE (30)
  AVERAGE WIND SPEED     7.4


SKY COVER
  POSSIBLE SUNSHINE  MM
  AVERAGE SKY COVER 0.0


WEATHER CONDITIONS
 THE FOLLOWING WEATHER WAS RECORDED YESTERDAY.
  NO SIGNIFICANT WEATHER WAS OBSERVED.


RELATIVE HUMIDITY (PERCENT)
 HIGHEST    89           200 AM
 LOWEST     44           100 PM
 AVERAGE    67

..........................................................


THE PADUCAH KY CLIMATE NORMALS FOR TODAY
                         NORMAL    RECORD    YEAR
 MAXIMUM TEMPERATURE (F)   84        96      1938
 MINIMUM TEMPERATURE (F)   60        46      1968


SUNRISE AND SUNSET
SEPTEMBER 12 2017.....SUNRISE   635 AM CDT   SUNSET   707 PM CDT
SEPTEMBER 13 2017.....SUNRISE   636 AM CDT   SUNSET   705 PM CDT


-  INDICATES NEGATIVE NUMBERS.
R  INDICATES RECORD WAS SET OR TIED.
MM INDICATES DATA IS MISSING.
T  INDICATES TRACE AMOUNT.

&&

..............................................

     ***** AGRICULTURAL DATA *****

SOIL TEMPERATURES AT A DEPTH OF FOUR INCHES

UNDER GRASS... MAX: 72     MIN: 71


$$
