000
CDUS43 KPAH 020628
CLIPAH


CLIMATE REPORT
NATIONAL WEATHER SERVICE PADUCAH KY
1226 AM CST FRI DEC 2 2016

...................................

...THE PADUCAH KY CLIMATE SUMMARY FOR DECEMBER 1 2016...

CLIMATE NORMAL PERIOD 1981 TO 2010
CLIMATE RECORD PERIOD 1937 TO 2016

WEATHER ITEM   OBSERVED TIME   RECORD YEAR NORMAL DEPARTURE LAST
                VALUE   (LST)  VALUE       VALUE  FROM      YEAR
                                                  NORMAL
..................................................................
TEMPERATURE (F)
 YESTERDAY
  MAXIMUM         49    244 PM  71    1962  51     -2       54
  MINIMUM         29   1146 PM  17    1964  32     -3       36
  AVERAGE         39                        42     -3       45

PRECIPITATION (IN)
  YESTERDAY        0.00          1.15 1968   0.15  -0.15     0.02
  MONTH TO DATE    0.00                      0.15  -0.15     0.02
  SINCE DEC 1      0.00                      0.15  -0.15     0.02
  SINCE JAN 1     46.49                     44.64   1.85    51.77

SNOWFALL (IN)
  YESTERDAY        0.0           0.6  1974   0.0    0.0      0.0
  MONTH TO DATE    0.0                       0.0    0.0      0.0
  SINCE DEC 1      0.0                       0.0    0.0      0.0
  SINCE JUL 1      0.0                       0.1   -0.1      0.0
  SNOW DEPTH       0

DEGREE DAYS
 HEATING
  YESTERDAY       26                        23      3       20
  MONTH TO DATE   26                        23      3       20
  SINCE DEC 1     26                        23      3       20
  SINCE JUL 1    527                       800   -273      564

 COOLING
  YESTERDAY        0                         0      0        0
  MONTH TO DATE    0                         0      0        0
  SINCE DEC 1      0                         0      0        0
  SINCE JAN 1   1953                      1542    411     1690
..................................................................

WIND (MPH)
  HIGHEST WIND SPEED    16   HIGHEST WIND DIRECTION     W (260)
  HIGHEST GUST SPEED    20   HIGHEST GUST DIRECTION     W (250)
  AVERAGE WIND SPEED     7.6

SKY COVER
  POSSIBLE SUNSHINE  MM
  AVERAGE SKY COVER 0.0

WEATHER CONDITIONS
 THE FOLLOWING WEATHER WAS RECORDED YESTERDAY.
  NO SIGNIFICANT WEATHER WAS OBSERVED.

RELATIVE HUMIDITY (PERCENT)
 HIGHEST    75           200 AM
 LOWEST     42          1200 PM
 AVERAGE    59
..........................................................

THE PADUCAH KY CLIMATE NORMALS FOR TODAY
                         NORMAL    RECORD    YEAR
 MAXIMUM TEMPERATURE (F)   51        77      1982
 MINIMUM TEMPERATURE (F)   32        15      1944

SUNRISE AND SUNSET
DECEMBER  2 2016......SUNRISE   651 AM CST   SUNSET   438 PM CST
DECEMBER  3 2016......SUNRISE   652 AM CST   SUNSET   438 PM CST

-  INDICATES NEGATIVE NUMBERS.
R  INDICATES RECORD WAS SET OR TIED.
MM INDICATES DATA IS MISSING.
T  INDICATES TRACE AMOUNT.

$$
