000
CDUS43 KPAH 140630
CLIPAH


CLIMATE REPORT
NATIONAL WEATHER SERVICE PADUCAH KY
128 AM CDT THU MAY 14 2015


...................................

...THE PADUCAH KY CLIMATE SUMMARY FOR MAY 13 2015...

CLIMATE NORMAL PERIOD 1981 TO 2010
CLIMATE RECORD PERIOD 1937 TO 2015


WEATHER ITEM   OBSERVED TIME   RECORD YEAR NORMAL DEPARTURE LAST
                VALUE   (LST)  VALUE       VALUE  FROM      YEAR
                                                  NORMAL
..................................................................
TEMPERATURE (F)
 YESTERDAY
  MAXIMUM         77    405 PM  89    1998  77      0       81
  MINIMUM         46    407 AM  37    2013  56    -10       60
  AVERAGE         62                        66     -4       71

PRECIPITATION (IN)
  YESTERDAY        0.00          1.86 2002   0.18  -0.18     0.06
  MONTH TO DATE    0.56                      2.28  -1.72     0.54
  SINCE MAR 1     15.18                     10.97   4.21    12.66
  SINCE JAN 1     22.47                     18.56   3.91    17.84

SNOWFALL (IN)
  YESTERDAY        0.0           T    2011   0.0    0.0      0.0
  MONTH TO DATE    0.0                       0.0    0.0      0.0
  SINCE MAR 1     12.1                       0.6   11.5      5.6
  SINCE JUL 1     28.6                       9.1   19.5     18.5
  SNOW DEPTH       0

DEGREE DAYS
 HEATING
  YESTERDAY        3                         2      1        0
  MONTH TO DATE   23                        40    -17       20
  SINCE MAR 1    779                       808    -29      849
  SINCE JUL 1   4448                      4104    344     4504

 COOLING
  YESTERDAY        0                         4     -4        6
  MONTH TO DATE   68                        34     34      102
  SINCE MAR 1    110                        76     34      132
  SINCE JAN 1    110                        76     34      132
..................................................................


WIND (MPH)
  HIGHEST WIND SPEED    14   HIGHEST WIND DIRECTION     E (70)
  HIGHEST GUST SPEED    20   HIGHEST GUST DIRECTION     E (80)
  AVERAGE WIND SPEED     6.3


SKY COVER
  POSSIBLE SUNSHINE  MM
  AVERAGE SKY COVER 0.0


WEATHER CONDITIONS
 THE FOLLOWING WEATHER WAS RECORDED YESTERDAY.
  NO SIGNIFICANT WEATHER WAS OBSERVED.


RELATIVE HUMIDITY (PERCENT)
 HIGHEST    93           200 AM
 LOWEST     36           200 PM
 AVERAGE    65

..........................................................


THE PADUCAH KY CLIMATE NORMALS FOR TODAY
                         NORMAL    RECORD    YEAR
 MAXIMUM TEMPERATURE (F)   77        91      1995
 MINIMUM TEMPERATURE (F)   56        43      1996
                                             1973
                                             1971


SUNRISE AND SUNSET
MAY 14 2015...........SUNRISE   548 AM CDT   SUNSET   755 PM CDT
MAY 15 2015...........SUNRISE   547 AM CDT   SUNSET   756 PM CDT


-  INDICATES NEGATIVE NUMBERS.
R  INDICATES RECORD WAS SET OR TIED.
MM INDICATES DATA IS MISSING.
T  INDICATES TRACE AMOUNT.

&&
..........................................................
***** AGRICULTURAL DATA *****

SOIL TEMPERATURES AT A DEPTH OF FOUR INCHES

UNDER GRASS...  MAX: 67  MIN: 66


$$
