889
CDUS43 KPAH 180644
CLIPAH


CLIMATE REPORT
NATIONAL WEATHER SERVICE PADUCAH KY
138 AM CDT THU MAY 18 2017


...................................

...THE PADUCAH KY CLIMATE SUMMARY FOR MAY 17 2017...

CLIMATE NORMAL PERIOD 1981 TO 2010
CLIMATE RECORD PERIOD 1937 TO 2017


WEATHER ITEM   OBSERVED TIME   RECORD YEAR NORMAL DEPARTURE LAST
                VALUE   (LST)  VALUE       VALUE  FROM      YEAR
                                                  NORMAL
..................................................................
TEMPERATURE (F)
 YESTERDAY
  MAXIMUM         84    357 PM  93    1962  78      6       59
                                      1944
  MINIMUM         71    534 AM  41    1942  57     14       50
  AVERAGE         78                        67     11       55

PRECIPITATION (IN)
  YESTERDAY        0.02          2.92 2002   0.14  -0.12     0.37
  MONTH TO DATE    3.56                      2.91   0.65     3.24
  SINCE MAR 1     16.13                     11.60   4.53    15.71
  SINCE JAN 1     20.96                     19.19   1.77    21.17

SNOWFALL (IN)
  YESTERDAY        0.0           0.0  2002   0.0    0.0      0.0
                                      2001
  MONTH TO DATE    0.0                       0.0    0.0      0.0
  SINCE MAR 1      1.0                       0.6    0.4       T
  SINCE JUL 1      1.2                       9.1   -7.9     12.1
  SNOW DEPTH       0

DEGREE DAYS
 HEATING
  YESTERDAY        0                         2     -2       10
  MONTH TO DATE   57                        48      9       74
  SINCE MAR 1    597                       816   -219      613
  SINCE JUL 1   3076                      4112  -1036     3275

 COOLING
  YESTERDAY       13                         4      9        0
  MONTH TO DATE   59                        50      9       34
  SINCE MAR 1    135                        92     43       70
  SINCE JAN 1    135                        92     43       70
..................................................................


WIND (MPH)
  HIGHEST WIND SPEED    25   HIGHEST WIND DIRECTION     S (170)
  HIGHEST GUST SPEED    35   HIGHEST GUST DIRECTION     S (160)
  AVERAGE WIND SPEED     9.7


SKY COVER
  POSSIBLE SUNSHINE  MM
  AVERAGE SKY COVER 0.3


WEATHER CONDITIONS
 THE FOLLOWING WEATHER WAS RECORDED YESTERDAY.
  THUNDERSTORM
  LIGHT RAIN


RELATIVE HUMIDITY (PERCENT)
 HIGHEST    68           400 AM
 LOWEST     44           200 PM
 AVERAGE    56

..........................................................


THE PADUCAH KY CLIMATE NORMALS FOR TODAY
                         NORMAL    RECORD    YEAR
 MAXIMUM TEMPERATURE (F)   79        92      1962
                                             1951
 MINIMUM TEMPERATURE (F)   57        39      2002


SUNRISE AND SUNSET
MAY 18 2017...........SUNRISE   544 AM CDT   SUNSET   759 PM CDT
MAY 19 2017...........SUNRISE   544 AM CDT   SUNSET   800 PM CDT


-  INDICATES NEGATIVE NUMBERS.
R  INDICATES RECORD WAS SET OR TIED.
MM INDICATES DATA IS MISSING.
T  INDICATES TRACE AMOUNT.


***** AGRICULTURAL DATA *****

SOIL TEMPERATURES AT A DEPTH OF FOUR INCHES

UNDER GRASS...  MAX: 68    MIN: 67


$$
