841
CDUS43 KPAH 020633
CLIPAH


CLIMATE REPORT
NATIONAL WEATHER SERVICE PADUCAH KY
1229 AM CST TUE FEB 2 2016


...................................

...THE PADUCAH KY CLIMATE SUMMARY FOR FEBRUARY 1 2016...

CLIMATE NORMAL PERIOD 1981 TO 2010
CLIMATE RECORD PERIOD 1937 TO 2016


WEATHER ITEM   OBSERVED TIME   RECORD YEAR NORMAL DEPARTURE LAST
                VALUE   (LST)  VALUE       VALUE  FROM      YEAR
                                                  NORMAL
..................................................................
TEMPERATURE (F)
 YESTERDAY
  MAXIMUM         60    251 PM  70    1974  45     15       51
  MINIMUM         43    704 AM -11    1951  27     16       34
  AVERAGE         52                        36     16       43

PRECIPITATION (IN)
  YESTERDAY        0.13          2.54 1988   0.15  -0.02     0.89
  MONTH TO DATE    0.13                      0.15  -0.02     0.89
  SINCE DEC 1     10.10                      8.42   1.68     6.34
  SINCE JAN 1      2.68                      3.83  -1.15     3.45

SNOWFALL (IN)
  YESTERDAY        0.0           2.0  1965   0.1   -0.1       T
  MONTH TO DATE    0.0                       0.1   -0.1       T
  SINCE DEC 1      8.4                       5.3    3.1      0.7
  SINCE JUL 1      8.4                       5.4    3.0      3.5
  SNOW DEPTH       0

DEGREE DAYS
 HEATING
  YESTERDAY       13                        29    -16       22
  MONTH TO DATE   13                        29    -16       22
  SINCE DEC 1   1442                      1825   -383     1718
  SINCE JUL 1   1986                      2602   -616     2655

 COOLING
  YESTERDAY        0                         0      0        0
  MONTH TO DATE    0                         0      0        0
  SINCE DEC 1      6                         0      6        0
  SINCE JAN 1      0                         0      0        0
..................................................................


WIND (MPH)
  HIGHEST WIND SPEED    14   HIGHEST WIND DIRECTION    NE (50)
  HIGHEST GUST SPEED    20   HIGHEST GUST DIRECTION    NE (40)
  AVERAGE WIND SPEED     8.4


SKY COVER
  POSSIBLE SUNSHINE  MM
  AVERAGE SKY COVER 0.4


WEATHER CONDITIONS
 THE FOLLOWING WEATHER WAS RECORDED YESTERDAY.
  HEAVY RAIN
  LIGHT RAIN


RELATIVE HUMIDITY (PERCENT)
 HIGHEST    80          1200 AM
 LOWEST     40           300 PM
 AVERAGE    60

..........................................................


THE PADUCAH KY CLIMATE NORMALS FOR TODAY
                         NORMAL    RECORD    YEAR
 MAXIMUM TEMPERATURE (F)   45        66      1997
 MINIMUM TEMPERATURE (F)   27       -14      1951


SUNRISE AND SUNSET
FEBRUARY  2 2016......SUNRISE   657 AM CST   SUNSET   521 PM CST
FEBRUARY  3 2016......SUNRISE   656 AM CST   SUNSET   522 PM CST


-  INDICATES NEGATIVE NUMBERS.
R  INDICATES RECORD WAS SET OR TIED.
MM INDICATES DATA IS MISSING.
T  INDICATES TRACE AMOUNT.

&&
......................................................
***** AGRICULTURAL DATA *****

SOIL TEMPERATURES AT A DEPTH OF FOUR INCHES

UNDER GRASS...  MAX: 45 MIN: 43

$$
