000
CDUS43 KPAH 072129
CLIPAH


CLIMATE REPORT
NATIONAL WEATHER SERVICE PADUCAH KY
426 PM CDT SAT MAY 7 2016

...................................

...THE PADUCAH KY CLIMATE SUMMARY FOR MAY 7 2016...
VALID TODAY AS OF 0400 PM LOCAL TIME.

CLIMATE NORMAL PERIOD 1981 TO 2010
CLIMATE RECORD PERIOD 1937 TO 2016

WEATHER ITEM   OBSERVED TIME   RECORD YEAR NORMAL DEPARTURE LAST
                VALUE   (LST)  VALUE       VALUE  FROM      YEAR
                                                  NORMAL
..................................................................
TEMPERATURE (F)
 TODAY
  MAXIMUM         86    259 PM  90    1940  76     10       86
  MINIMUM         54    505 AM  32    1944  54      0       57
  AVERAGE         70                        65      5       72

PRECIPITATION (IN)
  TODAY            0.00          1.59 1984   0.18  -0.18     0.00
  MONTH TO DATE    0.01                      1.23  -1.22     0.00
  SINCE MAR 1     12.48                      9.92   2.56    14.62
  SINCE JAN 1     17.94                     17.51   0.43    21.91

SNOWFALL (IN)
  TODAY            0.0                                       0.0
  MONTH TO DATE    0.0                                       0.0
  SINCE JUL 1     12.1                                      28.6
  SNOW DEPTH       0
..................................................................

WIND (MPH)
  HIGHEST WIND SPEED    20   HIGHEST WIND DIRECTION     W (260)
  HIGHEST GUST SPEED    26   HIGHEST GUST DIRECTION     W (270)

RELATIVE HUMIDITY (PERCENT)
 HIGHEST    72
 LOWEST     29
..........................................................

THE PADUCAH KY CLIMATE NORMALS FOR TOMORROW
                         NORMAL    RECORD    YEAR
 MAXIMUM TEMPERATURE (F)   76        90      1986
                                             1940
 MINIMUM TEMPERATURE (F)   54        36      1944

SUNRISE AND SUNSET
MAY  7 2016...........SUNRISE   554 AM CDT   SUNSET   750 PM CDT
MAY  8 2016...........SUNRISE   553 AM CDT   SUNSET   751 PM CDT

-  INDICATES NEGATIVE NUMBERS.
R  INDICATES RECORD WAS SET OR TIED.
MM INDICATES DATA IS MISSING.
T  INDICATES TRACE AMOUNT.

$$
