000
CDUS43 KPAH 252132
CLIPAH


CLIMATE REPORT
NATIONAL WEATHER SERVICE PADUCAH KY
430 PM CDT SAT JUL 25 2015


...................................

...THE PADUCAH KY CLIMATE SUMMARY FOR JULY 25 2015...
VALID TODAY AS OF 0400 PM LOCAL TIME.

CLIMATE NORMAL PERIOD 1981 TO 2010
CLIMATE RECORD PERIOD 1937 TO 2015


WEATHER ITEM   OBSERVED TIME   RECORD YEAR NORMAL DEPARTURE LAST
                VALUE   (LST)  VALUE       VALUE  FROM      YEAR
                                                  NORMAL
..................................................................
TEMPERATURE (F)
 TODAY
  MAXIMUM         91    234 PM 104    1945  89      2       83
  MINIMUM         71    539 AM  54    1948  68      3       57
  AVERAGE         81                        79      2       70

PRECIPITATION (IN)
  TODAY            0.00          1.94 2008   0.14  -0.14     0.00
  MONTH TO DATE    9.93                      3.66   6.27     2.04
  SINCE JUN 1     12.37                      7.72   4.65     8.73
  SINCE JAN 1     37.99                     28.94   9.05    28.92

SNOWFALL (IN)
  TODAY            0.0                                       0.0
  MONTH TO DATE    0.0                                       0.0
  SINCE JUL 1      0.0                                       0.0
  SNOW DEPTH       0

..................................................................


WIND (MPH)
  HIGHEST WIND SPEED    12   HIGHEST WIND DIRECTION    SE (140)
  HIGHEST GUST SPEED    14   HIGHEST GUST DIRECTION    SE (140)




RELATIVE HUMIDITY (PERCENT)
 HIGHEST    93
 LOWEST     59

..........................................................


THE PADUCAH KY CLIMATE NORMALS FOR TOMORROW
                         NORMAL    RECORD    YEAR
 MAXIMUM TEMPERATURE (F)   89       102      1952
 MINIMUM TEMPERATURE (F)   68        55      1948


SUNRISE AND SUNSET
JULY 25 2015..........SUNRISE   554 AM CDT   SUNSET   808 PM CDT
JULY 26 2015..........SUNRISE   555 AM CDT   SUNSET   808 PM CDT


-  INDICATES NEGATIVE NUMBERS.
R  INDICATES RECORD WAS SET OR TIED.
MM INDICATES DATA IS MISSING.
T  INDICATES TRACE AMOUNT.




$$
