000
CDUS43 KPAH 062133
CLIPAH


CLIMATE REPORT
NATIONAL WEATHER SERVICE PADUCAH KY
431 PM CDT SAT SEP 6 2014


...................................

...THE PADUCAH KY CLIMATE SUMMARY FOR SEPTEMBER 6 2014...
VALID TODAY AS OF 0400 PM LOCAL TIME.

CLIMATE NORMAL PERIOD 1981 TO 2010
CLIMATE RECORD PERIOD 1937 TO 2014


WEATHER ITEM   OBSERVED TIME   RECORD YEAR NORMAL DEPARTURE LAST
                VALUE   (LST)  VALUE       VALUE  FROM      YEAR
                                                  NORMAL
..................................................................
TEMPERATURE (F)
 TODAY
  MAXIMUM         81    200 PM 101    1954  86     -5       88
  MINIMUM         73        MM  43    1988  62     11       64
  AVERAGE         77                        74      3       76

PRECIPITATION (IN)
  TODAY            0.00          1.50 1948   0.11  -0.11     0.00
  MONTH TO DATE    0.00                      0.63  -0.63     0.21
  SINCE SEP 1      0.00                      0.63  -0.63     0.21
  SINCE JAN 1     36.77                     33.11   3.66    40.98

SNOWFALL (IN)
  TODAY            0.0                                       0.0
  MONTH TO DATE    0.0                                       0.0
  SINCE JUL 1      0.0                                       0.0
  SNOW DEPTH       0

..................................................................


WIND (MPH)
  HIGHEST WIND SPEED    15   HIGHEST WIND DIRECTION     N (10)
  HIGHEST GUST SPEED    MM   HIGHEST GUST DIRECTION    MM




RELATIVE HUMIDITY (PERCENT)
 HIGHEST    87
 LOWEST     64

..........................................................


THE PADUCAH KY CLIMATE NORMALS FOR TOMORROW
                         NORMAL    RECORD    YEAR
 MAXIMUM TEMPERATURE (F)   85       100      1960
                                             1947
 MINIMUM TEMPERATURE (F)   61        42      1988


SUNRISE AND SUNSET
SEPTEMBER  6 2014.....SUNRISE   630 AM CDT   SUNSET   716 PM CDT
SEPTEMBER  7 2014.....SUNRISE   631 AM CDT   SUNSET   715 PM CDT


-  INDICATES NEGATIVE NUMBERS.
R  INDICATES RECORD WAS SET OR TIED.
MM INDICATES DATA IS MISSING.
T  INDICATES TRACE AMOUNT.




$$
