000
CDUS43 KPAH 070633
CLIPAH


CLIMATE REPORT
NATIONAL WEATHER SERVICE PADUCAH KY
132 AM CDT MON APR 7 2014


...................................

...THE PADUCAH KY CLIMATE SUMMARY FOR APRIL 6 2014...

CLIMATE NORMAL PERIOD 1981 TO 2010
CLIMATE RECORD PERIOD 1937 TO 2014


WEATHER ITEM   OBSERVED TIME   RECORD YEAR NORMAL DEPARTURE LAST
                VALUE   (LST)  VALUE       VALUE  FROM      YEAR
                                                  NORMAL
..................................................................
TEMPERATURE (F)
 YESTERDAY
  MAXIMUM         63    216 PM  83    1991  66     -3       73
  MINIMUM         36    534 AM  27    1982  44     -8       41
  AVERAGE         50                        55     -5       57

PRECIPITATION (IN)
  YESTERDAY        0.00          2.06 1939   0.15  -0.15     0.00
  MONTH TO DATE    2.44                      0.87   1.57      T
  SINCE MAR 1      6.09                      4.80   1.29     4.02
  SINCE JAN 1     11.27                     12.39  -1.12    15.77

SNOWFALL (IN)
  YESTERDAY        0.0           0.5  1971   0.0    0.0      0.0
  MONTH TO DATE    0.0                       0.0    0.0      0.0
  SINCE MAR 1      5.6                       0.6    5.0      0.7
  SINCE JUL 1     18.5                       9.1    9.4      6.8
  SNOW DEPTH       0

DEGREE DAYS
 HEATING
  YESTERDAY       15                        11      4        8
  MONTH TO DATE   40                        69    -29      107
  SINCE MAR 1    686                       592     94      822
  SINCE JUL 1   4341                      3888    453     3933

 COOLING
  YESTERDAY        0                         1     -1        0
  MONTH TO DATE    9                         6      3        0
  SINCE MAR 1      9                        13     -4        0
  SINCE JAN 1      9                        13     -4        0
..................................................................


WIND (MPH)
  HIGHEST WIND SPEED    17   HIGHEST WIND DIRECTION     E (80)
  HIGHEST GUST SPEED    22   HIGHEST GUST DIRECTION     E (100)
  AVERAGE WIND SPEED     5.0


SKY COVER
  POSSIBLE SUNSHINE  MM
  AVERAGE SKY COVER 0.2


WEATHER CONDITIONS
 THE FOLLOWING WEATHER WAS RECORDED YESTERDAY.
  HAZE


RELATIVE HUMIDITY (PERCENT)
 HIGHEST    85           300 AM
 LOWEST     32           200 PM
 AVERAGE    59

..........................................................


THE PADUCAH KY CLIMATE NORMALS FOR TODAY
                         NORMAL    RECORD    YEAR
 MAXIMUM TEMPERATURE (F)   67        85      2001
 MINIMUM TEMPERATURE (F)   44        24      1990


SUNRISE AND SUNSET
APRIL  7 2014.........SUNRISE   632 AM CDT   SUNSET   723 PM CDT
APRIL  8 2014.........SUNRISE   631 AM CDT   SUNSET   724 PM CDT


-  INDICATES NEGATIVE NUMBERS.
R  INDICATES RECORD WAS SET OR TIED.
MM INDICATES DATA IS MISSING.
T  INDICATES TRACE AMOUNT.

&&
..........................................................

***** AGRICULTURAL DATA *****

SOIL TEMPERATURES AT A DEPTH OF FOUR INCHES

UNDER GRASS.........  MAX: 56  MIN: 54

$$
