000
CDUS43 KPAH 032129
CLIPAH


CLIMATE REPORT
NATIONAL WEATHER SERVICE PADUCAH KY
426 PM CDT SUN JUL 3 2016

...................................

...THE PADUCAH KY CLIMATE SUMMARY FOR JULY 3 2016...
VALID TODAY AS OF 0400 PM LOCAL TIME.

CLIMATE NORMAL PERIOD 1981 TO 2010
CLIMATE RECORD PERIOD 1937 TO 2016

WEATHER ITEM   OBSERVED TIME   RECORD YEAR NORMAL DEPARTURE LAST
                VALUE   (LST)  VALUE       VALUE  FROM      YEAR
                                                  NORMAL
..................................................................
TEMPERATURE (F)
 TODAY
  MAXIMUM         89   1219 PM 103    1941  89      0       85
  MINIMUM         66    249 AM  50    1947  69     -3       70
  AVERAGE         78                        79     -1       78

PRECIPITATION (IN)
  TODAY            0.01          5.48 1983   0.15  -0.14     0.25
  MONTH TO DATE    0.24                      0.44  -0.20     2.81
  SINCE JUN 1      1.96                      4.50  -2.54     5.25
  SINCE JAN 1     25.16                     25.72  -0.56    30.87

SNOWFALL (IN)
  TODAY            0.0                                       0.0
  MONTH TO DATE    0.0                                       0.0
  SINCE JUL 1      0.0                                       0.0
  SNOW DEPTH       0
..................................................................

WIND (MPH)
  HIGHEST WIND SPEED    14   HIGHEST WIND DIRECTION    SW (240)
  HIGHEST GUST SPEED    19   HIGHEST GUST DIRECTION    SW (240)

RELATIVE HUMIDITY (PERCENT)
 HIGHEST    87
 LOWEST     63
..........................................................

THE PADUCAH KY CLIMATE NORMALS FOR TOMORROW
                         NORMAL    RECORD    YEAR
 MAXIMUM TEMPERATURE (F)   89       101      2012
 MINIMUM TEMPERATURE (F)   69        52      1968

SUNRISE AND SUNSET
JULY  3 2016..........SUNRISE   540 AM CDT   SUNSET   818 PM CDT
JULY  4 2016..........SUNRISE   541 AM CDT   SUNSET   818 PM CDT

-  INDICATES NEGATIVE NUMBERS.
R  INDICATES RECORD WAS SET OR TIED.
MM INDICATES DATA IS MISSING.
T  INDICATES TRACE AMOUNT.

$$
