000
CDUS43 KPAH 232134
CLIPAH


CLIMATE REPORT
NATIONAL WEATHER SERVICE PADUCAH KY
433 PM CDT TUE JUN 23 2015


...................................

...THE PADUCAH KY CLIMATE SUMMARY FOR JUNE 23 2015...
VALID TODAY AS OF 0400 PM LOCAL TIME.

CLIMATE NORMAL PERIOD 1981 TO 2010
CLIMATE RECORD PERIOD 1937 TO 2015


WEATHER ITEM   OBSERVED TIME   RECORD YEAR NORMAL DEPARTURE LAST
                VALUE   (LST)  VALUE       VALUE  FROM      YEAR
                                                  NORMAL
..................................................................
TEMPERATURE (F)
 TODAY
  MAXIMUM         91    137 PM 103    1988  88      3       92
  MINIMUM         78    332 AM  51    1972  67     11       74
  AVERAGE         85                        78      7       83

PRECIPITATION (IN)
  TODAY            0.00          3.54 1980   0.14  -0.14     0.13
  MONTH TO DATE    2.01                      3.11  -1.10     4.81
  SINCE JUN 1      2.01                      3.11  -1.10     4.81
  SINCE JAN 1     27.63                     24.33   3.30    25.00

SNOWFALL (IN)
  TODAY            0.0                                       0.0
  MONTH TO DATE    0.0                                       0.0
  SINCE JUL 1     28.6                                      18.5
  SNOW DEPTH       0

..................................................................


WIND (MPH)
  HIGHEST WIND SPEED    18   HIGHEST WIND DIRECTION     W (260)
  HIGHEST GUST SPEED    24   HIGHEST GUST DIRECTION     W (260)




RELATIVE HUMIDITY (PERCENT)
 HIGHEST    85
 LOWEST     63

..........................................................


THE PADUCAH KY CLIMATE NORMALS FOR TOMORROW
                         NORMAL    RECORD    YEAR
 MAXIMUM TEMPERATURE (F)   88       103      1988
 MINIMUM TEMPERATURE (F)   67        49      1972


SUNRISE AND SUNSET
JUNE 23 2015..........SUNRISE   536 AM CDT   SUNSET   819 PM CDT
JUNE 24 2015..........SUNRISE   536 AM CDT   SUNSET   819 PM CDT


-  INDICATES NEGATIVE NUMBERS.
R  INDICATES RECORD WAS SET OR TIED.
MM INDICATES DATA IS MISSING.
T  INDICATES TRACE AMOUNT.




$$
