000
CDUS43 KPAH 140631
CLIPAH


CLIMATE REPORT
NATIONAL WEATHER SERVICE PADUCAH KY
128 AM CDT SUN SEP 14 2014


...................................

...THE PADUCAH KY CLIMATE SUMMARY FOR SEPTEMBER 13 2014...

CLIMATE NORMAL PERIOD 1981 TO 2010
CLIMATE RECORD PERIOD 1937 TO 2014


WEATHER ITEM   OBSERVED TIME   RECORD YEAR NORMAL DEPARTURE LAST
                VALUE   (LST)  VALUE       VALUE  FROM      YEAR
                                                  NORMAL
..................................................................
TEMPERATURE (F)
 YESTERDAY
  MAXIMUM         70    311 PM 100    1939  83    -13       79
  MINIMUM         50   1159 PM  44    1940  59     -9       56
  AVERAGE         60                        71    -11       68

PRECIPITATION (IN)
  YESTERDAY        0.00          1.42 1974   0.13  -0.13     0.00
  MONTH TO DATE    0.91                      1.52  -0.61     0.26
  SINCE SEP 1      0.91                      1.52  -0.61     0.26
  SINCE JAN 1     37.68                     34.00   3.68    41.03

SNOWFALL (IN)
  YESTERDAY        0.0           0.0  2002   0.0    0.0      0.0
                                      2001
  MONTH TO DATE    0.0                       0.0    0.0      0.0
  SINCE SEP 1      0.0                       0.0    0.0      0.0
  SINCE JUL 1      0.0                       0.0    0.0      0.0
  SNOW DEPTH       0

DEGREE DAYS
 HEATING
  YESTERDAY        5                         1      4        0
  MONTH TO DATE    8                         1      7        0
  SINCE SEP 1      8                         1      7        0
  SINCE JUL 1      8                         2      6        0

 COOLING
  YESTERDAY        0                         7     -7        3
  MONTH TO DATE  137                       111     26      157
  SINCE SEP 1    137                       111     26      157
  SINCE JAN 1   1608                      1424    184     1331
..................................................................


WIND (MPH)
  HIGHEST WIND SPEED    18   HIGHEST WIND DIRECTION     N (20)
  HIGHEST GUST SPEED    26   HIGHEST GUST DIRECTION     N (20)
  AVERAGE WIND SPEED     8.8


SKY COVER
  POSSIBLE SUNSHINE  MM
  AVERAGE SKY COVER 0.4


WEATHER CONDITIONS
 THE FOLLOWING WEATHER WAS RECORDED YESTERDAY.
  NO SIGNIFICANT WEATHER WAS OBSERVED.


RELATIVE HUMIDITY (PERCENT)
 HIGHEST    89          1000 PM
 LOWEST     42           200 PM
 AVERAGE    66

..........................................................


THE PADUCAH KY CLIMATE NORMALS FOR TODAY
                         NORMAL    RECORD    YEAR
 MAXIMUM TEMPERATURE (F)   83       102      1939
 MINIMUM TEMPERATURE (F)   59        41      1964


SUNRISE AND SUNSET
SEPTEMBER 14 2014.....SUNRISE   636 AM CDT   SUNSET   704 PM CDT
SEPTEMBER 15 2014.....SUNRISE   637 AM CDT   SUNSET   703 PM CDT


-  INDICATES NEGATIVE NUMBERS.
R  INDICATES RECORD WAS SET OR TIED.
MM INDICATES DATA IS MISSING.
T  INDICATES TRACE AMOUNT.

&&
..........................................................
***** AGRICULTURAL DATA *****

SOIL TEMPERATURES AT A DEPTH OF FOUR INCHES

UNDER BARE GROUND...  MAX: MM  MIN: MM
UNDER GRASS.........  MAX: 74  MIN: 73



$$
