000
CDUS43 KPAH 082134
CLIPAH


CLIMATE REPORT
NATIONAL WEATHER SERVICE PADUCAH KY
432 PM CDT TUE APR 8 2014


...................................

...THE PADUCAH KY CLIMATE SUMMARY FOR APRIL 8 2014...
VALID TODAY AS OF 0400 PM LOCAL TIME.

CLIMATE NORMAL PERIOD 1981 TO 2010
CLIMATE RECORD PERIOD 1937 TO 2014


WEATHER ITEM   OBSERVED TIME   RECORD YEAR NORMAL DEPARTURE LAST
                VALUE   (LST)  VALUE       VALUE  FROM      YEAR
                                                  NORMAL
..................................................................
TEMPERATURE (F)
 TODAY
  MAXIMUM         57    236 PM  85    1978  67    -10       75
  MINIMUM         42   1223 AM  21    2007  44     -2       56
  AVERAGE         50                        56     -6       66

PRECIPITATION (IN)
  TODAY            0.11          1.73 1979   0.15  -0.04     0.00
  MONTH TO DATE    3.15                      1.16   1.99      T
  SINCE MAR 1      6.80                      5.09   1.71     4.02
  SINCE JAN 1     11.98                     12.68  -0.70    15.77

SNOWFALL (IN)
  TODAY            0.0                                       0.0
  MONTH TO DATE    0.0                                       0.0
  SINCE JUL 1     18.5                                       6.8
  SNOW DEPTH       0

..................................................................


WIND (MPH)
  HIGHEST WIND SPEED    25   HIGHEST WIND DIRECTION     N (350)
  HIGHEST GUST SPEED    32   HIGHEST GUST DIRECTION     N (350)




RELATIVE HUMIDITY (PERCENT)
 HIGHEST    89
 LOWEST     71

..........................................................


THE PADUCAH KY CLIMATE NORMALS FOR TOMORROW
                         NORMAL    RECORD    YEAR
 MAXIMUM TEMPERATURE (F)   67        86      2011
 MINIMUM TEMPERATURE (F)   44        25      2007


SUNRISE AND SUNSET
APRIL  8 2014.........SUNRISE   631 AM CDT   SUNSET   724 PM CDT
APRIL  9 2014.........SUNRISE   629 AM CDT   SUNSET   725 PM CDT


-  INDICATES NEGATIVE NUMBERS.
R  INDICATES RECORD WAS SET OR TIED.
MM INDICATES DATA IS MISSING.
T  INDICATES TRACE AMOUNT.




$$
