000
CDUS43 KPAH 082230
CLIPAH


CLIMATE REPORT
NATIONAL WEATHER SERVICE PADUCAH KY
429 PM CST WED FEB 8 2017


...................................

...THE PADUCAH KY CLIMATE SUMMARY FOR FEBRUARY 8 2017...
VALID TODAY AS OF 0400 PM LOCAL TIME.

CLIMATE NORMAL PERIOD 1981 TO 2010
CLIMATE RECORD PERIOD 1937 TO 2017


WEATHER ITEM   OBSERVED TIME   RECORD YEAR NORMAL DEPARTURE LAST
                VALUE   (LST)  VALUE       VALUE  FROM      YEAR
                                                  NORMAL
..................................................................
TEMPERATURE (F)
 TODAY
  MAXIMUM         49   1213 AM  70    2009  47      2       46
                                      2001
  MINIMUM         39    359 PM  -1    1985  28     11       27
  AVERAGE         44                        37      7       37

PRECIPITATION (IN)
  TODAY            0.00          1.00 1945   0.14  -0.14      T
  MONTH TO DATE    0.64                      1.13  -0.49     0.36
  SINCE DEC 1      9.15                      9.40  -0.25    10.33
  SINCE JAN 1      3.14                      4.81  -1.67     2.91

SNOWFALL (IN)
  TODAY            0.0                                        T
  MONTH TO DATE    0.0                                        T
  SINCE JUL 1      0.2                                       8.4
  SNOW DEPTH       0

..................................................................


WIND (MPH)
  HIGHEST WIND SPEED    22   HIGHEST WIND DIRECTION     N (350)
  HIGHEST GUST SPEED    29   HIGHEST GUST DIRECTION     N (360)




RELATIVE HUMIDITY (PERCENT)
 HIGHEST    89
 LOWEST     74

..........................................................


THE PADUCAH KY CLIMATE NORMALS FOR TOMORROW
                         NORMAL    RECORD    YEAR
 MAXIMUM TEMPERATURE (F)   47        72      2009
                                             1965
 MINIMUM TEMPERATURE (F)   28        -1      1979


SUNRISE AND SUNSET
FEBRUARY  8 2017......SUNRISE   651 AM CST   SUNSET   528 PM CST
FEBRUARY  9 2017......SUNRISE   650 AM CST   SUNSET   529 PM CST


-  INDICATES NEGATIVE NUMBERS.
R  INDICATES RECORD WAS SET OR TIED.
MM INDICATES DATA IS MISSING.
T  INDICATES TRACE AMOUNT.




$$
