000
CDUS43 KPAH 052132
CLIPAH


CLIMATE REPORT
NATIONAL WEATHER SERVICE PADUCAH KY
431 PM CDT WED APR 5 2017


...................................

...THE PADUCAH KY CLIMATE SUMMARY FOR APRIL 5 2017...
VALID TODAY AS OF 0400 PM LOCAL TIME.

CLIMATE NORMAL PERIOD 1981 TO 2010
CLIMATE RECORD PERIOD 1937 TO 2017


WEATHER ITEM   OBSERVED TIME   RECORD YEAR NORMAL DEPARTURE LAST
                VALUE   (LST)  VALUE       VALUE  FROM      YEAR
                                                  NORMAL
..................................................................
TEMPERATURE (F)
 TODAY
  MAXIMUM         74   1259 PM  85    1988  66      8       59
  MINIMUM         58    706 AM  28    2000  43     15       36
                                      1944
  AVERAGE         66                        55     11       48

PRECIPITATION (IN)
  TODAY            0.04          1.46 1997   0.14  -0.10     0.00
  MONTH TO DATE    0.14                      0.72  -0.58     0.00
  SINCE MAR 1      4.53                      4.65  -0.12     9.21
  SINCE JAN 1      9.36                     12.24  -2.88    14.67

SNOWFALL (IN)
  TODAY            0.0                                       0.0
  MONTH TO DATE    0.0                                       0.0
  SINCE JUL 1      1.2                                      12.1
  SNOW DEPTH       0

..................................................................


WIND (MPH)
  HIGHEST WIND SPEED    31   HIGHEST WIND DIRECTION    SW (230)
  HIGHEST GUST SPEED    42   HIGHEST GUST DIRECTION    SW (240)




RELATIVE HUMIDITY (PERCENT)
 HIGHEST    80
 LOWEST     49

..........................................................


THE PADUCAH KY CLIMATE NORMALS FOR TOMORROW
                         NORMAL    RECORD    YEAR
 MAXIMUM TEMPERATURE (F)   66        83      1991
 MINIMUM TEMPERATURE (F)   44        27      1982


SUNRISE AND SUNSET
APRIL  5 2017.........SUNRISE   635 AM CDT   SUNSET   721 PM CDT
APRIL  6 2017.........SUNRISE   633 AM CDT   SUNSET   722 PM CDT


-  INDICATES NEGATIVE NUMBERS.
R  INDICATES RECORD WAS SET OR TIED.
MM INDICATES DATA IS MISSING.
T  INDICATES TRACE AMOUNT.




$$
