000
CDUS43 KPAH 130630
CLIPAH


CLIMATE REPORT
NATIONAL WEATHER SERVICE PADUCAH KY
128 AM CDT WED MAY 13 2015


...................................

...THE PADUCAH KY CLIMATE SUMMARY FOR MAY 12 2015...

CLIMATE NORMAL PERIOD 1981 TO 2010
CLIMATE RECORD PERIOD 1937 TO 2015


WEATHER ITEM   OBSERVED TIME   RECORD YEAR NORMAL DEPARTURE LAST
                VALUE   (LST)  VALUE       VALUE  FROM      YEAR
                                                  NORMAL
..................................................................
TEMPERATURE (F)
 YESTERDAY
  MAXIMUM         70    319 PM  90    2005  77     -7       83
  MINIMUM         50   1145 PM  37    1989  55     -5       73
                                      1960
  AVERAGE         60                        66     -6       78

PRECIPITATION (IN)
  YESTERDAY        0.00          1.71 1959   0.18  -0.18     0.25
  MONTH TO DATE    0.56                      2.10  -1.54     0.48
  SINCE MAR 1     15.18                     10.79   4.39    12.60
  SINCE JAN 1     22.47                     18.38   4.09    17.78

SNOWFALL (IN)
  YESTERDAY        0.0           0.0  2002   0.0    0.0      0.0
                                      2001
  MONTH TO DATE    0.0                       0.0    0.0      0.0
  SINCE MAR 1     12.1                       0.6   11.5      5.6
  SINCE JUL 1     28.6                       9.1   19.5     18.5
  SNOW DEPTH       0

DEGREE DAYS
 HEATING
  YESTERDAY        5                         2      3        0
  MONTH TO DATE   20                        38    -18       20
  SINCE MAR 1    776                       806    -30      849
  SINCE JUL 1   4445                      4102    343     4504

 COOLING
  YESTERDAY        0                         3     -3       13
  MONTH TO DATE   68                        30     38       96
  SINCE MAR 1    110                        72     38      126
  SINCE JAN 1    110                        72     38      126
..................................................................


WIND (MPH)
  HIGHEST WIND SPEED    15   HIGHEST WIND DIRECTION     W (290)
  HIGHEST GUST SPEED    20   HIGHEST GUST DIRECTION     W (280)
  AVERAGE WIND SPEED     5.7


SKY COVER
  POSSIBLE SUNSHINE  MM
  AVERAGE SKY COVER 0.0


WEATHER CONDITIONS
 THE FOLLOWING WEATHER WAS RECORDED YESTERDAY.
  NO SIGNIFICANT WEATHER WAS OBSERVED.


RELATIVE HUMIDITY (PERCENT)
 HIGHEST    93          1000 PM
 LOWEST     37           300 PM
 AVERAGE    65

..........................................................


THE PADUCAH KY CLIMATE NORMALS FOR TODAY
                         NORMAL    RECORD    YEAR
 MAXIMUM TEMPERATURE (F)   77        89      1998
 MINIMUM TEMPERATURE (F)   56        37      2013


SUNRISE AND SUNSET
MAY 13 2015...........SUNRISE   549 AM CDT   SUNSET   754 PM CDT
MAY 14 2015...........SUNRISE   548 AM CDT   SUNSET   755 PM CDT


-  INDICATES NEGATIVE NUMBERS.
R  INDICATES RECORD WAS SET OR TIED.
MM INDICATES DATA IS MISSING.
T  INDICATES TRACE AMOUNT.

&&
..........................................................
***** AGRICULTURAL DATA *****

SOIL TEMPERATURES AT A DEPTH OF FOUR INCHES

UNDER GRASS...  MAX: 68  MIN: 67


$$
