247
CDUS43 KPAH 102228
CLIPAH


CLIMATE REPORT
NATIONAL WEATHER SERVICE PADUCAH KY
427 PM CST TUE JAN 10 2017


...................................

...THE PADUCAH KY CLIMATE SUMMARY FOR JANUARY 10 2017...
VALID TODAY AS OF 0400 PM LOCAL TIME.

CLIMATE NORMAL PERIOD 1981 TO 2010
CLIMATE RECORD PERIOD 1937 TO 2017


WEATHER ITEM   OBSERVED TIME   RECORD YEAR NORMAL DEPARTURE LAST
                VALUE   (LST)  VALUE       VALUE  FROM      YEAR
                                                  NORMAL
..................................................................
TEMPERATURE (F)
 TODAY
  MAXIMUM         58    359 PM  70    1949  43     15       29
  MINIMUM         46   1214 AM  -8    1982  26     20       12
  AVERAGE         52                        34     18       21

PRECIPITATION (IN)
  TODAY            T             1.89 2006   0.12  -0.12      T
  MONTH TO DATE    0.30                      1.21  -0.91     2.13
  SINCE DEC 1      6.31                      5.80   0.51     9.55
  SINCE JAN 1      0.30                      1.21  -0.91     2.13

SNOWFALL (IN)
  TODAY            0.0                                        T
  MONTH TO DATE    0.2                                       1.3
  SINCE JUL 1      0.2                                       1.3
  SNOW DEPTH       0

..................................................................


WIND (MPH)
  HIGHEST WIND SPEED    29   HIGHEST WIND DIRECTION     S (170)
  HIGHEST GUST SPEED    45   HIGHEST GUST DIRECTION     S (190)




RELATIVE HUMIDITY (PERCENT)
 HIGHEST    80
 LOWEST     49

..........................................................


THE PADUCAH KY CLIMATE NORMALS FOR TOMORROW
                         NORMAL    RECORD    YEAR
 MAXIMUM TEMPERATURE (F)   43        68      1995
 MINIMUM TEMPERATURE (F)   26       -11      1977


SUNRISE AND SUNSET
JANUARY 10 2017.......SUNRISE   709 AM CST   SUNSET   457 PM CST
JANUARY 11 2017.......SUNRISE   708 AM CST   SUNSET   458 PM CST


-  INDICATES NEGATIVE NUMBERS.
R  INDICATES RECORD WAS SET OR TIED.
MM INDICATES DATA IS MISSING.
T  INDICATES TRACE AMOUNT.




$$
