000
CDUS43 KPAH 172134
CLIPAH


CLIMATE REPORT
NATIONAL WEATHER SERVICE PADUCAH KY
432 PM CDT FRI OCT 17 2014

...................................

...THE PADUCAH KY CLIMATE SUMMARY FOR OCTOBER 17 2014...
VALID TODAY AS OF 0400 PM LOCAL TIME.

CLIMATE NORMAL PERIOD 1981 TO 2010
CLIMATE RECORD PERIOD 1937 TO 2014

WEATHER ITEM   OBSERVED TIME   RECORD YEAR NORMAL DEPARTURE LAST
                VALUE   (LST)  VALUE       VALUE  FROM      YEAR
                                                  NORMAL
..................................................................
TEMPERATURE (F)
 TODAY
  MAXIMUM         78    217 PM  87    1938  71      7       65
  MINIMUM         53    622 AM  30    1943  46      7       48
  AVERAGE         66                        58      8       57

PRECIPITATION (IN)
  TODAY            0.00          2.28 2007   0.13  -0.13     0.09
  MONTH TO DATE    3.14                      2.21   0.93     4.79
  SINCE SEP 1      4.11                      5.96  -1.85     7.89
  SINCE JAN 1     40.88                     38.44   2.44    48.66

SNOWFALL (IN)
  TODAY            0.0                                       0.0
  MONTH TO DATE    0.0                                       0.0
  SINCE JUL 1      0.0                                       0.0
  SNOW DEPTH       0
..................................................................

WIND (MPH)
  HIGHEST WIND SPEED    20   HIGHEST WIND DIRECTION     W (250)
  HIGHEST GUST SPEED    25   HIGHEST GUST DIRECTION     W (250)

RELATIVE HUMIDITY (PERCENT)
 HIGHEST    89
 LOWEST     33
..........................................................

THE PADUCAH KY CLIMATE NORMALS FOR TOMORROW
                         NORMAL    RECORD    YEAR
 MAXIMUM TEMPERATURE (F)   70        88      1938
 MINIMUM TEMPERATURE (F)   46        27      1976

SUNRISE AND SUNSET
OCTOBER 17 2014.......SUNRISE   705 AM CDT   SUNSET   616 PM CDT
OCTOBER 18 2014.......SUNRISE   706 AM CDT   SUNSET   614 PM CDT

-  INDICATES NEGATIVE NUMBERS.
R  INDICATES RECORD WAS SET OR TIED.
MM INDICATES DATA IS MISSING.
T  INDICATES TRACE AMOUNT.

$$
