000
CDUS43 KPAH 140650
CLIPAH


CLIMATE REPORT
NATIONAL WEATHER SERVICE PADUCAH KY
150 AM CDT TUE OCT 14 2014


...................................

...THE PADUCAH KY CLIMATE SUMMARY FOR OCTOBER 13 2014...

CLIMATE NORMAL PERIOD 1981 TO 2010
CLIMATE RECORD PERIOD 1937 TO 2014


WEATHER ITEM   OBSERVED TIME   RECORD YEAR NORMAL DEPARTURE LAST
                VALUE   (LST)  VALUE       VALUE  FROM      YEAR
                                                  NORMAL
..................................................................
TEMPERATURE (F)
 YESTERDAY
  MAXIMUM         80    123 PM  89    1989  72      8       78
  MINIMUM         62   1159 PM  27    1988  47     15       50
  AVERAGE         71                        60     11       64

PRECIPITATION (IN)
  YESTERDAY        0.61          2.17 1959   0.13   0.48     0.00
  MONTH TO DATE    2.89                      1.70   1.19     4.59
  SINCE SEP 1      3.86                      5.45  -1.59     7.69
  SINCE JAN 1     40.63                     37.93   2.70    48.46

SNOWFALL (IN)
  YESTERDAY        0.0           0.0  2002   0.0    0.0      0.0
                                      2001
  MONTH TO DATE    0.0                       0.0    0.0      0.0
  SINCE SEP 1      0.0                       0.0    0.0      0.0
  SINCE JUL 1      0.0                       0.0    0.0      0.0
  SNOW DEPTH       0

DEGREE DAYS
 HEATING
  YESTERDAY        0                         7     -7        1
  MONTH TO DATE   51                        69    -18       21
  SINCE SEP 1     72                       107    -35       26
  SINCE JUL 1     72                       108    -36       26

 COOLING
  YESTERDAY        6                         1      5        0
  MONTH TO DATE   37                        24     13       60
  SINCE SEP 1    239                       211     28      294
  SINCE JAN 1   1710                      1524    186     1468
..................................................................


WIND (MPH)
  HIGHEST WIND SPEED    31   HIGHEST WIND DIRECTION     W (250)
  HIGHEST GUST SPEED    40   HIGHEST GUST DIRECTION     W (250)
  AVERAGE WIND SPEED    11.1


SKY COVER
  POSSIBLE SUNSHINE  MM
  AVERAGE SKY COVER 0.8


WEATHER CONDITIONS
 THE FOLLOWING WEATHER WAS RECORDED YESTERDAY.
  THUNDERSTORM
  HEAVY RAIN
  RAIN
  LIGHT RAIN
  FOG


RELATIVE HUMIDITY (PERCENT)
 HIGHEST    93           200 AM
 LOWEST     62           100 PM
 AVERAGE    78

..........................................................


THE PADUCAH KY CLIMATE NORMALS FOR TODAY
                         NORMAL    RECORD    YEAR
 MAXIMUM TEMPERATURE (F)   72        88      1940
 MINIMUM TEMPERATURE (F)   47        30      1979
                                             1944


SUNRISE AND SUNSET
OCTOBER 14 2014.......SUNRISE   702 AM CDT   SUNSET   620 PM CDT
OCTOBER 15 2014.......SUNRISE   703 AM CDT   SUNSET   618 PM CDT


-  INDICATES NEGATIVE NUMBERS.
R  INDICATES RECORD WAS SET OR TIED.
MM INDICATES DATA IS MISSING.
T  INDICATES TRACE AMOUNT.




$$
