000
CDUS43 KPAH 030629
CLIPAH


CLIMATE REPORT
NATIONAL WEATHER SERVICE PADUCAH KY
126 AM CDT FRI NOV 3 2017


...................................

...THE PADUCAH KY CLIMATE SUMMARY FOR NOVEMBER 2 2017...

CLIMATE NORMAL PERIOD 1981 TO 2010
CLIMATE RECORD PERIOD 1937 TO 2017


WEATHER ITEM   OBSERVED TIME   RECORD YEAR NORMAL DEPARTURE LAST
                VALUE   (LST)  VALUE       VALUE  FROM      YEAR
                                                  NORMAL
..................................................................
TEMPERATURE (F)
 YESTERDAY
  MAXIMUM         78    233 PM  83    1987  65     13       78
                                      1946
  MINIMUM         64    449 AM  18    1951  42     22       59
  AVERAGE         71                        54     17       69

PRECIPITATION (IN)
  YESTERDAY        0.00          1.88 1955   0.13  -0.13      T
  MONTH TO DATE    0.29                      0.25   0.04      T
  SINCE SEP 1      6.88                      7.96  -1.08     1.17
  SINCE JAN 1     40.01                     40.44  -0.43    43.84

SNOWFALL (IN)
  YESTERDAY        0.0           T    1966   0.0    0.0      0.0
  MONTH TO DATE    0.0                       0.0    0.0      0.0
  SINCE SEP 1      0.0                       0.1   -0.1      0.0
  SINCE JUL 1      0.0                       0.1   -0.1      0.0
  SNOW DEPTH       0

DEGREE DAYS
 HEATING
  YESTERDAY        0                        12    -12        0
  MONTH TO DATE   11                        24    -13        0
  SINCE SEP 1    220                       290    -70      104
  SINCE JUL 1    220                       291    -71      104

 COOLING
  YESTERDAY        6                         0      6        4
  MONTH TO DATE    6                         0      6       13
  SINCE SEP 1    317                       225     92      417
  SINCE JAN 1   1691                      1538    153     1947
..................................................................


WIND (MPH)
  HIGHEST WIND SPEED    16   HIGHEST WIND DIRECTION     S (170)
  HIGHEST GUST SPEED    26   HIGHEST GUST DIRECTION     S (170)
  AVERAGE WIND SPEED     9.1


SKY COVER
  POSSIBLE SUNSHINE  MM
  AVERAGE SKY COVER 0.7


WEATHER CONDITIONS
 THE FOLLOWING WEATHER WAS RECORDED YESTERDAY.
  NO SIGNIFICANT WEATHER WAS OBSERVED.


RELATIVE HUMIDITY (PERCENT)
 HIGHEST    87           600 AM
 LOWEST     69           100 PM
 AVERAGE    78

..........................................................


THE PADUCAH KY CLIMATE NORMALS FOR TODAY
                         NORMAL    RECORD    YEAR
 MAXIMUM TEMPERATURE (F)   64        86      1946
 MINIMUM TEMPERATURE (F)   42        14      1951


SUNRISE AND SUNSET
NOVEMBER  3 2017......SUNRISE   722 AM CDT   SUNSET   555 PM CDT
NOVEMBER  4 2017......SUNRISE   723 AM CDT   SUNSET   554 PM CDT


-  INDICATES NEGATIVE NUMBERS.
R  INDICATES RECORD WAS SET OR TIED.
MM INDICATES DATA IS MISSING.
T  INDICATES TRACE AMOUNT.

&&
..............................................
***** AGRICULTURAL DATA *****

SOIL TEMPERATURES AT A DEPTH OF FOUR INCHES

UNDER GRASS... MAX: 57    MIN: 57


$$
