000
CDUS43 KPAH 190633
CLIPAH


CLIMATE REPORT
NATIONAL WEATHER SERVICE PADUCAH KY
131 AM CDT WED AUG 19 2015


...................................

...THE PADUCAH KY CLIMATE SUMMARY FOR AUGUST 18 2015...

CLIMATE NORMAL PERIOD 1981 TO 2010
CLIMATE RECORD PERIOD 1937 TO 2015


WEATHER ITEM   OBSERVED TIME   RECORD YEAR NORMAL DEPARTURE LAST
                VALUE   (LST)  VALUE       VALUE  FROM      YEAR
                                                  NORMAL
..................................................................
TEMPERATURE (F)
 YESTERDAY
  MAXIMUM         88    118 PM 103    1988  89     -1       89
  MINIMUM         69    548 AM  55    2012  66      3       71
  AVERAGE         79                        78      1       80

PRECIPITATION (IN)
  YESTERDAY        0.00          1.42 1946   0.08  -0.08     0.00
  MONTH TO DATE    1.54                      1.67  -0.13     2.54
  SINCE JUN 1     14.40                     10.17   4.23    11.27
  SINCE JAN 1     40.02                     31.39   8.63    31.46

SNOWFALL (IN)
  YESTERDAY        0.0           0.0  2002   0.0    0.0      0.0
                                      2001
  MONTH TO DATE    0.0                       0.0    0.0      0.0
  SINCE JUN 1      0.0                       0.0    0.0      0.0
  SINCE JUL 1      0.0                       0.0    0.0      0.0
  SNOW DEPTH       0

DEGREE DAYS
 HEATING
  YESTERDAY        0                         0      0        0
  MONTH TO DATE    0                         0      0        0
  SINCE JUN 1      2                         4     -2        0
  SINCE JUL 1      0                         0      0        0

 COOLING
  YESTERDAY       14                        13      1       15
  MONTH TO DATE  233                       235     -2      226
  SINCE JUN 1   1122                       986    136      947
  SINCE JAN 1   1333                      1158    175     1225
..................................................................


WIND (MPH)
  HIGHEST WIND SPEED    17   HIGHEST WIND DIRECTION     N (340)
  HIGHEST GUST SPEED    23   HIGHEST GUST DIRECTION     N (340)
  AVERAGE WIND SPEED     4.8


SKY COVER
  POSSIBLE SUNSHINE  MM
  AVERAGE SKY COVER 0.3


WEATHER CONDITIONS
 THE FOLLOWING WEATHER WAS RECORDED YESTERDAY.
  FOG


RELATIVE HUMIDITY (PERCENT)
 HIGHEST    97           600 AM
 LOWEST     55           400 PM
 AVERAGE    76

..........................................................


THE PADUCAH KY CLIMATE NORMALS FOR TODAY
                         NORMAL    RECORD    YEAR
 MAXIMUM TEMPERATURE (F)   89        98      1995
                                             1962
                                             1941
 MINIMUM TEMPERATURE (F)   66        57      2012
                                             1982


SUNRISE AND SUNSET
AUGUST 19 2015........SUNRISE   615 AM CDT   SUNSET   742 PM CDT
AUGUST 20 2015........SUNRISE   616 AM CDT   SUNSET   741 PM CDT


-  INDICATES NEGATIVE NUMBERS.
R  INDICATES RECORD WAS SET OR TIED.
MM INDICATES DATA IS MISSING.
T  INDICATES TRACE AMOUNT.

&&
..........................................................

***** AGRICULTURAL DATA *****

SOIL TEMPERATURES AT A DEPTH OF FOUR INCHES

UNDER GRASS...   MAX: 80  MIN: 79

$$
