000
CDUS43 KPAH 090642
CLIPAH

CLIMATE REPORT
NATIONAL WEATHER SERVICE PADUCAH KY
134 AM CDT FRI SEP 9 2016


...................................

...THE PADUCAH KY CLIMATE SUMMARY FOR SEPTEMBER 8 2016...

CLIMATE NORMAL PERIOD 1981 TO 2010
CLIMATE RECORD PERIOD 1937 TO 2016


WEATHER ITEM   OBSERVED TIME   RECORD YEAR NORMAL DEPARTURE LAST
                VALUE   (LST)  VALUE       VALUE  FROM      YEAR
                                                  NORMAL
..................................................................
TEMPERATURE (F)
 YESTERDAY
  MAXIMUM         92    205 PM 103    1939  85      7       92
  MINIMUM         73   1159 PM  47    1953  61     12       68
  AVERAGE         83                        73     10       80

PRECIPITATION (IN)
  YESTERDAY        0.14          0.72 1976   0.12   0.02     0.00
  MONTH TO DATE    0.14                      0.86  -0.72     0.00
  SINCE SEP 1      0.14                      0.86  -0.72     0.00
  SINCE JAN 1     42.81                     33.34   9.47    40.43

SNOWFALL (IN)
  YESTERDAY        0.0           0.0  2002   0.0    0.0      0.0
                                      2001
  MONTH TO DATE    0.0                       0.0    0.0      0.0
  SINCE SEP 1      0.0                       0.0    0.0      0.0
  SINCE JUL 1      0.0                       0.0    0.0      0.0
  SNOW DEPTH       0

DEGREE DAYS
 HEATING
  YESTERDAY        0                         0      0        0
  MONTH TO DATE    0                         0      0        0
  SINCE SEP 1      0                         0      0        0
  SINCE JUL 1      0                         1     -1        0

 COOLING
  YESTERDAY       18                         8     10       15
  MONTH TO DATE   97                        74     23      122
  SINCE SEP 1     97                        74     23      122
  SINCE JAN 1   1627                      1387    240     1546
..................................................................


WIND (MPH)
  HIGHEST WIND SPEED    25   HIGHEST WIND DIRECTION     W (280)
  HIGHEST GUST SPEED    34   HIGHEST GUST DIRECTION     W (280)
  AVERAGE WIND SPEED     5.9


SKY COVER
  POSSIBLE SUNSHINE  MM
  AVERAGE SKY COVER 0.2


WEATHER CONDITIONS
 THE FOLLOWING WEATHER WAS RECORDED YESTERDAY.
  HEAVY RAIN
  LIGHT RAIN
  FOG


RELATIVE HUMIDITY (PERCENT)
 HIGHEST    93           700 PM
 LOWEST     52           100 PM
 AVERAGE    73

..........................................................


THE PADUCAH KY CLIMATE NORMALS FOR TODAY
                         NORMAL    RECORD    YEAR
 MAXIMUM TEMPERATURE (F)   85       104      1939
 MINIMUM TEMPERATURE (F)   61        48      1986


SUNRISE AND SUNSET
SEPTEMBER  9 2016.....SUNRISE   633 AM CDT   SUNSET   711 PM CDT
SEPTEMBER 10 2016.....SUNRISE   633 AM CDT   SUNSET   709 PM CDT


-  INDICATES NEGATIVE NUMBERS.
R  INDICATES RECORD WAS SET OR TIED.
MM INDICATES DATA IS MISSING.
T  INDICATES TRACE AMOUNT.

&&

***** AGRICULTURAL DATA *****

SOIL TEMPERATURES AT A DEPTH OF FOUR INCHES

UNDER GRASS:  MAX: 79  MIN: 77

$$
