000
CDUS43 KPAH 060629
CLIPAH

CLIMATE REPORT
NATIONAL WEATHER SERVICE PADUCAH KY
1225 AM CST MON FEB 6 2017

...................................

...THE PADUCAH KY CLIMATE SUMMARY FOR FEBRUARY 5 2017...

CLIMATE NORMAL PERIOD 1981 TO 2010
CLIMATE RECORD PERIOD 1937 TO 2017

WEATHER ITEM   OBSERVED TIME   RECORD YEAR NORMAL DEPARTURE LAST
                VALUE   (LST)  VALUE       VALUE  FROM      YEAR
                                                  NORMAL
..................................................................
TEMPERATURE (F)
 YESTERDAY
  MAXIMUM         58    308 PM  76    2008  46     12       50
  MINIMUM         33    659 AM   5    1996  27      6       22
  AVERAGE         46                        37      9       36

PRECIPITATION (IN)
  YESTERDAY        0.00          1.61 1991   0.14  -0.14     0.00
  MONTH TO DATE    0.00                      0.72  -0.72     0.36
  SINCE DEC 1      8.51                      8.99  -0.48    10.33
  SINCE JAN 1      2.50                      4.40  -1.90     2.91

SNOWFALL (IN)
  YESTERDAY        0.0           3.0  1984   0.1   -0.1      0.0
  MONTH TO DATE    0.0                       0.6   -0.6      0.0
  SINCE DEC 1      0.2                       5.8   -5.6      8.4
  SINCE JUL 1      0.2                       5.9   -5.7      8.4
  SNOW DEPTH       0

DEGREE DAYS
 HEATING
  YESTERDAY       19                        28     -9       29
  MONTH TO DATE  138                       144     -6       99
  SINCE DEC 1   1658                      1940   -282     1528
  SINCE JUL 1   2159                      2717   -558     2072

 COOLING
  YESTERDAY        0                         0      0        0
  MONTH TO DATE    0                         0      0        0
  SINCE DEC 1      0                         0      0        6
  SINCE JAN 1      0                         0      0        0
..................................................................

WIND (MPH)
  HIGHEST WIND SPEED    21   HIGHEST WIND DIRECTION    SW (240)
  HIGHEST GUST SPEED    27   HIGHEST GUST DIRECTION    SW (240)
  AVERAGE WIND SPEED     5.3

SKY COVER
  POSSIBLE SUNSHINE  MM
  AVERAGE SKY COVER 0.1

WEATHER CONDITIONS
 THE FOLLOWING WEATHER WAS RECORDED YESTERDAY.
  FOG

RELATIVE HUMIDITY (PERCENT)
 HIGHEST    89          1100 PM
 LOWEST     43           300 PM
 AVERAGE    66
..........................................................

THE PADUCAH KY CLIMATE NORMALS FOR TODAY
                         NORMAL    RECORD    YEAR
 MAXIMUM TEMPERATURE (F)   46        71      1938
 MINIMUM TEMPERATURE (F)   27         1      1978

SUNRISE AND SUNSET
FEBRUARY  6 2017......SUNRISE   653 AM CST   SUNSET   526 PM CST
FEBRUARY  7 2017......SUNRISE   652 AM CST   SUNSET   527 PM CST

-  INDICATES NEGATIVE NUMBERS.
R  INDICATES RECORD WAS SET OR TIED.
MM INDICATES DATA IS MISSING.
T  INDICATES TRACE AMOUNT.

&&
.........................................................
***** AGRICULTURAL DATA *****

SOIL TEMPERATURES AT A DEPTH OF FOUR INCHES

UNDER GRASS...  MAX: 44    MIN: 43

$$
