000
CDUS43 KPAH 110646
CLIPAH


CLIMATE REPORT
NATIONAL WEATHER SERVICE PADUCAH KY
145 AM CDT WED MAY 11 2016


...................................

...THE PADUCAH KY CLIMATE SUMMARY FOR MAY 10 2016...

CLIMATE NORMAL PERIOD 1981 TO 2010
CLIMATE RECORD PERIOD 1937 TO 2016


WEATHER ITEM   OBSERVED TIME   RECORD YEAR NORMAL DEPARTURE LAST
                VALUE   (LST)  VALUE       VALUE  FROM      YEAR
                                                  NORMAL
..................................................................
TEMPERATURE (F)
 YESTERDAY
  MAXIMUM         80    350 PM  88    2015  76      4       88
  MINIMUM         59    535 AM  35    1966  55      4       66
  AVERAGE         70                        66      4       77

PRECIPITATION (IN)
  YESTERDAY        1.02          2.11 1968   0.17   0.85     0.10
  MONTH TO DATE    1.28                      1.75  -0.47     0.18
  SINCE MAR 1     13.75                     10.44   3.31    14.80
  SINCE JAN 1     19.21                     18.03   1.18    22.09

SNOWFALL (IN)
  YESTERDAY        0.0           0.0  2002   0.0    0.0      0.0
                                      2001
  MONTH TO DATE    0.0                       0.0    0.0      0.0
  SINCE MAR 1      T                         0.6   -0.6     12.1
  SINCE JUL 1     12.1                       9.1    3.0     28.6
  SNOW DEPTH       0

DEGREE DAYS
 HEATING
  YESTERDAY        0                         3     -3        0
  MONTH TO DATE   32                        33     -1       15
  SINCE MAR 1    571                       801   -230      771
  SINCE JUL 1   3233                      4097   -864     4440

 COOLING
  YESTERDAY        5                         3      2       12
  MONTH TO DATE   24                        24      0       63
  SINCE MAR 1     60                        66     -6      105
  SINCE JAN 1     60                        66     -6      105
..................................................................


WIND (MPH)
  HIGHEST WIND SPEED    15   HIGHEST WIND DIRECTION    SW (230)
  HIGHEST GUST SPEED    24   HIGHEST GUST DIRECTION    SW (230)
  AVERAGE WIND SPEED     6.1


SKY COVER
  POSSIBLE SUNSHINE  MM
  AVERAGE SKY COVER 0.6


WEATHER CONDITIONS
 THE FOLLOWING WEATHER WAS RECORDED YESTERDAY.
  THUNDERSTORM
  HEAVY RAIN
  RAIN
  LIGHT RAIN
  FOG
  FOG W/VISIBILITY <= 1/4 MILE
  HAZE


RELATIVE HUMIDITY (PERCENT)
 HIGHEST    93           700 AM
 LOWEST     67           500 PM
 AVERAGE    80

..........................................................


THE PADUCAH KY CLIMATE NORMALS FOR TODAY
                         NORMAL    RECORD    YEAR
 MAXIMUM TEMPERATURE (F)   77        88      2014
                                             1948
 MINIMUM TEMPERATURE (F)   55        38      1990


SUNRISE AND SUNSET
MAY 11 2016...........SUNRISE   550 AM CDT   SUNSET   753 PM CDT
MAY 12 2016...........SUNRISE   549 AM CDT   SUNSET   754 PM CDT


-  INDICATES NEGATIVE NUMBERS.
R  INDICATES RECORD WAS SET OR TIED.
MM INDICATES DATA IS MISSING.
T  INDICATES TRACE AMOUNT.




$$
