000
CDUS43 KPAH 070631
CLIPAH


CLIMATE REPORT
NATIONAL WEATHER SERVICE PADUCAH KY
1230 AM CST FRI NOV 7 2014


...................................

...THE PADUCAH KY CLIMATE SUMMARY FOR NOVEMBER 6 2014...

CLIMATE NORMAL PERIOD 1981 TO 2010
CLIMATE RECORD PERIOD 1937 TO 2014


WEATHER ITEM   OBSERVED TIME   RECORD YEAR NORMAL DEPARTURE LAST
                VALUE   (LST)  VALUE       VALUE  FROM      YEAR
                                                  NORMAL
..................................................................
TEMPERATURE (F)
 YESTERDAY
  MAXIMUM         57   1121 AM  76    1999  63     -6       61
                                      1938
  MINIMUM         32   1159 PM  20    1993  41     -9       43
  AVERAGE         45                        52     -7       52

PRECIPITATION (IN)
  YESTERDAY        0.00          1.68 1975   0.13  -0.13     0.34
  MONTH TO DATE    0.76                      0.76   0.00     0.34
  SINCE SEP 1      5.35                      8.47  -3.12     9.50
  SINCE JAN 1     42.12                     40.95   1.17    50.27

SNOWFALL (IN)
  YESTERDAY       MM             T    1993   0.0   MM        0.0
  MONTH TO DATE    0.0                       0.0    0.0      0.0
  SINCE SEP 1      0.0                       0.1   -0.1      0.0
  SINCE JUL 1      0.0                       0.1   -0.1      0.0
  SNOW DEPTH       0

DEGREE DAYS
 HEATING
  YESTERDAY       20                        13      7       13
  MONTH TO DATE  103                        74     29       73
  SINCE SEP 1    328                       340    -12      282
  SINCE JUL 1    328                       341    -13      282

 COOLING
  YESTERDAY        0                         0      0        0
  MONTH TO DATE    0                         0      0        0
  SINCE SEP 1    251                       225     26      304
  SINCE JAN 1   1722                      1538    184     1478
..................................................................


WIND (MPH)
  HIGHEST WIND SPEED    24   HIGHEST WIND DIRECTION    NW (330)
  HIGHEST GUST SPEED    36   HIGHEST GUST DIRECTION    NW (320)
  AVERAGE WIND SPEED    10.8


SKY COVER
  POSSIBLE SUNSHINE  MM
  AVERAGE SKY COVER 0.3


WEATHER CONDITIONS
 THE FOLLOWING WEATHER WAS RECORDED YESTERDAY.
  FOG


RELATIVE HUMIDITY (PERCENT)
 HIGHEST    93          1200 AM
 LOWEST     54           200 PM
 AVERAGE    74

..........................................................


THE PADUCAH KY CLIMATE NORMALS FOR TODAY
                         NORMAL    RECORD    YEAR
 MAXIMUM TEMPERATURE (F)   63        81      1999
 MINIMUM TEMPERATURE (F)   41        17      1993


SUNRISE AND SUNSET
NOVEMBER  7 2014......SUNRISE   625 AM CST   SUNSET   452 PM CST
NOVEMBER  8 2014......SUNRISE   626 AM CST   SUNSET   451 PM CST


-  INDICATES NEGATIVE NUMBERS.
R  INDICATES RECORD WAS SET OR TIED.
MM INDICATES DATA IS MISSING.
T  INDICATES TRACE AMOUNT.


&&
..........................................................

***** AGRICULTURAL DATA *****

SOIL TEMPERATURES AT A DEPTH OF FOUR INCHES

UNDER GRASS.........  MAX: 56  MIN: 55

$$
