000
CDUS43 KPAH 080634
CLIPAH


CLIMATE REPORT
NATIONAL WEATHER SERVICE PADUCAH KY
129 AM CDT MON MAY 8 2017


...................................

...THE PADUCAH KY CLIMATE SUMMARY FOR MAY 7 2017...

CLIMATE NORMAL PERIOD 1981 TO 2010
CLIMATE RECORD PERIOD 1937 TO 2017


WEATHER ITEM   OBSERVED TIME   RECORD YEAR NORMAL DEPARTURE LAST
                VALUE   (LST)  VALUE       VALUE  FROM      YEAR
                                                  NORMAL
..................................................................
TEMPERATURE (F)
 YESTERDAY
  MAXIMUM         73    425 PM  90    1940  76     -3       86
  MINIMUM         43    455 AM  32    1944  54    -11       54
  AVERAGE         58                        65     -7       70

PRECIPITATION (IN)
  YESTERDAY        0.00          1.59 1984   0.18  -0.18     0.00
  MONTH TO DATE    2.44                      1.23   1.21     0.01
  SINCE MAR 1     15.01                      9.92   5.09    12.48
  SINCE JAN 1     19.84                     17.51   2.33    17.94

SNOWFALL (IN)
  YESTERDAY        0.0           0.0  2002   0.0    0.0      0.0
                                      2001
  MONTH TO DATE    0.0                       0.0    0.0      0.0
  SINCE MAR 1      1.0                       0.6    0.4       T
  SINCE JUL 1      1.2                       9.1   -7.9     12.1
  SNOW DEPTH       0

DEGREE DAYS
 HEATING
  YESTERDAY        7                         3      4        0
  MONTH TO DATE   52                        24     28       32
  SINCE MAR 1    592                       792   -200      571
  SINCE JUL 1   3071                      4088  -1017     3233

 COOLING
  YESTERDAY        0                         3     -3        5
  MONTH TO DATE    0                        15    -15       11
  SINCE MAR 1     76                        57     19       47
  SINCE JAN 1     76                        57     19       47
..................................................................


WIND (MPH)
  HIGHEST WIND SPEED    15   HIGHEST WIND DIRECTION     W (270)
  HIGHEST GUST SPEED    20   HIGHEST GUST DIRECTION    SW (240)
  AVERAGE WIND SPEED     4.6


SKY COVER
  POSSIBLE SUNSHINE  MM
  AVERAGE SKY COVER 0.1


WEATHER CONDITIONS
 THE FOLLOWING WEATHER WAS RECORDED YESTERDAY.
  NO SIGNIFICANT WEATHER WAS OBSERVED.


RELATIVE HUMIDITY (PERCENT)
 HIGHEST    96           400 AM
 LOWEST     38           200 PM
 AVERAGE    67

..........................................................


THE PADUCAH KY CLIMATE NORMALS FOR TODAY
                         NORMAL    RECORD    YEAR
 MAXIMUM TEMPERATURE (F)   76        90      1986
                                             1940
 MINIMUM TEMPERATURE (F)   54        36      1944


SUNRISE AND SUNSET
MAY  8 2017...........SUNRISE   553 AM CDT   SUNSET   751 PM CDT
MAY  9 2017...........SUNRISE   552 AM CDT   SUNSET   751 PM CDT


-  INDICATES NEGATIVE NUMBERS.
R  INDICATES RECORD WAS SET OR TIED.
MM INDICATES DATA IS MISSING.
T  INDICATES TRACE AMOUNT.

&&

***** AGRICULTURAL DATA *****

SOIL TEMPERATURES AT A DEPTH OF FOUR INCHES

UNDER GRASS...  MAX: 61    MIN: 60


$$
