542
CDUS43 KPAH 180633
CLIPAH


CLIMATE REPORT
NATIONAL WEATHER SERVICE PADUCAH KY
131 AM CDT SUN JUN 18 2017


...................................

...THE PADUCAH KY CLIMATE SUMMARY FOR JUNE 17 2017...

CLIMATE NORMAL PERIOD 1981 TO 2010
CLIMATE RECORD PERIOD 1937 TO 2017


WEATHER ITEM   OBSERVED TIME   RECORD YEAR NORMAL DEPARTURE LAST
                VALUE   (LST)  VALUE       VALUE  FROM      YEAR
                                                  NORMAL
..................................................................
TEMPERATURE (F)
 YESTERDAY
  MAXIMUM         88    454 PM  98    1946  87      1       88
  MINIMUM         66    509 AM  51    1989  66      0       70
                                      1974
                                      1961
  AVERAGE         77                        76      1       79

PRECIPITATION (IN)
  YESTERDAY        0.00          1.23 2006   0.14  -0.14     0.00
  MONTH TO DATE    1.85                      2.27  -0.42     1.59
  SINCE JUN 1      1.85                      2.27  -0.42     1.59
  SINCE JAN 1     24.20                     23.49   0.71    24.79

SNOWFALL (IN)
  YESTERDAY        0.0           0.0  2002   0.0    0.0      0.0
                                      2001
  MONTH TO DATE    0.0                       0.0    0.0      0.0
  SINCE JUN 1      0.0                       0.0    0.0      0.0
  SINCE JUL 1      1.2                       9.1   -7.9     12.1
  SNOW DEPTH       0

DEGREE DAYS
 HEATING
  YESTERDAY        0                         0      0        0
  MONTH TO DATE    0                         0      0        0
  SINCE JUN 1      0                         0      0        0
  SINCE JUL 1   3078                      4128  -1050     3292

 COOLING
  YESTERDAY       12                        11      1       14
  MONTH TO DATE  192                       155     37      202
  SINCE JUN 1    192                       155     37      202
  SINCE JAN 1    423                       327     96      352
..................................................................


WIND (MPH)
  HIGHEST WIND SPEED    18   HIGHEST WIND DIRECTION     S (170)
  HIGHEST GUST SPEED    24   HIGHEST GUST DIRECTION     S (170)
  AVERAGE WIND SPEED     6.9


SKY COVER
  POSSIBLE SUNSHINE  MM
  AVERAGE SKY COVER 0.2


WEATHER CONDITIONS
 THE FOLLOWING WEATHER WAS RECORDED YESTERDAY.
  FOG
  HAZE


RELATIVE HUMIDITY (PERCENT)
 HIGHEST    87           400 AM
 LOWEST     59           300 PM
 AVERAGE    73

..........................................................


THE PADUCAH KY CLIMATE NORMALS FOR TODAY
                         NORMAL    RECORD    YEAR
 MAXIMUM TEMPERATURE (F)   87        99      1944
 MINIMUM TEMPERATURE (F)   66        49      1960


SUNRISE AND SUNSET
JUNE 18 2017..........SUNRISE   535 AM CDT   SUNSET   818 PM CDT
JUNE 19 2017..........SUNRISE   535 AM CDT   SUNSET   818 PM CDT


-  INDICATES NEGATIVE NUMBERS.
R  INDICATES RECORD WAS SET OR TIED.
MM INDICATES DATA IS MISSING.
T  INDICATES TRACE AMOUNT.

&&

***** AGRICULTURAL DATA *****

SOIL TEMPERATURES AT A DEPTH OF FOUR INCHES
UNDER GRASS...  MAX: 77    MIN: 76


$$
