000
CDUS43 KPAH 012228
CLIPAH


CLIMATE REPORT
NATIONAL WEATHER SERVICE PADUCAH KY
426 PM CST SUN JAN 1 2017

...................................

...THE PADUCAH KY CLIMATE SUMMARY FOR JANUARY 1 2017...
VALID TODAY AS OF 0400 PM LOCAL TIME.

CLIMATE NORMAL PERIOD 1981 TO 2010
CLIMATE RECORD PERIOD 1937 TO 2016

WEATHER ITEM   OBSERVED TIME   RECORD YEAR NORMAL DEPARTURE LAST
                VALUE   (LST)  VALUE       VALUE  FROM      YEAR
                                                  NORMAL
..................................................................
TEMPERATURE (F)
 TODAY
  MAXIMUM         47    331 PM  69    1965  43      4       44
  MINIMUM         41    816 AM  -2    1968  26     15       26
  AVERAGE         44                        35      9       35

PRECIPITATION (IN)
  TODAY            0.01          3.40 1966   0.12  -0.11     0.00
  MONTH TO DATE    0.01                      0.12  -0.11     0.00
  SINCE DEC 1      6.02                      4.71   1.31     7.42
  SINCE JAN 1      0.01                      0.12  -0.11     0.00

SNOWFALL (IN)
  TODAY            0.0                                       0.0
  MONTH TO DATE    0.0                                       0.0
  SINCE JUL 1      T                                         0.0
  SNOW DEPTH       0
..................................................................

WIND (MPH)
  HIGHEST WIND SPEED    13   HIGHEST WIND DIRECTION     E (70)
  HIGHEST GUST SPEED    17   HIGHEST GUST DIRECTION     E (70)

RELATIVE HUMIDITY (PERCENT)
 HIGHEST    89
 LOWEST     76
..........................................................

THE PADUCAH KY CLIMATE NORMALS FOR TOMORROW
                         NORMAL    RECORD    YEAR
 MAXIMUM TEMPERATURE (F)   43        70      2000
 MINIMUM TEMPERATURE (F)   26         5      1979
                                             1940

SUNRISE AND SUNSET
JANUARY  1 2017.......SUNRISE   709 AM CST   SUNSET   449 PM CST
JANUARY  2 2017.......SUNRISE   709 AM CST   SUNSET   450 PM CST

-  INDICATES NEGATIVE NUMBERS.
R  INDICATES RECORD WAS SET OR TIED.
MM INDICATES DATA IS MISSING.
T  INDICATES TRACE AMOUNT.

$$
