000
CDUS43 KPAH 032141
CLIPAH


CLIMATE REPORT
NATIONAL WEATHER SERVICE PADUCAH KY
441 PM CDT THU JUL 3 2014


...................................

...THE PADUCAH KY CLIMATE SUMMARY FOR JULY 3 2014...
VALID TODAY AS OF 0400 PM LOCAL TIME.

CLIMATE NORMAL PERIOD 1981 TO 2010
CLIMATE RECORD PERIOD 1937 TO 2014


WEATHER ITEM   OBSERVED TIME   RECORD YEAR NORMAL DEPARTURE LAST
                VALUE   (LST)  VALUE       VALUE  FROM      YEAR
                                                  NORMAL
..................................................................
TEMPERATURE (F)
 TODAY
  MAXIMUM         77   1216 PM 103    1941  89    -12       81
  MINIMUM         63        MM  50    1947  69     -6       63
  AVERAGE         70                        79     -9       72

PRECIPITATION (IN)
  TODAY            0.00          5.48 1983   0.15  -0.15     0.00
  MONTH TO DATE    0.93                      0.44   0.49     0.09
  SINCE JUN 1      7.62                      4.50   3.12     9.20
  SINCE JAN 1     27.81                     25.72   2.09    34.67

SNOWFALL (IN)
  TODAY            0.0                                       0.0
  MONTH TO DATE    0.0                                       0.0
  SINCE JUL 1      0.0                                       0.0
  SNOW DEPTH       0

..................................................................


WIND (MPH)
  HIGHEST WIND SPEED    15   HIGHEST WIND DIRECTION     N (350)
  HIGHEST GUST SPEED    18   HIGHEST GUST DIRECTION     N (350)




RELATIVE HUMIDITY (PERCENT)
 HIGHEST    84
 LOWEST     58

..........................................................


THE PADUCAH KY CLIMATE NORMALS FOR TOMORROW
                         NORMAL    RECORD    YEAR
 MAXIMUM TEMPERATURE (F)   89       101      2012
 MINIMUM TEMPERATURE (F)   69        52      1968


SUNRISE AND SUNSET
JULY  3 2014..........SUNRISE   540 AM CDT   SUNSET   819 PM CDT
JULY  4 2014..........SUNRISE   540 AM CDT   SUNSET   818 PM CDT


-  INDICATES NEGATIVE NUMBERS.
R  INDICATES RECORD WAS SET OR TIED.
MM INDICATES DATA IS MISSING.
T  INDICATES TRACE AMOUNT.




$$
