268
CDUS43 KPAH 160645
CLIPAH


CLIMATE REPORT
NATIONAL WEATHER SERVICE PADUCAH KY
145 AM CDT THU MAR 16 2017


...................................

...THE PADUCAH KY CLIMATE SUMMARY FOR MARCH 15 2017...

CLIMATE NORMAL PERIOD 1981 TO 2010
CLIMATE RECORD PERIOD 1937 TO 2017


WEATHER ITEM   OBSERVED TIME   RECORD YEAR NORMAL DEPARTURE LAST
                VALUE   (LST)  VALUE       VALUE  FROM      YEAR
                                                  NORMAL
..................................................................
TEMPERATURE (F)
 YESTERDAY
  MAXIMUM         40    402 PM  82    2016  59    -19       82
  MINIMUM         21    635 AM  20    1969  38    -17       50
  AVERAGE         31                        48    -17       66

PRECIPITATION (IN)
  YESTERDAY        0.00          0.73 1972   0.13  -0.13     0.00
  MONTH TO DATE    2.69                      1.80   0.89     5.35
  SINCE MAR 1      2.69                      1.80   0.89     5.35
  SINCE JAN 1      7.52                      9.39  -1.87    10.81

SNOWFALL (IN)
  YESTERDAY        0.0           2.0  1978   0.1   -0.1      0.0
  MONTH TO DATE    1.0                       0.5    0.5      0.0
  SINCE MAR 1      1.0                       0.5    0.5      0.0
  SINCE JUL 1      1.2                       9.0   -7.8     12.1
  SNOW DEPTH       0

DEGREE DAYS
 HEATING
  YESTERDAY       34                        17     17        0
  MONTH TO DATE  285                       289     -4      169
  SINCE MAR 1    285                       289     -4      169
  SINCE JUL 1   2764                      3585   -821     2831

 COOLING
  YESTERDAY        0                         0      0        1
  MONTH TO DATE    0                         0      0        1
  SINCE MAR 1      0                         0      0        1
  SINCE JAN 1      0                         0      0        1
..................................................................


WIND (MPH)
  HIGHEST WIND SPEED    15   HIGHEST WIND DIRECTION     N (360)
  HIGHEST GUST SPEED    19   HIGHEST GUST DIRECTION     N (10)
  AVERAGE WIND SPEED     5.2


SKY COVER
  POSSIBLE SUNSHINE  MM
  AVERAGE SKY COVER 0.0


WEATHER CONDITIONS
 THE FOLLOWING WEATHER WAS RECORDED YESTERDAY.
  NO SIGNIFICANT WEATHER WAS OBSERVED.


RELATIVE HUMIDITY (PERCENT)
 HIGHEST    74           900 PM
 LOWEST     29           200 PM
 AVERAGE    52

..........................................................


THE PADUCAH KY CLIMATE NORMALS FOR TODAY
                         NORMAL    RECORD    YEAR
 MAXIMUM TEMPERATURE (F)   59        82      1995
 MINIMUM TEMPERATURE (F)   38        19      1988


SUNRISE AND SUNSET
MARCH 16 2017.........SUNRISE   704 AM CDT   SUNSET   704 PM CDT
MARCH 17 2017.........SUNRISE   703 AM CDT   SUNSET   704 PM CDT


-  INDICATES NEGATIVE NUMBERS.
R  INDICATES RECORD WAS SET OR TIED.
MM INDICATES DATA IS MISSING.
T  INDICATES TRACE AMOUNT.




$$
