000
CDUS43 KPAH 090629
CLIPAH

CLIMATE REPORT
NATIONAL WEATHER SERVICE PADUCAH KY
127 AM CDT MON MAY 9 2016

...................................

...THE PADUCAH KY CLIMATE SUMMARY FOR MAY 8 2016...

CLIMATE NORMAL PERIOD 1981 TO 2010
CLIMATE RECORD PERIOD 1937 TO 2016

WEATHER ITEM   OBSERVED TIME   RECORD YEAR NORMAL DEPARTURE LAST
                VALUE   (LST)  VALUE       VALUE  FROM      YEAR
                                                  NORMAL
..................................................................
TEMPERATURE (F)
 YESTERDAY
  MAXIMUM         84    247 PM  90    1986  76      8       86
                                      1940
  MINIMUM         56    427 AM  36    1944  54      2       66
  AVERAGE         70                        65      5       76

PRECIPITATION (IN)
  YESTERDAY        0.00          1.37 1945   0.17  -0.17     0.05
  MONTH TO DATE    0.01                      1.40  -1.39     0.05
  SINCE MAR 1     12.48                     10.09   2.39    14.67
  SINCE JAN 1     17.94                     17.68   0.26    21.96

SNOWFALL (IN)
  YESTERDAY        0.0           0.0  2002   0.0    0.0      0.0
                                      2001
  MONTH TO DATE    0.0                       0.0    0.0      0.0
  SINCE MAR 1      T                         0.6   -0.6     12.1
  SINCE JUL 1     12.1                       9.1    3.0     28.6
  SNOW DEPTH       0

DEGREE DAYS
 HEATING
  YESTERDAY        0                         3     -3        0
  MONTH TO DATE   32                        27      5       15
  SINCE MAR 1    571                       795   -224      771
  SINCE JUL 1   3233                      4091   -858     4440

 COOLING
  YESTERDAY        5                         3      2       11
  MONTH TO DATE   16                        18     -2       42
  SINCE MAR 1     52                        60     -8       84
  SINCE JAN 1     52                        60     -8       84
..................................................................

WIND (MPH)
  HIGHEST WIND SPEED    18   HIGHEST WIND DIRECTION     W (250)
  HIGHEST GUST SPEED    24   HIGHEST GUST DIRECTION    SW (210)
  AVERAGE WIND SPEED     6.5

SKY COVER
  POSSIBLE SUNSHINE  MM
  AVERAGE SKY COVER 0.0

WEATHER CONDITIONS
 THE FOLLOWING WEATHER WAS RECORDED YESTERDAY.
  NO SIGNIFICANT WEATHER WAS OBSERVED.

RELATIVE HUMIDITY (PERCENT)
 HIGHEST    86           400 AM
 LOWEST     34           300 PM
 AVERAGE    60
..........................................................

THE PADUCAH KY CLIMATE NORMALS FOR TODAY
                         NORMAL    RECORD    YEAR
 MAXIMUM TEMPERATURE (F)   76        88      2007
                                             1986
                                             1940
 MINIMUM TEMPERATURE (F)   54        36      1960

SUNRISE AND SUNSET
MAY  9 2016...........SUNRISE   552 AM CDT   SUNSET   752 PM CDT
MAY 10 2016...........SUNRISE   551 AM CDT   SUNSET   753 PM CDT

-  INDICATES NEGATIVE NUMBERS.
R  INDICATES RECORD WAS SET OR TIED.
MM INDICATES DATA IS MISSING.
T  INDICATES TRACE AMOUNT.

&&
...........................................................
***** AGRICULTURAL DATA *****

SOIL TEMPERATURES AT A DEPTH OF FOUR INCHES

UNDER GRASS...  MAX: 64  MIN: 64

$$
