000
CDUS43 KPAH 070632
CLIPAH


CLIMATE REPORT
NATIONAL WEATHER SERVICE PADUCAH KY
1230 AM CST SUN DEC 7 2014


...................................

...THE PADUCAH KY CLIMATE SUMMARY FOR DECEMBER 6 2014...

CLIMATE NORMAL PERIOD 1981 TO 2010
CLIMATE RECORD PERIOD 1937 TO 2014


WEATHER ITEM   OBSERVED TIME   RECORD YEAR NORMAL DEPARTURE LAST
                VALUE   (LST)  VALUE       VALUE  FROM      YEAR
                                                  NORMAL
..................................................................
TEMPERATURE (F)
 YESTERDAY
  MAXIMUM         59   1207 AM  72    1998  49     10       32
                                      1951
  MINIMUM         41   1159 PM   5    1984  31     10       22
  AVERAGE         50                        40     10       27

PRECIPITATION (IN)
  YESTERDAY        0.01          1.62 1957   0.15  -0.14     1.32
  MONTH TO DATE    1.00                      0.92   0.08     1.54
  SINCE DEC 1      1.00                      0.92   0.08     1.54
  SINCE JAN 1     44.95                     45.41  -0.46    53.74

SNOWFALL (IN)
  YESTERDAY        0.0           4.8  2013   0.0    0.0      4.8
  MONTH TO DATE    0.0                       0.2   -0.2      4.9
  SINCE DEC 1      0.0                       0.2   -0.2      4.9
  SINCE JUL 1      2.8                       0.3    2.5      4.9
  SNOW DEPTH       0

DEGREE DAYS
 HEATING
  YESTERDAY       15                        25    -10       38
  MONTH TO DATE  131                       145    -14       98
  SINCE DEC 1    131                       145    -14       98
  SINCE JUL 1   1068                       922    146      900

 COOLING
  YESTERDAY        0                         0      0        0
  MONTH TO DATE    0                         0      0        0
  SINCE DEC 1      0                         0      0        0
  SINCE JAN 1   1722                      1542    180     1478
..................................................................


WIND (MPH)
  HIGHEST WIND SPEED    23   HIGHEST WIND DIRECTION     N (350)
  HIGHEST GUST SPEED    31   HIGHEST GUST DIRECTION     N (360)
  AVERAGE WIND SPEED    13.2


SKY COVER
  POSSIBLE SUNSHINE  MM
  AVERAGE SKY COVER 0.9


WEATHER CONDITIONS
 THE FOLLOWING WEATHER WAS RECORDED YESTERDAY.
  LIGHT RAIN
  FOG
  HAZE


RELATIVE HUMIDITY (PERCENT)
 HIGHEST   100           200 AM
 LOWEST     76           900 AM
 AVERAGE    88

..........................................................


THE PADUCAH KY CLIMATE NORMALS FOR TODAY
                         NORMAL    RECORD    YEAR
 MAXIMUM TEMPERATURE (F)   49        69      1980
                                             1966
                                             1946
 MINIMUM TEMPERATURE (F)   30         7      1984


SUNRISE AND SUNSET
DECEMBER  7 2014......SUNRISE   655 AM CST   SUNSET   438 PM CST
DECEMBER  8 2014......SUNRISE   656 AM CST   SUNSET   438 PM CST


-  INDICATES NEGATIVE NUMBERS.
R  INDICATES RECORD WAS SET OR TIED.
MM INDICATES DATA IS MISSING.
T  INDICATES TRACE AMOUNT.

&&

.....................................................

***** AGRICULTURAL DATA *****

SOIL TEMPERATURES AT A DEPTH OF FOUR INCHES

UNDER GRASS.........  MAX: 48  MIN: 47


$$
