000
CDUS43 KPAH 100630
CLIPAH

CLIMATE REPORT
NATIONAL WEATHER SERVICE PADUCAH KY
126 AM CDT MON APR 10 2017


...................................

...THE PADUCAH KY CLIMATE SUMMARY FOR APRIL 9 2017...

CLIMATE NORMAL PERIOD 1981 TO 2010
CLIMATE RECORD PERIOD 1937 TO 2017


WEATHER ITEM   OBSERVED TIME   RECORD YEAR NORMAL DEPARTURE LAST
                VALUE   (LST)  VALUE       VALUE  FROM      YEAR
                                                  NORMAL
..................................................................
TEMPERATURE (F)
 YESTERDAY
  MAXIMUM         79    432 PM  86    2011  67     12       54
  MINIMUM         58    548 AM  25    2007  44     14       33
  AVERAGE         69                        56     13       44

PRECIPITATION (IN)
  YESTERDAY        0.00          4.05 1942   0.14  -0.14     0.00
  MONTH TO DATE    0.25                      1.30  -1.05     0.17
  SINCE MAR 1      4.64                      5.23  -0.59     9.38
  SINCE JAN 1      9.47                     12.82  -3.35    14.84

SNOWFALL (IN)
  YESTERDAY        0.0           T    1973   0.0    0.0      0.0
  MONTH TO DATE    0.0                       0.0    0.0      0.0
  SINCE MAR 1      1.0                       0.6    0.4       T
  SINCE JUL 1      1.2                       9.1   -7.9     12.1
  SNOW DEPTH       0

DEGREE DAYS
 HEATING
  YESTERDAY        0                        10    -10       21
  MONTH TO DATE   57                        99    -42      120
  SINCE MAR 1    493                       622   -129      479
  SINCE JUL 1   2972                      3918   -946     3141

 COOLING
  YESTERDAY        4                         1      3        0
  MONTH TO DATE    5                         9     -4        0
  SINCE MAR 1      6                        16    -10        2
  SINCE JAN 1      6                        16    -10        2
..................................................................


WIND (MPH)
  HIGHEST WIND SPEED    23   HIGHEST WIND DIRECTION    SW (230)
  HIGHEST GUST SPEED    34   HIGHEST GUST DIRECTION    SW (220)
  AVERAGE WIND SPEED    10.4


SKY COVER
  POSSIBLE SUNSHINE  MM
  AVERAGE SKY COVER 0.0


WEATHER CONDITIONS
 THE FOLLOWING WEATHER WAS RECORDED YESTERDAY.
  NO SIGNIFICANT WEATHER WAS OBSERVED.


RELATIVE HUMIDITY (PERCENT)
 HIGHEST    46           700 AM
 LOWEST     31          1000 AM
 AVERAGE    39

..........................................................


THE PADUCAH KY CLIMATE NORMALS FOR TODAY
                         NORMAL    RECORD    YEAR
 MAXIMUM TEMPERATURE (F)   68        89      1995
 MINIMUM TEMPERATURE (F)   45        25      1982
                                             1960


SUNRISE AND SUNSET
APRIL 10 2017.........SUNRISE   627 AM CDT   SUNSET   726 PM CDT
APRIL 11 2017.........SUNRISE   626 AM CDT   SUNSET   727 PM CDT


-  INDICATES NEGATIVE NUMBERS.
R  INDICATES RECORD WAS SET OR TIED.
MM INDICATES DATA IS MISSING.
T  INDICATES TRACE AMOUNT.

&&
..........................................................

***** AGRICULTURAL DATA *****

SOIL TEMPERATURES AT A DEPTH OF FOUR INCHES

UNDER GRASS...  MAX: 58    MIN: 57





$$
