000
CDUS43 KPAH 312127
CLIPAH


CLIMATE REPORT
NATIONAL WEATHER SERVICE PADUCAH KY
425 PM CDT TUE OCT 31 2017


...................................

...THE PADUCAH KY CLIMATE SUMMARY FOR OCTOBER 31 2017...
VALID TODAY AS OF 0400 PM LOCAL TIME.

CLIMATE NORMAL PERIOD 1981 TO 2010
CLIMATE RECORD PERIOD 1937 TO 2017


WEATHER ITEM   OBSERVED TIME   RECORD YEAR NORMAL DEPARTURE LAST
                VALUE   (LST)  VALUE       VALUE  FROM      YEAR
                                                  NORMAL
..................................................................
TEMPERATURE (F)
 TODAY
  MAXIMUM         51    256 PM  85    1950  66    -15       83
  MINIMUM         30    629 AM  24    1993  43    -13       54
  AVERAGE         41                        54    -13       69

PRECIPITATION (IN)
  TODAY            0.00          2.50 1941   0.12  -0.12     0.00
  MONTH TO DATE    3.96                      3.96   0.00     0.34
  SINCE SEP 1      6.51                      7.71  -1.20     1.17
  SINCE JAN 1     39.64                     40.19  -0.55    43.84

SNOWFALL (IN)
  TODAY            0.0                                       0.0
  MONTH TO DATE    0.0                                       0.0
  SINCE JUL 1      0.0                                       0.0
  SNOW DEPTH       0

..................................................................


WIND (MPH)
  HIGHEST WIND SPEED    13   HIGHEST WIND DIRECTION     N (360)
  HIGHEST GUST SPEED    18   HIGHEST GUST DIRECTION     N (360)




RELATIVE HUMIDITY (PERCENT)
 HIGHEST    85
 LOWEST     38

..........................................................


THE PADUCAH KY CLIMATE NORMALS FOR TOMORROW
                         NORMAL    RECORD    YEAR
 MAXIMUM TEMPERATURE (F)   65        85      2016
 MINIMUM TEMPERATURE (F)   43        22      1993


SUNRISE AND SUNSET
OCTOBER 31 2017.......SUNRISE   718 AM CDT   SUNSET   558 PM CDT
NOVEMBER  1 2017......SUNRISE   720 AM CDT   SUNSET   557 PM CDT


-  INDICATES NEGATIVE NUMBERS.
R  INDICATES RECORD WAS SET OR TIED.
MM INDICATES DATA IS MISSING.
T  INDICATES TRACE AMOUNT.




$$
