000
CDUS43 KPAH 130629
CLIPAH


CLIMATE REPORT
NATIONAL WEATHER SERVICE PADUCAH KY
127 AM CDT MON OCT 13 2014


...................................

...THE PADUCAH KY CLIMATE SUMMARY FOR OCTOBER 12 2014...

CLIMATE NORMAL PERIOD 1981 TO 2010
CLIMATE RECORD PERIOD 1937 TO 2014


WEATHER ITEM   OBSERVED TIME   RECORD YEAR NORMAL DEPARTURE LAST
                VALUE   (LST)  VALUE       VALUE  FROM      YEAR
                                                  NORMAL
..................................................................
TEMPERATURE (F)
 YESTERDAY
  MAXIMUM         71   1020 PM  89    1989  72     -1       76
                                      1938
  MINIMUM         56    612 AM  27    1987  48      8       58
  AVERAGE         64                        60      4       67

PRECIPITATION (IN)
  YESTERDAY        0.17          0.72 1962   0.12   0.05      T
  MONTH TO DATE    2.28                      1.57   0.71     4.59
  SINCE SEP 1      3.25                      5.32  -2.07     7.69
  SINCE JAN 1     40.02                     37.80   2.22    48.46

SNOWFALL (IN)
  YESTERDAY        0.0           0.0  2002   0.0    0.0      0.0
                                      2001
  MONTH TO DATE    0.0                       0.0    0.0      0.0
  SINCE SEP 1      0.0                       0.0    0.0      0.0
  SINCE JUL 1      0.0                       0.0    0.0      0.0
  SNOW DEPTH       0

DEGREE DAYS
 HEATING
  YESTERDAY        1                         6     -5        0
  MONTH TO DATE   51                        62    -11       20
  SINCE SEP 1     72                       100    -28       25
  SINCE JUL 1     72                       101    -29       25

 COOLING
  YESTERDAY        0                         1     -1        2
  MONTH TO DATE   31                        23      8       60
  SINCE SEP 1    233                       210     23      294
  SINCE JAN 1   1704                      1523    181     1468
..................................................................


WIND (MPH)
  HIGHEST WIND SPEED    15   HIGHEST WIND DIRECTION     S (200)
  HIGHEST GUST SPEED    21   HIGHEST GUST DIRECTION     S (170)
  AVERAGE WIND SPEED     5.5


SKY COVER
  POSSIBLE SUNSHINE  MM
  AVERAGE SKY COVER 1.0


WEATHER CONDITIONS
 THE FOLLOWING WEATHER WAS RECORDED YESTERDAY.
  THUNDERSTORM
  HEAVY RAIN
  LIGHT RAIN
  FOG


RELATIVE HUMIDITY (PERCENT)
 HIGHEST   100           300 AM
 LOWEST     78           100 PM
 AVERAGE    89

..........................................................


THE PADUCAH KY CLIMATE NORMALS FOR TODAY
                         NORMAL    RECORD    YEAR
 MAXIMUM TEMPERATURE (F)   72        89      1989
 MINIMUM TEMPERATURE (F)   47        27      1988


SUNRISE AND SUNSET
OCTOBER 13 2014.......SUNRISE   701 AM CDT   SUNSET   621 PM CDT
OCTOBER 14 2014.......SUNRISE   702 AM CDT   SUNSET   620 PM CDT


-  INDICATES NEGATIVE NUMBERS.
R  INDICATES RECORD WAS SET OR TIED.
MM INDICATES DATA IS MISSING.
T  INDICATES TRACE AMOUNT.

&&

..........................................................
***** AGRICULTURAL DATA *****

SOIL TEMPERATURES AT A DEPTH OF FOUR INCHES

UNDER BARE GROUND...  MAX: MM  MIN: MM
UNDER GRASS.........  MAX: 67  MIN: 66


$$
