000
CDUS43 KPAH 040632
CLIPAH

CLIMATE REPORT
NATIONAL WEATHER SERVICE PADUCAH KY
1227 AM CST SAT FEB 4 2017

...................................

...THE PADUCAH KY CLIMATE SUMMARY FOR FEBRUARY 3 2017...

CLIMATE NORMAL PERIOD 1981 TO 2010
CLIMATE RECORD PERIOD 1937 TO 2017

WEATHER ITEM   OBSERVED TIME   RECORD YEAR NORMAL DEPARTURE LAST
                VALUE   (LST)  VALUE       VALUE  FROM      YEAR
                                                  NORMAL
..................................................................
TEMPERATURE (F)
 YESTERDAY
  MAXIMUM         38    323 PM  70    1992  46     -8       57
  MINIMUM         18   1155 PM  -8    1985  27     -9       32
  AVERAGE         28                        36     -8       45

PRECIPITATION (IN)
  YESTERDAY        0.00          1.68 1939   0.15  -0.15     0.00
  MONTH TO DATE    0.00                      0.44  -0.44     0.36
  SINCE DEC 1      8.51                      8.71  -0.20    10.33
  SINCE JAN 1      2.50                      4.12  -1.62     2.91

SNOWFALL (IN)
  YESTERDAY        0.0           3.0  1982   0.1   -0.1      0.0
  MONTH TO DATE    0.0                       0.4   -0.4      0.0
  SINCE DEC 1      0.2                       5.6   -5.4      8.4
  SINCE JUL 1      0.2                       5.7   -5.5      8.4
  SNOW DEPTH       0

DEGREE DAYS
 HEATING
  YESTERDAY       37                        29      8       20
  MONTH TO DATE   84                        87     -3       40
  SINCE DEC 1   1604                      1883   -279     1469
  SINCE JUL 1   2105                      2660   -555     2013

 COOLING
  YESTERDAY        0                         0      0        0
  MONTH TO DATE    0                         0      0        0
  SINCE DEC 1      0                         0      0        6
  SINCE JAN 1      0                         0      0        0
..................................................................

WIND (MPH)
  HIGHEST WIND SPEED    18   HIGHEST WIND DIRECTION     N (10)
  HIGHEST GUST SPEED    23   HIGHEST GUST DIRECTION     N (10)
  AVERAGE WIND SPEED     8.2

SKY COVER
  POSSIBLE SUNSHINE  MM
  AVERAGE SKY COVER 0.3

WEATHER CONDITIONS
 THE FOLLOWING WEATHER WAS RECORDED YESTERDAY.
  NO SIGNIFICANT WEATHER WAS OBSERVED.

RELATIVE HUMIDITY (PERCENT)
 HIGHEST    68          1100 PM
 LOWEST     32           200 PM
 AVERAGE    50
..........................................................

THE PADUCAH KY CLIMATE NORMALS FOR TODAY
                         NORMAL    RECORD    YEAR
 MAXIMUM TEMPERATURE (F)   46        73      1962
 MINIMUM TEMPERATURE (F)   27        -3      1996


SUNRISE AND SUNSET
FEBRUARY  4 2017......SUNRISE   655 AM CST   SUNSET   524 PM CST
FEBRUARY  5 2017......SUNRISE   654 AM CST   SUNSET   525 PM CST

-  INDICATES NEGATIVE NUMBERS.
R  INDICATES RECORD WAS SET OR TIED.
MM INDICATES DATA IS MISSING.
T  INDICATES TRACE AMOUNT.

&&
.........................................................
***** AGRICULTURAL DATA *****

SOIL TEMPERATURES AT A DEPTH OF FOUR INCHES

UNDER GRASS...  MAX: 44    MIN: 44

$$
