000
CDUS43 KPAH 100629
CLIPAH


CLIMATE REPORT
NATIONAL WEATHER SERVICE PADUCAH KY
127 AM CDT TUE MAY 10 2016


...................................

...THE PADUCAH KY CLIMATE SUMMARY FOR MAY 9 2016...

CLIMATE NORMAL PERIOD 1981 TO 2010
CLIMATE RECORD PERIOD 1937 TO 2016


WEATHER ITEM   OBSERVED TIME   RECORD YEAR NORMAL DEPARTURE LAST
                VALUE   (LST)  VALUE       VALUE  FROM      YEAR
                                                  NORMAL
..................................................................
TEMPERATURE (F)
 YESTERDAY
  MAXIMUM         75    235 PM  88    2007  76     -1       82
                                      1986
                                      1940
  MINIMUM         61   1159 PM  36    1960  54      7       66
  AVERAGE         68                        65      3       74

PRECIPITATION (IN)
  YESTERDAY        0.25          0.77 2000   0.18   0.07     0.03
  MONTH TO DATE    0.26                      1.58  -1.32     0.08
  SINCE MAR 1     12.73                     10.27   2.46    14.70
  SINCE JAN 1     18.19                     17.86   0.33    21.99

SNOWFALL (IN)
  YESTERDAY        0.0           0.0  2002   0.0    0.0      0.0
                                      2001
  MONTH TO DATE    0.0                       0.0    0.0      0.0
  SINCE MAR 1      T                         0.6   -0.6     12.1
  SINCE JUL 1     12.1                       9.1    3.0     28.6
  SNOW DEPTH       0

DEGREE DAYS
 HEATING
  YESTERDAY        0                         3     -3        0
  MONTH TO DATE   32                        30      2       15
  SINCE MAR 1    571                       798   -227      771
  SINCE JUL 1   3233                      4094   -861     4440

 COOLING
  YESTERDAY        3                         3      0        9
  MONTH TO DATE   19                        21     -2       51
  SINCE MAR 1     55                        63     -8       93
  SINCE JAN 1     55                        63     -8       93
..................................................................


WIND (MPH)
  HIGHEST WIND SPEED    24   HIGHEST WIND DIRECTION    SW (220)
  HIGHEST GUST SPEED    38   HIGHEST GUST DIRECTION     W (250)
  AVERAGE WIND SPEED     8.1


SKY COVER
  POSSIBLE SUNSHINE  MM
  AVERAGE SKY COVER 0.8


WEATHER CONDITIONS
 THE FOLLOWING WEATHER WAS RECORDED YESTERDAY.
  THUNDERSTORM
  LIGHT RAIN
  FOG


RELATIVE HUMIDITY (PERCENT)
 HIGHEST    84           700 AM
 LOWEST     57           400 AM
 AVERAGE    71

..........................................................


THE PADUCAH KY CLIMATE NORMALS FOR TODAY
                         NORMAL    RECORD    YEAR
 MAXIMUM TEMPERATURE (F)   76        88      2015
 MINIMUM TEMPERATURE (F)   55        35      1966


SUNRISE AND SUNSET
MAY 10 2016...........SUNRISE   551 AM CDT   SUNSET   753 PM CDT
MAY 11 2016...........SUNRISE   550 AM CDT   SUNSET   753 PM CDT


-  INDICATES NEGATIVE NUMBERS.
R  INDICATES RECORD WAS SET OR TIED.
MM INDICATES DATA IS MISSING.
T  INDICATES TRACE AMOUNT.

&&
...........................................................

***** AGRICULTURAL DATA *****

SOIL TEMPERATURES AT A DEPTH OF FOUR INCHES

UNDER GRASS...  MAX: 65  MIN: 64

$$
