135
CDUS43 KPAH 140642
CLIPAH


CLIMATE REPORT
NATIONAL WEATHER SERVICE PADUCAH KY
1239 AM CST SUN JAN 14 2018


...................................

...THE PADUCAH KY CLIMATE SUMMARY FOR JANUARY 13 2018...

CLIMATE NORMAL PERIOD 1981 TO 2010
CLIMATE RECORD PERIOD 1937 TO 2018


WEATHER ITEM   OBSERVED TIME   RECORD YEAR NORMAL DEPARTURE LAST
                VALUE   (LST)  VALUE       VALUE  FROM      YEAR
                                                  NORMAL
..................................................................
TEMPERATURE (F)
 YESTERDAY
  MAXIMUM         26    259 PM  68    1995  43    -17       37
  MINIMUM         10   1149 PM   0    1977  26    -16       33
  AVERAGE         18                        34    -16       35

PRECIPITATION (IN)
  YESTERDAY        0.00          2.25 1971   0.12  -0.12     0.24
  MONTH TO DATE    2.46                      1.55   0.91     0.77
  SINCE DEC 1      5.73                      6.14  -0.41     6.78
  SINCE JAN 1      2.46                      1.55   0.91     0.77

SNOWFALL (IN)
  YESTERDAY        0.0           2.1  1968   0.0    0.0      0.0
  MONTH TO DATE    4.3                       1.1    3.2      0.2
  SINCE DEC 1      4.3                       3.3    1.0      0.2
  SINCE JUL 1      4.3                       3.4    0.9      0.2
  SNOW DEPTH       4

DEGREE DAYS
 HEATING
  YESTERDAY       47                        31     16       30
  MONTH TO DATE  490                       400     90      361
  SINCE DEC 1   1341                      1254     87     1187
  SINCE JUL 1   2024                      2031     -7     1688

 COOLING
  YESTERDAY        0                         0      0        0
  MONTH TO DATE    0                         0      0        0
  SINCE DEC 1      0                         0      0        0
  SINCE JAN 1      0                         0      0        0
..................................................................


WIND (MPH)
  HIGHEST WIND SPEED    20   HIGHEST WIND DIRECTION     N (350)
  HIGHEST GUST SPEED    29   HIGHEST GUST DIRECTION     N (350)
  AVERAGE WIND SPEED     8.7


SKY COVER
  POSSIBLE SUNSHINE  MM
  AVERAGE SKY COVER 0.4


WEATHER CONDITIONS
 THE FOLLOWING WEATHER WAS RECORDED YESTERDAY.
  NO SIGNIFICANT WEATHER WAS OBSERVED.


RELATIVE HUMIDITY (PERCENT)
 HIGHEST    74          1000 PM
 LOWEST     50           200 PM
 AVERAGE    62

..........................................................


THE PADUCAH KY CLIMATE NORMALS FOR TODAY
                         NORMAL    RECORD    YEAR
 MAXIMUM TEMPERATURE (F)   43        67      1952
 MINIMUM TEMPERATURE (F)   26         1      1964


SUNRISE AND SUNSET
JANUARY 14 2018.......SUNRISE   708 AM CST   SUNSET   501 PM CST
JANUARY 15 2018.......SUNRISE   707 AM CST   SUNSET   502 PM CST


-  INDICATES NEGATIVE NUMBERS.
R  INDICATES RECORD WAS SET OR TIED.
MM INDICATES DATA IS MISSING.
T  INDICATES TRACE AMOUNT.

...........................................................

***** AGRICULTURAL DATA *****

SOIL TEMPERATURES AT A DEPTH OF FOUR INCHES

UNDER GRASS... MAX: 41    MIN: 39


$$
