000
CDUS43 KPAH 120628
CLIPAH


CLIMATE REPORT
NATIONAL WEATHER SERVICE PADUCAH KY
1226 AM CST FRI DEC 12 2014

...................................

...THE PADUCAH KY CLIMATE SUMMARY FOR DECEMBER 11 2014...

CLIMATE NORMAL PERIOD 1981 TO 2010
CLIMATE RECORD PERIOD 1937 TO 2014

WEATHER ITEM   OBSERVED TIME   RECORD YEAR NORMAL DEPARTURE LAST
                VALUE   (LST)  VALUE       VALUE  FROM      YEAR
                                                  NORMAL
..................................................................
TEMPERATURE (F)
 YESTERDAY
  MAXIMUM         43    310 PM  70    1996  47     -4       39
  MINIMUM         25   1101 PM   3    1962  29     -4       15
  AVERAGE         34                        38     -4       27

PRECIPITATION (IN)
  YESTERDAY        0.00          1.49 1949   0.16  -0.16     0.00
  MONTH TO DATE    1.00                      1.73  -0.73     1.57
  SINCE DEC 1      1.00                      1.73  -0.73     1.57
  SINCE JAN 1     44.95                     46.22  -1.27    53.77

SNOWFALL (IN)
  YESTERDAY        0.0           1.0  1950   0.1   -0.1      0.0
  MONTH TO DATE    0.0                       0.6   -0.6      5.2
  SINCE DEC 1      0.0                       0.6   -0.6      5.2
  SINCE JUL 1      2.8                       0.7    2.1      5.2
  SNOW DEPTH       0

DEGREE DAYS
 HEATING
  YESTERDAY       31                        27      4       38
  MONTH TO DATE  263                       276    -13      295
  SINCE DEC 1    263                       276    -13      295
  SINCE JUL 1   1200                      1053    147     1097

 COOLING
  YESTERDAY        0                         0      0        0
  MONTH TO DATE    0                         0      0        0
  SINCE DEC 1      0                         0      0        0
  SINCE JAN 1   1722                      1542    180     1478
..................................................................

WIND (MPH)
  HIGHEST WIND SPEED    10   HIGHEST WIND DIRECTION    NE (30)
  HIGHEST GUST SPEED    12   HIGHEST GUST DIRECTION     N (360)
  AVERAGE WIND SPEED     3.5

SKY COVER
  POSSIBLE SUNSHINE  MM
  AVERAGE SKY COVER 0.5

WEATHER CONDITIONS
 THE FOLLOWING WEATHER WAS RECORDED YESTERDAY.
  NO SIGNIFICANT WEATHER WAS OBSERVED.

RELATIVE HUMIDITY (PERCENT)
 HIGHEST    92           800 PM
 LOWEST     53           300 PM
 AVERAGE    73
..........................................................

THE PADUCAH KY CLIMATE NORMALS FOR TODAY
                         NORMAL    RECORD    YEAR
 MAXIMUM TEMPERATURE (F)   47        66      1991
 MINIMUM TEMPERATURE (F)   29        -5      1962

SUNRISE AND SUNSET
DECEMBER 12 2014......SUNRISE   659 AM CST   SUNSET   438 PM CST
DECEMBER 13 2014......SUNRISE   700 AM CST   SUNSET   439 PM CST

-  INDICATES NEGATIVE NUMBERS.
R  INDICATES RECORD WAS SET OR TIED.
MM INDICATES DATA IS MISSING.
T  INDICATES TRACE AMOUNT.

$$
