000
CDUS43 KPAH 090631
CLIPAH


CLIMATE REPORT
NATIONAL WEATHER SERVICE PADUCAH KY
129 AM CDT TUE MAY 9 2017


...................................

...THE PADUCAH KY CLIMATE SUMMARY FOR MAY 8 2017...

CLIMATE NORMAL PERIOD 1981 TO 2010
CLIMATE RECORD PERIOD 1937 TO 2017


WEATHER ITEM   OBSERVED TIME   RECORD YEAR NORMAL DEPARTURE LAST
                VALUE   (LST)  VALUE       VALUE  FROM      YEAR
                                                  NORMAL
..................................................................
TEMPERATURE (F)
 YESTERDAY
  MAXIMUM         81    415 PM  90    1986  76      5       84
                                      1940
  MINIMUM         49    513 AM  36    1944  54     -5       56
  AVERAGE         65                        65      0       70

PRECIPITATION (IN)
  YESTERDAY        0.00          1.37 1945   0.17  -0.17     0.00
  MONTH TO DATE    2.44                      1.40   1.04     0.01
  SINCE MAR 1     15.01                     10.09   4.92    12.48
  SINCE JAN 1     19.84                     17.68   2.16    17.94

SNOWFALL (IN)
  YESTERDAY        0.0           0.0  2002   0.0    0.0      0.0
                                      2001
  MONTH TO DATE    0.0                       0.0    0.0      0.0
  SINCE MAR 1      1.0                       0.6    0.4       T
  SINCE JUL 1      1.2                       9.1   -7.9     12.1
  SNOW DEPTH       0

DEGREE DAYS
 HEATING
  YESTERDAY        0                         3     -3        0
  MONTH TO DATE   52                        27     25       32
  SINCE MAR 1    592                       795   -203      571
  SINCE JUL 1   3071                      4091  -1020     3233

 COOLING
  YESTERDAY        0                         3     -3        5
  MONTH TO DATE    0                        18    -18       16
  SINCE MAR 1     76                        60     16       52
  SINCE JAN 1     76                        60     16       52
..................................................................


WIND (MPH)
  HIGHEST WIND SPEED    14   HIGHEST WIND DIRECTION    SW (240)
  HIGHEST GUST SPEED    20   HIGHEST GUST DIRECTION     W (260)
  AVERAGE WIND SPEED     5.6


SKY COVER
  POSSIBLE SUNSHINE  MM
  AVERAGE SKY COVER 0.0


WEATHER CONDITIONS
 THE FOLLOWING WEATHER WAS RECORDED YESTERDAY.
  HAZE


RELATIVE HUMIDITY (PERCENT)
 HIGHEST    89           100 AM
 LOWEST     42           200 PM
 AVERAGE    66

..........................................................


THE PADUCAH KY CLIMATE NORMALS FOR TODAY
                         NORMAL    RECORD    YEAR
 MAXIMUM TEMPERATURE (F)   76        88      2007
                                             1986
                                             1940
 MINIMUM TEMPERATURE (F)   54        36      1960


SUNRISE AND SUNSET
MAY  9 2017...........SUNRISE   552 AM CDT   SUNSET   751 PM CDT
MAY 10 2017...........SUNRISE   551 AM CDT   SUNSET   752 PM CDT


-  INDICATES NEGATIVE NUMBERS.
R  INDICATES RECORD WAS SET OR TIED.
MM INDICATES DATA IS MISSING.
T  INDICATES TRACE AMOUNT.

&&

***** AGRICULTURAL DATA *****

SOIL TEMPERATURES AT A DEPTH OF FOUR INCHES

UNDER GRASS...  MAX: 62    MIN: 61

$$
