000
CDUS43 KPAH 202226
CLIPAH


CLIMATE REPORT
NATIONAL WEATHER SERVICE PADUCAH KY
425 PM CST SUN NOV 20 2016

...................................

...THE PADUCAH KY CLIMATE SUMMARY FOR NOVEMBER 20 2016...
VALID TODAY AS OF 0400 PM LOCAL TIME.

CLIMATE NORMAL PERIOD 1981 TO 2010
CLIMATE RECORD PERIOD 1937 TO 2016

WEATHER ITEM   OBSERVED TIME   RECORD YEAR NORMAL DEPARTURE LAST
                VALUE   (LST)  VALUE       VALUE  FROM      YEAR
                                                  NORMAL
..................................................................
TEMPERATURE (F)
 TODAY
  MAXIMUM         49    320 PM  80    1942  56     -7       58
  MINIMUM         27    244 AM  20    2014  36     -9       30
                                      1968
                                      1951
  AVERAGE         38                        46     -8       44

PRECIPITATION (IN)
  TODAY            0.00          2.21 1956   0.16  -0.16     0.00
  MONTH TO DATE    0.28                      2.73  -2.45     4.99
  SINCE SEP 1      1.45                     10.44  -8.99     8.48
  SINCE JAN 1     44.12                     42.92   1.20    48.91

SNOWFALL (IN)
  TODAY            0.0                                       0.0
  MONTH TO DATE    0.0                                       0.0
  SINCE JUL 1      0.0                                       0.0
  SNOW DEPTH       0
..................................................................

WIND (MPH)
  HIGHEST WIND SPEED    12   HIGHEST WIND DIRECTION     W (270)
  HIGHEST GUST SPEED    16   HIGHEST GUST DIRECTION     W (290)

RELATIVE HUMIDITY (PERCENT)
 HIGHEST    63
 LOWEST     24
..........................................................

THE PADUCAH KY CLIMATE NORMALS FOR TOMORROW
                         NORMAL    RECORD    YEAR
 MAXIMUM TEMPERATURE (F)   56        76      1990
 MINIMUM TEMPERATURE (F)   36        14      1964

SUNRISE AND SUNSET
NOVEMBER 20 2016......SUNRISE   639 AM CST   SUNSET   442 PM CST
NOVEMBER 21 2016......SUNRISE   640 AM CST   SUNSET   441 PM CST

-  INDICATES NEGATIVE NUMBERS.
R  INDICATES RECORD WAS SET OR TIED.
MM INDICATES DATA IS MISSING.
T  INDICATES TRACE AMOUNT.

$$
