000
CDUS43 KPAH 240637
CLIPAH


CLIMATE REPORT
NATIONAL WEATHER SERVICE PADUCAH KY
133 AM CDT MON AUG 24 2015

...................................

...THE PADUCAH KY CLIMATE SUMMARY FOR AUGUST 23 2015...

CLIMATE NORMAL PERIOD 1981 TO 2010
CLIMATE RECORD PERIOD 1937 TO 2015

WEATHER ITEM   OBSERVED TIME   RECORD YEAR NORMAL DEPARTURE LAST
                VALUE   (LST)  VALUE       VALUE  FROM      YEAR
                                                  NORMAL
..................................................................
TEMPERATURE (F)
 YESTERDAY
  MAXIMUM         89    139 PM 101    2007  89      0       92
  MINIMUM         67   1159 PM  53    1997  65      2       77
  AVERAGE         78                        77      1       85

PRECIPITATION (IN)
  YESTERDAY        0.00          2.84 1992   0.08  -0.08     0.34
  MONTH TO DATE    1.94                      2.08  -0.14     3.13
  SINCE JUN 1     14.80                     10.58   4.22    11.86
  SINCE JAN 1     40.42                     31.80   8.62    32.05

SNOWFALL (IN)
  YESTERDAY        0.0           0.0  2002   0.0    0.0      0.0
                                      2001
  MONTH TO DATE    0.0                       0.0    0.0      0.0
  SINCE JUN 1      0.0                       0.0    0.0      0.0
  SINCE JUL 1      0.0                       0.0    0.0      0.0
  SNOW DEPTH       0

DEGREE DAYS
 HEATING
  YESTERDAY        0                         0      0        0
  MONTH TO DATE    0                         0      0        0
  SINCE JUN 1      2                         4     -2        0
  SINCE JUL 1      0                         0      0        0

 COOLING
  YESTERDAY       13                        12      1       20
  MONTH TO DATE  270                       296    -26      327
  SINCE JUN 1   1159                      1047    112     1048
  SINCE JAN 1   1370                      1219    151     1326
..................................................................

WIND (MPH)
  HIGHEST WIND SPEED    13   HIGHEST WIND DIRECTION     W (280)
  HIGHEST GUST SPEED    17   HIGHEST GUST DIRECTION    NW (300)
  AVERAGE WIND SPEED     5.5

SKY COVER
  POSSIBLE SUNSHINE  MM
  AVERAGE SKY COVER 0.4

WEATHER CONDITIONS
 THE FOLLOWING WEATHER WAS RECORDED YESTERDAY.
  FOG

RELATIVE HUMIDITY (PERCENT)
 HIGHEST    97           500 AM
 LOWEST     55           200 PM
 AVERAGE    76
..........................................................

THE PADUCAH KY CLIMATE NORMALS FOR TODAY
                         NORMAL    RECORD    YEAR
 MAXIMUM TEMPERATURE (F)   89       101      2007
 MINIMUM TEMPERATURE (F)   65        54      2009
                                             1997
                                             1952

SUNRISE AND SUNSET
AUGUST 24 2015........SUNRISE   619 AM CDT   SUNSET   735 PM CDT
AUGUST 25 2015........SUNRISE   620 AM CDT   SUNSET   734 PM CDT

-  INDICATES NEGATIVE NUMBERS.
R  INDICATES RECORD WAS SET OR TIED.
MM INDICATES DATA IS MISSING.
T  INDICATES TRACE AMOUNT.

$$
