000
CDUS43 KPAH 240631
CLIPAH


CLIMATE REPORT
NATIONAL WEATHER SERVICE PADUCAH KY
1229 AM CST THU NOV 24 2016


...................................

...THE PADUCAH KY CLIMATE SUMMARY FOR NOVEMBER 23 2016...

CLIMATE NORMAL PERIOD 1981 TO 2010
CLIMATE RECORD PERIOD 1937 TO 2016


WEATHER ITEM   OBSERVED TIME   RECORD YEAR NORMAL DEPARTURE LAST
                VALUE   (LST)  VALUE       VALUE  FROM      YEAR
                                                  NORMAL
..................................................................
TEMPERATURE (F)
 YESTERDAY
  MAXIMUM         55   1152 PM  70    2003  55      0       55
  MINIMUM         46    714 AM  15    1970  35     11       30
                                      1950
  AVERAGE         51                        45      6       43

PRECIPITATION (IN)
  YESTERDAY        0.57          4.06 1951   0.15   0.42     0.00
  MONTH TO DATE    0.88                      3.19  -2.31     5.13
  SINCE SEP 1      2.05                     10.90  -8.85     8.62
  SINCE JAN 1     44.72                     43.38   1.34    49.05

SNOWFALL (IN)
  YESTERDAY        0.0           1.3  1950   0.0    0.0      0.0
  MONTH TO DATE    0.0                       0.0    0.0      0.0
  SINCE SEP 1      0.0                       0.1   -0.1      0.0
  SINCE JUL 1      0.0                       0.1   -0.1      0.0
  SNOW DEPTH       0

DEGREE DAYS
 HEATING
  YESTERDAY       14                        20     -6       22
  MONTH TO DATE  277                       358    -81      282
  SINCE SEP 1    381                       624   -243      461
  SINCE JUL 1    381                       625   -244      461

 COOLING
  YESTERDAY        0                         0      0        0
  MONTH TO DATE   19                         0     19        6
  SINCE SEP 1    423                       225    198      266
  SINCE JAN 1   1953                      1538    415     1690
..................................................................


WIND (MPH)
  HIGHEST WIND SPEED    20   HIGHEST WIND DIRECTION     S (170)
  HIGHEST GUST SPEED    26   HIGHEST GUST DIRECTION     S (170)
  AVERAGE WIND SPEED     7.5


SKY COVER
  POSSIBLE SUNSHINE  MM
  AVERAGE SKY COVER 1.0


WEATHER CONDITIONS
 THE FOLLOWING WEATHER WAS RECORDED YESTERDAY.
  RAIN
  LIGHT RAIN
  FOG


RELATIVE HUMIDITY (PERCENT)
 HIGHEST    93           500 PM
 LOWEST     76           600 AM
 AVERAGE    85

..........................................................


THE PADUCAH KY CLIMATE NORMALS FOR TODAY
                         NORMAL    RECORD    YEAR
 MAXIMUM TEMPERATURE (F)   54        72      1990
 MINIMUM TEMPERATURE (F)   35        -2      1950


SUNRISE AND SUNSET
NOVEMBER 24 2016......SUNRISE   643 AM CST   SUNSET   440 PM CST
NOVEMBER 25 2016......SUNRISE   644 AM CST   SUNSET   440 PM CST


-  INDICATES NEGATIVE NUMBERS.
R  INDICATES RECORD WAS SET OR TIED.
MM INDICATES DATA IS MISSING.
T  INDICATES TRACE AMOUNT.

&&
.........................................................

***** AGRICULTURAL DATA *****

SOIL TEMPERATURES AT A DEPTH OF FOUR INCHES

UNDER GRASS...  MAX: 53  MIN: 52

$$
