000
CDUS43 KPAH 310643
CLIPAH

CLIMATE REPORT
NATIONAL WEATHER SERVICE PADUCAH KY
133 AM CDT THU AUG 31 2017


...................................

...THE PADUCAH KY CLIMATE SUMMARY FOR AUGUST 30 2017...

CLIMATE NORMAL PERIOD 1981 TO 2010
CLIMATE RECORD PERIOD 1937 TO 2017


WEATHER ITEM   OBSERVED TIME   RECORD YEAR NORMAL DEPARTURE LAST
                VALUE   (LST)  VALUE       VALUE  FROM      YEAR
                                                  NORMAL
..................................................................
TEMPERATURE (F)
 YESTERDAY
  MAXIMUM         87    138 PM 100    1947  88     -1       93
  MINIMUM         63    253 AM  46    1986  64     -1       71
  AVERAGE         75                        76     -1       82

PRECIPITATION (IN)
  YESTERDAY        0.00          4.55 2014   0.08  -0.08     0.00
  MONTH TO DATE    1.37                      2.67  -1.30     9.60
  SINCE JUN 1     10.19                     11.17  -0.98    19.47
  SINCE JAN 1     32.54                     32.39   0.15    42.67

SNOWFALL (IN)
  YESTERDAY        0.0           0.0  2002   0.0    0.0      0.0
                                      2001
  MONTH TO DATE    0.0                       0.0    0.0      0.0
  SINCE JUN 1      0.0                       0.0    0.0      0.0
  SINCE JUL 1      0.0                       0.0    0.0      0.0
  SNOW DEPTH       0

DEGREE DAYS
 HEATING
  YESTERDAY        0                         0      0        0
  MONTH TO DATE    0                         0      0        0
  SINCE JUN 1      0                         4     -4        0
  SINCE JUL 1      0                         0      0        0

 COOLING
  YESTERDAY       10                        11     -1       17
  MONTH TO DATE  314                       376    -62      443
  SINCE JUN 1   1133                      1127      6     1364
  SINCE JAN 1   1364                      1299     65     1514
..................................................................


WIND (MPH)
  HIGHEST WIND SPEED    13   HIGHEST WIND DIRECTION    NE (30)
  HIGHEST GUST SPEED    17   HIGHEST GUST DIRECTION    NE (50)
  AVERAGE WIND SPEED     3.9


SKY COVER
  POSSIBLE SUNSHINE  MM
  AVERAGE SKY COVER 0.2


WEATHER CONDITIONS
 THE FOLLOWING WEATHER WAS RECORDED YESTERDAY.
  FOG
  HAZE


RELATIVE HUMIDITY (PERCENT)
 HIGHEST    93          1200 AM
 LOWEST     46           100 PM
 AVERAGE    70

..........................................................


THE PADUCAH KY CLIMATE NORMALS FOR TODAY
                         NORMAL    RECORD    YEAR
 MAXIMUM TEMPERATURE (F)   87       100      1953
 MINIMUM TEMPERATURE (F)   64        46      1946


SUNRISE AND SUNSET
AUGUST 31 2017........SUNRISE   625 AM CDT   SUNSET   725 PM CDT
SEPTEMBER  1 2017.....SUNRISE   626 AM CDT   SUNSET   723 PM CDT


-  INDICATES NEGATIVE NUMBERS.
R  INDICATES RECORD WAS SET OR TIED.
MM INDICATES DATA IS MISSING.
T  INDICATES TRACE AMOUNT.

&&

..............................................

     ***** AGRICULTURAL DATA *****

SOIL TEMPERATURES AT A DEPTH OF FOUR INCHES

UNDER GRASS... MAX: 76     MIN: 76

$$
