190
CDUS43 KPAH 142229
CLIPAH


CLIMATE REPORT
NATIONAL WEATHER SERVICE PADUCAH KY
428 PM CST TUE FEB 14 2017


...................................

...THE PADUCAH KY CLIMATE SUMMARY FOR FEBRUARY 14 2017...
VALID TODAY AS OF 0400 PM LOCAL TIME.

CLIMATE NORMAL PERIOD 1981 TO 2010
CLIMATE RECORD PERIOD 1937 TO 2017


WEATHER ITEM   OBSERVED TIME   RECORD YEAR NORMAL DEPARTURE LAST
                VALUE   (LST)  VALUE       VALUE  FROM      YEAR
                                                  NORMAL
..................................................................
TEMPERATURE (F)
 TODAY
  MAXIMUM         49    201 PM  72    1990  49      0       31
                                      1938
  MINIMUM         37    632 AM  10    1971  29      8       23
  AVERAGE         43                        39      4       27

PRECIPITATION (IN)
  TODAY            0.06          3.48 1949   0.14  -0.08     0.45
  MONTH TO DATE    0.70                      1.97  -1.27     0.90
  SINCE DEC 1      9.21                     10.24  -1.03    10.87
  SINCE JAN 1      3.20                      5.65  -2.45     3.45

SNOWFALL (IN)
  TODAY            T                                         2.5
  MONTH TO DATE    T                                         3.7
  SINCE JUL 1      0.2                                      12.1
  SNOW DEPTH       0

..................................................................


WIND (MPH)
  HIGHEST WIND SPEED     9   HIGHEST WIND DIRECTION    SW (220)
  HIGHEST GUST SPEED    12   HIGHEST GUST DIRECTION    SW (210)




RELATIVE HUMIDITY (PERCENT)
 HIGHEST    85
 LOWEST     56

..........................................................


THE PADUCAH KY CLIMATE NORMALS FOR TOMORROW
                         NORMAL    RECORD    YEAR
 MAXIMUM TEMPERATURE (F)   49        73      1954
 MINIMUM TEMPERATURE (F)   29         2      1986


SUNRISE AND SUNSET
FEBRUARY 14 2017......SUNRISE   645 AM CST   SUNSET   534 PM CST
FEBRUARY 15 2017......SUNRISE   643 AM CST   SUNSET   535 PM CST


-  INDICATES NEGATIVE NUMBERS.
R  INDICATES RECORD WAS SET OR TIED.
MM INDICATES DATA IS MISSING.
T  INDICATES TRACE AMOUNT.




$$
