000
CDUS43 KPAH 110635
CLIPAH


CLIMATE REPORT
NATIONAL WEATHER SERVICE PADUCAH KY
132 AM CDT MON MAY 11 2015


...................................

...THE PADUCAH KY CLIMATE SUMMARY FOR MAY 10 2015...

CLIMATE NORMAL PERIOD 1981 TO 2010
CLIMATE RECORD PERIOD 1937 TO 2015


WEATHER ITEM   OBSERVED TIME   RECORD YEAR NORMAL DEPARTURE LAST
                VALUE   (LST)  VALUE       VALUE  FROM      YEAR
                                                  NORMAL
..................................................................
TEMPERATURE (F)
 YESTERDAY
  MAXIMUM         88R   158 PM  87    2011  76     12       82
                                      1987
                                      1979
  MINIMUM         66    958 PM  35    1966  55     11       68
  AVERAGE         77                        66     11       75

PRECIPITATION (IN)
  YESTERDAY        0.10          2.11 1968   0.17  -0.07      T
  MONTH TO DATE    0.18                      1.75  -1.57     0.23
  SINCE MAR 1     14.80                     10.44   4.36    12.35
  SINCE JAN 1     22.09                     18.03   4.06    17.53

SNOWFALL (IN)
  YESTERDAY        0.0                       0.0    0.0      0.0
  MONTH TO DATE    0.0                       0.0    0.0      0.0
  SINCE MAR 1     12.1                       0.6   11.5      5.6
  SINCE JUL 1     28.6                       9.1   19.5     18.5
  SNOW DEPTH       0

DEGREE DAYS
 HEATING
  YESTERDAY        0                         3     -3        0
  MONTH TO DATE   15                        33    -18       20
  SINCE MAR 1    771                       801    -30      849
  SINCE JUL 1   4440                      4097    343     4504

 COOLING
  YESTERDAY       12                         3      9       10
  MONTH TO DATE   63                        24     39       69
  SINCE MAR 1    105                        66     39       99
  SINCE JAN 1    105                        66     39       99
..................................................................


WIND (MPH)
  HIGHEST WIND SPEED    23   HIGHEST WIND DIRECTION     W (270)
  HIGHEST GUST SPEED    30   HIGHEST GUST DIRECTION    NW (310)
  AVERAGE WIND SPEED     7.7


SKY COVER
  POSSIBLE SUNSHINE  MM
  AVERAGE SKY COVER 0.3


WEATHER CONDITIONS
 THE FOLLOWING WEATHER WAS RECORDED YESTERDAY.
  THUNDERSTORM
  RAIN
  LIGHT RAIN
  FOG


RELATIVE HUMIDITY (PERCENT)
 HIGHEST    93          1000 PM
 LOWEST     50           200 PM
 AVERAGE    72

..........................................................


THE PADUCAH KY CLIMATE NORMALS FOR TODAY
                         NORMAL    RECORD    YEAR
 MAXIMUM TEMPERATURE (F)   77        88      2014
                                             1948
 MINIMUM TEMPERATURE (F)   55        38      1990


SUNRISE AND SUNSET
MAY 11 2015...........SUNRISE   551 AM CDT   SUNSET   753 PM CDT
MAY 12 2015...........SUNRISE   550 AM CDT   SUNSET   754 PM CDT


-  INDICATES NEGATIVE NUMBERS.
R  INDICATES RECORD WAS SET OR TIED.
MM INDICATES DATA IS MISSING.
T  INDICATES TRACE AMOUNT.

&&
..........................................................
***** AGRICULTURAL DATA *****

SOIL TEMPERATURES AT A DEPTH OF FOUR INCHES

UNDER GRASS...   MAX: 67  MIN: 65

$$
