000
CDUS43 KPAH 210632
CLIPAH


CLIMATE REPORT
NATIONAL WEATHER SERVICE PADUCAH KY
1230 AM CST WED JAN 21 2015


...................................

...THE PADUCAH KY CLIMATE SUMMARY FOR JANUARY 20 2015...

CLIMATE NORMAL PERIOD 1981 TO 2010
CLIMATE RECORD PERIOD 1937 TO 2015


WEATHER ITEM   OBSERVED TIME   RECORD YEAR NORMAL DEPARTURE LAST
                VALUE   (LST)  VALUE       VALUE  FROM      YEAR
                                                  NORMAL
..................................................................
TEMPERATURE (F)
 YESTERDAY
  MAXIMUM         58    233 PM  69    1951  43     15       57
  MINIMUM         28    703 AM -15    1985  26      2       32
  AVERAGE         43                        34      9       45

PRECIPITATION (IN)
  YESTERDAY        0.04          2.49 1959   0.12  -0.08     0.00
  MONTH TO DATE    1.50                      2.36  -0.86     1.94
  SINCE DEC 1      4.39                      6.95  -2.56    10.08
  SINCE JAN 1      1.50                      2.36  -0.86     1.94

SNOWFALL (IN)
  YESTERDAY        0.0           2.1  2011   0.1   -0.1      0.0
  MONTH TO DATE    0.5                       1.8   -1.3      1.1
  SINCE DEC 1      0.7                       4.0   -3.3      6.3
  SINCE JUL 1      3.5                       4.1   -0.6      6.3
  SNOW DEPTH       0

DEGREE DAYS
 HEATING
  YESTERDAY       22                        31     -9       20
  MONTH TO DATE  647                       617     30      643
  SINCE DEC 1   1393                      1471    -78     1501
  SINCE JUL 1   2330                      2248     82     2303

 COOLING
  YESTERDAY        0                         0      0        0
  MONTH TO DATE    0                         0      0        0
  SINCE DEC 1      0                         0      0        0
  SINCE JAN 1      0                         0      0        0
..................................................................


WIND (MPH)
  HIGHEST WIND SPEED    17   HIGHEST WIND DIRECTION    NW (300)
  HIGHEST GUST SPEED    23   HIGHEST GUST DIRECTION    NW (310)
  AVERAGE WIND SPEED     5.2


SKY COVER
  POSSIBLE SUNSHINE  MM
  AVERAGE SKY COVER 0.3


WEATHER CONDITIONS
 THE FOLLOWING WEATHER WAS RECORDED YESTERDAY.
  LIGHT RAIN


RELATIVE HUMIDITY (PERCENT)
 HIGHEST    92           500 AM
 LOWEST     33           300 PM
 AVERAGE    63

..........................................................


THE PADUCAH KY CLIMATE NORMALS FOR TODAY
                         NORMAL    RECORD    YEAR
 MAXIMUM TEMPERATURE (F)   43        70      1986
 MINIMUM TEMPERATURE (F)   26       -10      1985
                                             1984


SUNRISE AND SUNSET
JANUARY 21 2015.......SUNRISE   705 AM CST   SUNSET   508 PM CST
JANUARY 22 2015.......SUNRISE   705 AM CST   SUNSET   509 PM CST


-  INDICATES NEGATIVE NUMBERS.
R  INDICATES RECORD WAS SET OR TIED.
MM INDICATES DATA IS MISSING.
T  INDICATES TRACE AMOUNT.

&&
.........................................................
***** AGRICULTURAL DATA *****

SOIL TEMPERATURES AT A DEPTH OF FOUR INCHES

UNDER BARE GROUND...  MAX: MM  MIN: MM
UNDER GRASS.........  MAX: 38  MIN: 37

$$
