000
CDUS43 KPAH 280632
CLIPAH


CLIMATE REPORT
NATIONAL WEATHER SERVICE PADUCAH KY
130 AM CDT SUN JUN 28 2015


...................................

...THE PADUCAH KY CLIMATE SUMMARY FOR JUNE 27 2015...

CLIMATE NORMAL PERIOD 1981 TO 2010
CLIMATE RECORD PERIOD 1937 TO 2015


WEATHER ITEM   OBSERVED TIME   RECORD YEAR NORMAL DEPARTURE LAST
                VALUE   (LST)  VALUE       VALUE  FROM      YEAR
                                                  NORMAL
..................................................................
TEMPERATURE (F)
 YESTERDAY
  MAXIMUM         82    214 PM 104    1954  89     -7       85
  MINIMUM         61   1159 PM  54    2012  68     -7       71
                                      2004
  AVERAGE         72                        78     -6       78

PRECIPITATION (IN)
  YESTERDAY        0.00          1.49 1960   0.13  -0.13     0.50
  MONTH TO DATE    2.39                      3.65  -1.26     6.27
  SINCE JUN 1      2.39                      3.65  -1.26     6.27
  SINCE JAN 1     28.01                     24.87   3.14    26.46

SNOWFALL (IN)
  YESTERDAY        0.0           0.0  2002   0.0    0.0      0.0
                                      2001
  MONTH TO DATE    0.0                       0.0    0.0      0.0
  SINCE JUN 1      0.0                       0.0    0.0      0.0
  SINCE JUL 1     28.6                       9.1   19.5     18.5
  SNOW DEPTH       0

DEGREE DAYS
 HEATING
  YESTERDAY        0                         0      0        0
  MONTH TO DATE    2                         0      2        0
  SINCE JUN 1      2                         0      2        0
  SINCE JUL 1   4478                      4128    350     4541

 COOLING
  YESTERDAY        7                        13     -6       13
  MONTH TO DATE  369                       278     91      362
  SINCE JUN 1    369                       278     91      362
  SINCE JAN 1    580                       450    130      640
..................................................................


WIND (MPH)
  HIGHEST WIND SPEED    18   HIGHEST WIND DIRECTION     N (10)
  HIGHEST GUST SPEED    24   HIGHEST GUST DIRECTION     N (10)
  AVERAGE WIND SPEED     8.7


SKY COVER
  POSSIBLE SUNSHINE  MM
  AVERAGE SKY COVER 0.4


WEATHER CONDITIONS
 THE FOLLOWING WEATHER WAS RECORDED YESTERDAY.
  FOG


RELATIVE HUMIDITY (PERCENT)
 HIGHEST    93          1200 AM
 LOWEST     48           400 PM
 AVERAGE    71

..........................................................


THE PADUCAH KY CLIMATE NORMALS FOR TODAY
                         NORMAL    RECORD    YEAR
 MAXIMUM TEMPERATURE (F)   89       105      2012
                                             1952
 MINIMUM TEMPERATURE (F)   68        54      1988


SUNRISE AND SUNSET
JUNE 28 2015..........SUNRISE   538 AM CDT   SUNSET   819 PM CDT
JUNE 29 2015..........SUNRISE   538 AM CDT   SUNSET   819 PM CDT


-  INDICATES NEGATIVE NUMBERS.
R  INDICATES RECORD WAS SET OR TIED.
MM INDICATES DATA IS MISSING.
T  INDICATES TRACE AMOUNT.

&&
..........................................................
***** AGRICULTURAL DATA *****

SOIL TEMPERATURES AT A DEPTH OF FOUR INCHES

UNDER GRASS...   MAX: 79  MIN:77


$$
