000
CDUS43 KPAH 160631
CLIPAH


CLIMATE REPORT
NATIONAL WEATHER SERVICE PADUCAH KY
128 AM CDT MON MAR 16 2015


...................................

...THE PADUCAH KY CLIMATE SUMMARY FOR MARCH 15 2015...

CLIMATE NORMAL PERIOD 1981 TO 2010
CLIMATE RECORD PERIOD 1937 TO 2015


WEATHER ITEM   OBSERVED TIME   RECORD YEAR NORMAL DEPARTURE LAST
                VALUE   (LST)  VALUE       VALUE  FROM      YEAR
                                                  NORMAL
..................................................................
TEMPERATURE (F)
 YESTERDAY
  MAXIMUM         70    328 PM  80    1995  59     11       72
                                      1944
  MINIMUM         37    622 AM  20    1969  38     -1       32
  AVERAGE         54                        48      6       52

PRECIPITATION (IN)
  YESTERDAY        0.00          0.73 1972   0.13  -0.13     0.00
  MONTH TO DATE    7.95                      1.80   6.15     1.57
  SINCE MAR 1      7.95                      1.80   6.15     1.57
  SINCE JAN 1     15.24                      9.39   5.85     6.75

SNOWFALL (IN)
  YESTERDAY        0.0           2.0  1978   0.1   -0.1      0.0
  MONTH TO DATE   12.1                       0.5   11.6      5.4
  SINCE MAR 1     12.1                       0.5   11.6      5.4
  SINCE JUL 1     28.6                       9.0   19.6     18.3
  SNOW DEPTH       0

DEGREE DAYS
 HEATING
  YESTERDAY       11                        17     -6       13
  MONTH TO DATE  358                       289     69      351
  SINCE MAR 1    358                       289     69      351
  SINCE JUL 1   4027                      3585    442     4006

 COOLING
  YESTERDAY        0                         0      0        0
  MONTH TO DATE    0                         0      0        0
  SINCE MAR 1      0                         0      0        0
  SINCE JAN 1      0                         0      0        0
..................................................................


WIND (MPH)
  HIGHEST WIND SPEED    10   HIGHEST WIND DIRECTION     W (260)
  HIGHEST GUST SPEED    13   HIGHEST GUST DIRECTION     W (280)
  AVERAGE WIND SPEED     2.8


SKY COVER
  POSSIBLE SUNSHINE  MM
  AVERAGE SKY COVER 0.0


WEATHER CONDITIONS
 THE FOLLOWING WEATHER WAS RECORDED YESTERDAY.
  FOG
  FOG W/VISIBILITY <= 1/4 MILE


RELATIVE HUMIDITY (PERCENT)
 HIGHEST   100           500 AM
 LOWEST     31           200 PM
 AVERAGE    66

..........................................................


THE PADUCAH KY CLIMATE NORMALS FOR TODAY
                         NORMAL    RECORD    YEAR
 MAXIMUM TEMPERATURE (F)   59        82      1995
 MINIMUM TEMPERATURE (F)   38        19      1988


SUNRISE AND SUNSET
MARCH 16 2015.........SUNRISE   705 AM CDT   SUNSET   703 PM CDT
MARCH 17 2015.........SUNRISE   703 AM CDT   SUNSET   704 PM CDT


-  INDICATES NEGATIVE NUMBERS.
R  INDICATES RECORD WAS SET OR TIED.
MM INDICATES DATA IS MISSING.
T  INDICATES TRACE AMOUNT.

&&
..........................................................
***** AGRICULTURAL DATA *****

SOIL TEMPERATURES AT A DEPTH OF FOUR INCHES

UNDER GRASS...  MAX: 48  MIN: 47

$$
