000
CDUS43 KPAH 070630
CLIPAH


CLIMATE REPORT
NATIONAL WEATHER SERVICE PADUCAH KY
128 AM CDT SUN AUG 7 2016


...................................

...THE PADUCAH KY CLIMATE SUMMARY FOR AUGUST 6 2016...

CLIMATE NORMAL PERIOD 1981 TO 2010
CLIMATE RECORD PERIOD 1937 TO 2016


WEATHER ITEM   OBSERVED TIME   RECORD YEAR NORMAL DEPARTURE LAST
                VALUE   (LST)  VALUE       VALUE  FROM      YEAR
                                                  NORMAL
..................................................................
TEMPERATURE (F)
 YESTERDAY
  MAXIMUM         88   1204 PM 104    1947  90     -2       86
  MINIMUM         72    220 AM  52    1957  67      5       69
  AVERAGE         80                        78      2       78

PRECIPITATION (IN)
  YESTERDAY        0.81          1.28 1959   0.09   0.72     0.04
  MONTH TO DATE    6.06                      0.61   5.45     1.02
  SINCE JUN 1     15.93                      9.11   6.82    13.88
  SINCE JAN 1     39.13                     30.33   8.80    39.50

SNOWFALL (IN)
  YESTERDAY        0.0           0.0  2002   0.0    0.0      0.0
                                      2001
  MONTH TO DATE    0.0                       0.0    0.0      0.0
  SINCE JUN 1      0.0                       0.0    0.0      0.0
  SINCE JUL 1      0.0                       0.0    0.0      0.0
  SNOW DEPTH       0

DEGREE DAYS
 HEATING
  YESTERDAY        0                         0      0        0
  MONTH TO DATE    0                         0      0        0
  SINCE JUN 1      0                         4     -4        2
  SINCE JUL 1      0                         0      0        0

 COOLING
  YESTERDAY       15                        13      2       13
  MONTH TO DATE  100                        79     21       89
  SINCE JUN 1   1021                       830    191      978
  SINCE JAN 1   1171                      1002    169     1189
..................................................................


WIND (MPH)
  HIGHEST WIND SPEED    13   HIGHEST WIND DIRECTION     W (290)
  HIGHEST GUST SPEED    16   HIGHEST GUST DIRECTION     W (290)
  AVERAGE WIND SPEED     2.8


SKY COVER
  POSSIBLE SUNSHINE  MM
  AVERAGE SKY COVER 0.6


WEATHER CONDITIONS
 THE FOLLOWING WEATHER WAS RECORDED YESTERDAY.
  THUNDERSTORM
  HEAVY RAIN
  LIGHT RAIN
  FOG
  FOG W/VISIBILITY <= 1/4 MILE
  HAZE


RELATIVE HUMIDITY (PERCENT)
 HIGHEST    94           700 AM
 LOWEST     70          1100 AM
 AVERAGE    82

..........................................................


THE PADUCAH KY CLIMATE NORMALS FOR TODAY
                         NORMAL    RECORD    YEAR
 MAXIMUM TEMPERATURE (F)   90       100      1951
 MINIMUM TEMPERATURE (F)   67        51      2004


SUNRISE AND SUNSET
AUGUST  7 2016........SUNRISE   606 AM CDT   SUNSET   755 PM CDT
AUGUST  8 2016........SUNRISE   606 AM CDT   SUNSET   754 PM CDT


-  INDICATES NEGATIVE NUMBERS.
R  INDICATES RECORD WAS SET OR TIED.
MM INDICATES DATA IS MISSING.
T  INDICATES TRACE AMOUNT.

&&

......................................................
***** AGRICULTURAL DATA *****

SOIL TEMPERATURES AT A DEPTH OF FOUR INCHES

UNDER GRASS...  MAX: 82  MIN: 77



$$
