551
CDUS43 KPAH 160633
CLIPAH


CLIMATE REPORT
NATIONAL WEATHER SERVICE PADUCAH KY
130 AM CDT MON MAY 16 2016


...................................

...THE PADUCAH KY CLIMATE SUMMARY FOR MAY 15 2016...

CLIMATE NORMAL PERIOD 1981 TO 2010
CLIMATE RECORD PERIOD 1937 TO 2016


WEATHER ITEM   OBSERVED TIME   RECORD YEAR NORMAL DEPARTURE LAST
                VALUE   (LST)  VALUE       VALUE  FROM      YEAR
                                                  NORMAL
..................................................................
TEMPERATURE (F)
 YESTERDAY
  MAXIMUM         69    339 PM  91    2001  78     -9       88
  MINIMUM         40    459 AM  39    1997  56    -16       64
  AVERAGE         55                        67    -12       76

PRECIPITATION (IN)
  YESTERDAY        0.00          1.58 1986   0.16  -0.16     0.51
  MONTH TO DATE    2.51                      2.61  -0.10     1.07
  SINCE MAR 1     14.98                     11.30   3.68    15.69
  SINCE JAN 1     20.44                     18.89   1.55    22.98

SNOWFALL (IN)
  YESTERDAY        0.0           0.0  2002   0.0    0.0      0.0
                                      2001
  MONTH TO DATE    0.0                       0.0    0.0      0.0
  SINCE MAR 1      T                         0.6   -0.6     12.1
  SINCE JUL 1     12.1                       9.1    3.0     28.6
  SNOW DEPTH       0

DEGREE DAYS
 HEATING
  YESTERDAY       10                         2      8        0
  MONTH TO DATE   56                        44     12       23
  SINCE MAR 1    595                       812   -217      779
  SINCE JUL 1   3257                      4108   -851     4448

 COOLING
  YESTERDAY        0                         4     -4       11
  MONTH TO DATE   34                        42     -8       81
  SINCE MAR 1     70                        84    -14      123
  SINCE JAN 1     70                        84    -14      123
..................................................................


WIND (MPH)
  HIGHEST WIND SPEED    14   HIGHEST WIND DIRECTION     N (10)
  HIGHEST GUST SPEED    18   HIGHEST GUST DIRECTION     N (340)
  AVERAGE WIND SPEED     5.0


SKY COVER
  POSSIBLE SUNSHINE  MM
  AVERAGE SKY COVER 0.1


WEATHER CONDITIONS
 THE FOLLOWING WEATHER WAS RECORDED YESTERDAY.
  FOG


RELATIVE HUMIDITY (PERCENT)
 HIGHEST    93           300 AM
 LOWEST     34           300 PM
 AVERAGE    64

..........................................................


THE PADUCAH KY CLIMATE NORMALS FOR TODAY
                         NORMAL    RECORD    YEAR
 MAXIMUM TEMPERATURE (F)   78        91      2001
 MINIMUM TEMPERATURE (F)   56        36      1997


SUNRISE AND SUNSET
MAY 16 2016...........SUNRISE   546 AM CDT   SUNSET   758 PM CDT
MAY 17 2016...........SUNRISE   545 AM CDT   SUNSET   758 PM CDT


-  INDICATES NEGATIVE NUMBERS.
R  INDICATES RECORD WAS SET OR TIED.
MM INDICATES DATA IS MISSING.
T  INDICATES TRACE AMOUNT.

&&
...........................................................

***** AGRICULTURAL DATA *****

SOIL TEMPERATURES AT A DEPTH OF FOUR INCHES

UNDER GRASS...  MAX: 66  MIN: 65


$$
