000
CDUS43 KPAH 200629
CLIPAH


CLIMATE REPORT
NATIONAL WEATHER SERVICE PADUCAH KY
127 AM CDT TUE SEP 20 2016

...................................

...THE PADUCAH KY CLIMATE SUMMARY FOR SEPTEMBER 19 2016...

CLIMATE NORMAL PERIOD 1981 TO 2010
CLIMATE RECORD PERIOD 1937 TO 2016

WEATHER ITEM   OBSERVED TIME   RECORD YEAR NORMAL DEPARTURE LAST
                VALUE   (LST)  VALUE       VALUE  FROM      YEAR
                                                  NORMAL
..................................................................
TEMPERATURE (F)
 YESTERDAY
  MAXIMUM         87    414 PM  97    1954  81      6       79
  MINIMUM         60    600 AM  41    1973  56      4       55
  AVERAGE         74                        69      5       67

PRECIPITATION (IN)
  YESTERDAY        0.00          1.20 1970   0.13  -0.13     0.26
  MONTH TO DATE    0.66                      2.29  -1.63     0.41
  SINCE SEP 1      0.66                      2.29  -1.63     0.41
  SINCE JAN 1     43.33                     34.77   8.56    40.84

SNOWFALL (IN)
  YESTERDAY        0.0           0.0  2002   0.0    0.0      0.0
                                      2001
  MONTH TO DATE    0.0                       0.0    0.0      0.0
  SINCE SEP 1      0.0                       0.0    0.0      0.0
  SINCE JUL 1      0.0                       0.0    0.0      0.0
  SNOW DEPTH       0

DEGREE DAYS
 HEATING
  YESTERDAY        0                         1     -1        0
  MONTH TO DATE    0                         7     -7        8
  SINCE SEP 1      0                         7     -7        8
  SINCE JUL 1      0                         8     -8        8

 COOLING
  YESTERDAY        9                         5      4        2
  MONTH TO DATE  214                       145     69      178
  SINCE SEP 1    214                       145     69      178
  SINCE JAN 1   1744                      1458    286     1602
..................................................................

WIND (MPH)
  HIGHEST WIND SPEED     8   HIGHEST WIND DIRECTION     E (100)
  HIGHEST GUST SPEED    10   HIGHEST GUST DIRECTION    NE (40)
  AVERAGE WIND SPEED     0.8

SKY COVER
  POSSIBLE SUNSHINE  MM
  AVERAGE SKY COVER 0.2

WEATHER CONDITIONS
 THE FOLLOWING WEATHER WAS RECORDED YESTERDAY.
  FOG
  FOG W/VISIBILITY <= 1/4 MILE

RELATIVE HUMIDITY (PERCENT)
 HIGHEST   100           100 AM
 LOWEST     40           100 PM
 AVERAGE    70
..........................................................

THE PADUCAH KY CLIMATE NORMALS FOR TODAY
                         NORMAL    RECORD    YEAR
 MAXIMUM TEMPERATURE (F)   81        95      1955
 MINIMUM TEMPERATURE (F)   56        41      1991

SUNRISE AND SUNSET
SEPTEMBER 20 2016.....SUNRISE   642 AM CDT   SUNSET   654 PM CDT
SEPTEMBER 21 2016.....SUNRISE   642 AM CDT   SUNSET   653 PM CDT

-  INDICATES NEGATIVE NUMBERS.
R  INDICATES RECORD WAS SET OR TIED.
MM INDICATES DATA IS MISSING.
T  INDICATES TRACE AMOUNT.

$$
