000
CDUS43 KPAH 120628
CLIPAH


CLIMATE REPORT
NATIONAL WEATHER SERVICE PADUCAH KY
127 AM CDT SAT JUL 12 2014

...................................

...THE PADUCAH KY CLIMATE SUMMARY FOR JULY 11 2014...

CLIMATE NORMAL PERIOD 1981 TO 2010
CLIMATE RECORD PERIOD 1937 TO 2014

WEATHER ITEM   OBSERVED TIME   RECORD YEAR NORMAL DEPARTURE LAST
                VALUE   (LST)  VALUE       VALUE  FROM      YEAR
                                                  NORMAL
..................................................................
TEMPERATURE (F)
 YESTERDAY
  MAXIMUM         92    209 PM 102    1980  89      3       86
  MINIMUM         66    523 AM  50    1963  69     -3       66
  AVERAGE         79                        79      0       76

PRECIPITATION (IN)
  YESTERDAY        0.00          2.30 1967   0.15  -0.15     0.00
  MONTH TO DATE    1.44                      1.63  -0.19     0.51
  SINCE JUN 1      8.13                      5.69   2.44     9.62
  SINCE JAN 1     28.32                     26.91   1.41    35.09

SNOWFALL (IN)
  YESTERDAY        0.0           0.0  2002   0.0    0.0      0.0
                                      2001
  MONTH TO DATE    0.0                       0.0    0.0      0.0
  SINCE JUN 1      0.0                       0.0    0.0      0.0
  SINCE JUL 1      0.0                       0.0    0.0      0.0
  SNOW DEPTH       0

DEGREE DAYS
 HEATING
  YESTERDAY        0                         0      0        0
  MONTH TO DATE    0                         0      0        0
  SINCE JUN 1      0                         4     -4        0
  SINCE JUL 1      0                         0      0        0

 COOLING
  YESTERDAY       14                        14      0       11
  MONTH TO DATE  124                       154    -30      116
  SINCE JUN 1    529                       474     55      433
  SINCE JAN 1    807                       646    161      611
..................................................................

WIND (MPH)
  HIGHEST WIND SPEED     8   HIGHEST WIND DIRECTION    SE (130)
  HIGHEST GUST SPEED    13   HIGHEST GUST DIRECTION    SE (140)
  AVERAGE WIND SPEED     1.7

SKY COVER
  POSSIBLE SUNSHINE  MM
  AVERAGE SKY COVER 0.0

WEATHER CONDITIONS
 THE FOLLOWING WEATHER WAS RECORDED YESTERDAY.
  FOG
  HAZE

RELATIVE HUMIDITY (PERCENT)
 HIGHEST    93           300 AM
 LOWEST     41           300 PM
 AVERAGE    67
..........................................................

THE PADUCAH KY CLIMATE NORMALS FOR TODAY
                         NORMAL    RECORD    YEAR
 MAXIMUM TEMPERATURE (F)   89       103      1966
 MINIMUM TEMPERATURE (F)   69        56      1945

SUNRISE AND SUNSET
JULY 12 2014..........SUNRISE   545 AM CDT   SUNSET   816 PM CDT
JULY 13 2014..........SUNRISE   546 AM CDT   SUNSET   816 PM CDT

-  INDICATES NEGATIVE NUMBERS.
R  INDICATES RECORD WAS SET OR TIED.
MM INDICATES DATA IS MISSING.
T  INDICATES TRACE AMOUNT.

$$
