000
CDUS43 KPAH 090628
CLIPAH


CLIMATE REPORT
NATIONAL WEATHER SERVICE PADUCAH KY
1227 AM CST TUE DEC 9 2014

...................................

...THE PADUCAH KY CLIMATE SUMMARY FOR DECEMBER 8 2014...

CLIMATE NORMAL PERIOD 1981 TO 2010
CLIMATE RECORD PERIOD 1937 TO 2014

WEATHER ITEM   OBSERVED TIME   RECORD YEAR NORMAL DEPARTURE LAST
                VALUE   (LST)  VALUE       VALUE  FROM      YEAR
                                                  NORMAL
..................................................................
TEMPERATURE (F)
 YESTERDAY
  MAXIMUM         51    223 PM  70    1966  48      3       33
                                      1939
  MINIMUM         31    614 AM  10    2006  30      1       23
  AVERAGE         41                        39      2       28

PRECIPITATION (IN)
  YESTERDAY        0.00          1.89 1972   0.16  -0.16     0.03
  MONTH TO DATE    1.00                      1.25  -0.25     1.57
  SINCE DEC 1      1.00                      1.25  -0.25     1.57
  SINCE JAN 1     44.95                     45.74  -0.79    53.77

SNOWFALL (IN)
  YESTERDAY        0.0           2.3  1995   0.1   -0.1      0.2
  MONTH TO DATE    0.0                       0.4   -0.4      5.1
  SINCE DEC 1      0.0                       0.4   -0.4      5.1
  SINCE JUL 1      2.8                       0.5    2.3      5.1
  SNOW DEPTH       0

DEGREE DAYS
 HEATING
  YESTERDAY       24                        26     -2       37
  MONTH TO DATE  178                       197    -19      180
  SINCE DEC 1    178                       197    -19      180
  SINCE JUL 1   1115                       974    141      982

 COOLING
  YESTERDAY        0                         0      0        0
  MONTH TO DATE    0                         0      0        0
  SINCE DEC 1      0                         0      0        0
  SINCE JAN 1   1722                      1542    180     1478
..................................................................

WIND (MPH)
  HIGHEST WIND SPEED    16   HIGHEST WIND DIRECTION     W (260)
  HIGHEST GUST SPEED    21   HIGHEST GUST DIRECTION     W (260)
  AVERAGE WIND SPEED     5.3

SKY COVER
  POSSIBLE SUNSHINE  MM
  AVERAGE SKY COVER 0.4

WEATHER CONDITIONS
 THE FOLLOWING WEATHER WAS RECORDED YESTERDAY.
  FOG
  HAZE

RELATIVE HUMIDITY (PERCENT)
 HIGHEST    96           500 AM
 LOWEST     59           100 PM
 AVERAGE    78
..........................................................

THE PADUCAH KY CLIMATE NORMALS FOR TODAY
                         NORMAL    RECORD    YEAR
 MAXIMUM TEMPERATURE (F)   48        66      1952
 MINIMUM TEMPERATURE (F)   30         7      1995

SUNRISE AND SUNSET
DECEMBER  9 2014......SUNRISE   657 AM CST   SUNSET   438 PM CST
DECEMBER 10 2014......SUNRISE   658 AM CST   SUNSET   438 PM CST

-  INDICATES NEGATIVE NUMBERS.
R  INDICATES RECORD WAS SET OR TIED.
MM INDICATES DATA IS MISSING.
T  INDICATES TRACE AMOUNT.

$$
