530
CDUS43 KPAH 180627
CLIPAH


CLIMATE REPORT
NATIONAL WEATHER SERVICE PADUCAH KY
1226 AM CST SAT FEB 18 2017


...................................

...THE PADUCAH KY CLIMATE SUMMARY FOR FEBRUARY 17 2017...

CLIMATE NORMAL PERIOD 1981 TO 2010
CLIMATE RECORD PERIOD 1937 TO 2017


WEATHER ITEM   OBSERVED TIME   RECORD YEAR NORMAL DEPARTURE LAST
                VALUE   (LST)  VALUE       VALUE  FROM      YEAR
                                                  NORMAL
..................................................................
TEMPERATURE (F)
 YESTERDAY
  MAXIMUM         69    318 PM  70    1986  50     19       50
  MINIMUM         43    702 AM  -5    2015  30     13       31
                                      1958
  AVERAGE         56                        40     16       41

PRECIPITATION (IN)
  YESTERDAY        0.00          2.88 1976   0.13  -0.13     0.00
  MONTH TO DATE    0.83                      2.38  -1.55     1.35
  SINCE DEC 1      9.34                     10.65  -1.31    11.32
  SINCE JAN 1      3.33                      6.06  -2.73     3.90

SNOWFALL (IN)
  YESTERDAY        0.0           1.6  1987   0.1   -0.1      0.0
  MONTH TO DATE    T                         2.1   -2.1      3.7
  SINCE DEC 1      0.2                       7.3   -7.1     12.1
  SINCE JUL 1      0.2                       7.4   -7.2     12.1
  SNOW DEPTH       0

DEGREE DAYS
 HEATING
  YESTERDAY        9                        25    -16       24
  MONTH TO DATE  352                       465   -113      490
  SINCE DEC 1   1872                      2261   -389     1919
  SINCE JUL 1   2373                      3038   -665     2463

 COOLING
  YESTERDAY        0                         0      0        0
  MONTH TO DATE    0                         0      0        0
  SINCE DEC 1      0                         0      0        6
  SINCE JAN 1      0                         0      0        0
..................................................................


WIND (MPH)
  HIGHEST WIND SPEED    17   HIGHEST WIND DIRECTION    SW (240)
  HIGHEST GUST SPEED    24   HIGHEST GUST DIRECTION    SW (210)
  AVERAGE WIND SPEED     8.5


SKY COVER
  POSSIBLE SUNSHINE  MM
  AVERAGE SKY COVER 0.0


WEATHER CONDITIONS
 THE FOLLOWING WEATHER WAS RECORDED YESTERDAY.
  NO SIGNIFICANT WEATHER WAS OBSERVED.


RELATIVE HUMIDITY (PERCENT)
 HIGHEST    62           500 AM
 LOWEST     24           400 PM
 AVERAGE    43

..........................................................


THE PADUCAH KY CLIMATE NORMALS FOR TODAY
                         NORMAL    RECORD    YEAR
 MAXIMUM TEMPERATURE (F)   50        71      1986
                                             1961
                                             1948
 MINIMUM TEMPERATURE (F)   30         0      2015


SUNRISE AND SUNSET
FEBRUARY 18 2017......SUNRISE   640 AM CST   SUNSET   538 PM CST
FEBRUARY 19 2017......SUNRISE   639 AM CST   SUNSET   540 PM CST


-  INDICATES NEGATIVE NUMBERS.
R  INDICATES RECORD WAS SET OR TIED.
MM INDICATES DATA IS MISSING.
T  INDICATES TRACE AMOUNT.
.........................................................

***** AGRICULTURAL DATA *****

SOIL TEMPERATURES AT A DEPTH OF FOUR INCHES

UNDER GRASS...  MAX: 47    MIN: 46



$$
