000
CDUS43 KPAH 032126
CLIPAH


CLIMATE REPORT
NATIONAL WEATHER SERVICE PADUCAH KY
425 PM CDT SAT JUN 3 2017

...................................

...THE PADUCAH KY CLIMATE SUMMARY FOR JUNE 3 2017...
VALID TODAY AS OF 0400 PM LOCAL TIME.

CLIMATE NORMAL PERIOD 1981 TO 2010
CLIMATE RECORD PERIOD 1937 TO 2017

WEATHER ITEM   OBSERVED TIME   RECORD YEAR NORMAL DEPARTURE LAST
                VALUE   (LST)  VALUE       VALUE  FROM      YEAR
                                                  NORMAL
..................................................................
TEMPERATURE (F)
 TODAY
  MAXIMUM         88   1252 PM  96    1942  83      5       83
  MINIMUM         66    507 AM  48    1956  62      4       66
  AVERAGE         77                        72      5       75

PRECIPITATION (IN)
  TODAY            0.00          1.44 1983   0.14  -0.14     0.36
  MONTH TO DATE    0.00                      0.42  -0.42     0.80
  SINCE JUN 1      0.00                      0.42  -0.42     0.80
  SINCE JAN 1     22.35                     21.64   0.71    24.00

SNOWFALL (IN)
  TODAY            0.0                                       0.0
  MONTH TO DATE    0.0                                       0.0
  SINCE JUL 1      1.2                                      12.1
  SNOW DEPTH       0
..................................................................

WIND (MPH)
  HIGHEST WIND SPEED    14   HIGHEST WIND DIRECTION    SE (120)
  HIGHEST GUST SPEED    17   HIGHEST GUST DIRECTION     E (110)

RELATIVE HUMIDITY (PERCENT)
 HIGHEST    93
 LOWEST     46
..........................................................

THE PADUCAH KY CLIMATE NORMALS FOR TOMORROW
                         NORMAL    RECORD    YEAR
 MAXIMUM TEMPERATURE (F)   83        98      2011
 MINIMUM TEMPERATURE (F)   62        47      1964

SUNRISE AND SUNSET
JUNE  3 2017..........SUNRISE   536 AM CDT   SUNSET   811 PM CDT
JUNE  4 2017..........SUNRISE   536 AM CDT   SUNSET   811 PM CDT

-  INDICATES NEGATIVE NUMBERS.
R  INDICATES RECORD WAS SET OR TIED.
MM INDICATES DATA IS MISSING.
T  INDICATES TRACE AMOUNT.

$$
