000
CDUS43 KPAH 010639
CLIPAH


CLIMATE REPORT
NATIONAL WEATHER SERVICE PADUCAH KY
135 AM CDT TUE AUG 1 2017


...................................

...THE PADUCAH KY CLIMATE SUMMARY FOR JULY 31 2017...

CLIMATE NORMAL PERIOD 1981 TO 2010
CLIMATE RECORD PERIOD 1937 TO 2017


WEATHER ITEM   OBSERVED TIME   RECORD YEAR NORMAL DEPARTURE LAST
                VALUE   (LST)  VALUE       VALUE  FROM      YEAR
                                                  NORMAL
..................................................................
TEMPERATURE (F)
 YESTERDAY
  MAXIMUM         89    328 PM 102    1947  89      0       91
                                      1941
  MINIMUM         59    450 AM  52    1971  68     -9       70
  AVERAGE         74                        79     -5       81

PRECIPITATION (IN)
  YESTERDAY        0.00          2.55 1938   0.13  -0.13     0.00
  MONTH TO DATE    2.56                      4.44  -1.88     8.15
  SINCE JUN 1      8.82                      8.50   0.32     9.87
  SINCE JAN 1     31.17                     29.72   1.45    33.07

SNOWFALL (IN)
  YESTERDAY        0.0           0.0  2002   0.0    0.0      0.0
                                      2001
  MONTH TO DATE    0.0                       0.0    0.0      0.0
  SINCE JUN 1      0.0                       0.0    0.0      0.0
  SINCE JUL 1      0.0                       0.0    0.0      0.0
  SNOW DEPTH       0

DEGREE DAYS
 HEATING
  YESTERDAY        0                         0      0        0
  MONTH TO DATE    0                         0      0        0
  SINCE JUN 1      0                         4     -4        0
  SINCE JUL 1      0                         0      0        0

 COOLING
  YESTERDAY        9                        14     -5       16
  MONTH TO DATE  492                       431     61      505
  SINCE JUN 1    819                       751     68      921
  SINCE JAN 1   1050                       923    127     1071
..................................................................


WIND (MPH)
  HIGHEST WIND SPEED     8   HIGHEST WIND DIRECTION     W (280)
  HIGHEST GUST SPEED    24   HIGHEST GUST DIRECTION    NW (300)
  AVERAGE WIND SPEED     1.8


SKY COVER
  POSSIBLE SUNSHINE  MM
  AVERAGE SKY COVER 0.0


WEATHER CONDITIONS
 THE FOLLOWING WEATHER WAS RECORDED YESTERDAY.
  FOG


RELATIVE HUMIDITY (PERCENT)
 HIGHEST    90           100 AM
 LOWEST     36           500 PM
 AVERAGE    63

..........................................................


THE PADUCAH KY CLIMATE NORMALS FOR TODAY
                         NORMAL    RECORD    YEAR
 MAXIMUM TEMPERATURE (F)   89       102      1941
 MINIMUM TEMPERATURE (F)   68        52      1971


SUNRISE AND SUNSET
AUGUST  1 2017........SUNRISE   600 AM CDT   SUNSET   802 PM CDT
AUGUST  2 2017........SUNRISE   601 AM CDT   SUNSET   801 PM CDT


-  INDICATES NEGATIVE NUMBERS.
R  INDICATES RECORD WAS SET OR TIED.
MM INDICATES DATA IS MISSING.
T  INDICATES TRACE AMOUNT.




$$
