464
CDUS43 KPAH 202134
CLIPAH


CLIMATE REPORT
NATIONAL WEATHER SERVICE PADUCAH KY
434 PM CDT FRI MAY 20 2016


...................................

...THE PADUCAH KY CLIMATE SUMMARY FOR MAY 20 2016...
VALID TODAY AS OF 0400 PM LOCAL TIME.

CLIMATE NORMAL PERIOD 1981 TO 2010
CLIMATE RECORD PERIOD 1937 TO 2016


WEATHER ITEM   OBSERVED TIME   RECORD YEAR NORMAL DEPARTURE LAST
                VALUE   (LST)  VALUE       VALUE  FROM      YEAR
                                                  NORMAL
..................................................................
TEMPERATURE (F)
 TODAY
  MAXIMUM         68    259 PM  94    1987  79    -11       60
  MINIMUM         56    706 AM  44    2002  58     -2       50
  AVERAGE         62                        68     -6       55

PRECIPITATION (IN)
  TODAY            0.13          1.72 1960   0.15  -0.02     0.43
  MONTH TO DATE    3.37                      3.35   0.02     2.63
  SINCE MAR 1     15.84                     12.04   3.80    17.25
  SINCE JAN 1     21.30                     19.63   1.67    24.54

SNOWFALL (IN)
  TODAY            0.0                                       0.0
  MONTH TO DATE    0.0                                       0.0
  SINCE JUL 1     12.1                                      28.6
  SNOW DEPTH       0

..................................................................


WIND (MPH)
  HIGHEST WIND SPEED     9   HIGHEST WIND DIRECTION    NE (60)
  HIGHEST GUST SPEED    11   HIGHEST GUST DIRECTION    NE (60)




RELATIVE HUMIDITY (PERCENT)
 HIGHEST    93
 LOWEST     68

..........................................................


THE PADUCAH KY CLIMATE NORMALS FOR TOMORROW
                         NORMAL    RECORD    YEAR
 MAXIMUM TEMPERATURE (F)   79        94      1987
 MINIMUM TEMPERATURE (F)   58        41      1954


SUNRISE AND SUNSET
MAY 20 2016...........SUNRISE   543 AM CDT   SUNSET   801 PM CDT
MAY 21 2016...........SUNRISE   542 AM CDT   SUNSET   802 PM CDT


-  INDICATES NEGATIVE NUMBERS.
R  INDICATES RECORD WAS SET OR TIED.
MM INDICATES DATA IS MISSING.
T  INDICATES TRACE AMOUNT.




$$
