000
CDUS43 KPAH 110629
CLIPAH

CLIMATE REPORT
NATIONAL WEATHER SERVICE PADUCAH KY
1226 AM CST THU DEC 11 2014

...................................

...THE PADUCAH KY CLIMATE SUMMARY FOR DECEMBER 10 2014...

CLIMATE NORMAL PERIOD 1981 TO 2010
CLIMATE RECORD PERIOD 1937 TO 2014

WEATHER ITEM   OBSERVED TIME   RECORD YEAR NORMAL DEPARTURE LAST
                VALUE   (LST)  VALUE       VALUE  FROM      YEAR
                                                  NORMAL
..................................................................
TEMPERATURE (F)
 YESTERDAY
  MAXIMUM         42    244 PM  72    1971  48     -6       33
  MINIMUM         32   1131 PM   2    1995  30      2       19
  AVERAGE         37                        39     -2       26

PRECIPITATION (IN)
  YESTERDAY        0.00          1.83 1964   0.16  -0.16      T
  MONTH TO DATE    1.00                      1.57  -0.57     1.57
  SINCE DEC 1      1.00                      1.57  -0.57     1.57
  SINCE JAN 1     44.95                     46.06  -1.11    53.77

SNOWFALL (IN)
  YESTERDAY        0.0           1.0  1962   0.1   -0.1      0.1
  MONTH TO DATE    0.0                       0.5   -0.5      5.2
  SINCE DEC 1      0.0                       0.5   -0.5      5.2
  SINCE JUL 1      2.8                       0.6    2.2      5.2
  SNOW DEPTH       0

DEGREE DAYS
 HEATING
  YESTERDAY       28                        26      2       39
  MONTH TO DATE  232                       249    -17      257
  SINCE DEC 1    232                       249    -17      257
  SINCE JUL 1   1169                      1026    143     1059

 COOLING
  YESTERDAY        0                         0      0        0
  MONTH TO DATE    0                         0      0        0
  SINCE DEC 1      0                         0      0        0
  SINCE JAN 1   1722                      1542    180     1478
..................................................................

WIND (MPH)
  HIGHEST WIND SPEED    12   HIGHEST WIND DIRECTION     N (360)
  HIGHEST GUST SPEED    14   HIGHEST GUST DIRECTION     N (350)
  AVERAGE WIND SPEED     5.6

SKY COVER
  POSSIBLE SUNSHINE  MM
  AVERAGE SKY COVER 0.9

WEATHER CONDITIONS
 THE FOLLOWING WEATHER WAS RECORDED YESTERDAY.
  HAZE

RELATIVE HUMIDITY (PERCENT)
 HIGHEST    82          1200 AM
 LOWEST     59           100 PM
 AVERAGE    71
..........................................................

THE PADUCAH KY CLIMATE NORMALS FOR TODAY
                         NORMAL    RECORD    YEAR
 MAXIMUM TEMPERATURE (F)   47        70      1996
 MINIMUM TEMPERATURE (F)   29         3      1962

SUNRISE AND SUNSET
DECEMBER 11 2014......SUNRISE   658 AM CST   SUNSET   438 PM CST
DECEMBER 12 2014......SUNRISE   659 AM CST   SUNSET   438 PM CST

-  INDICATES NEGATIVE NUMBERS.
R  INDICATES RECORD WAS SET OR TIED.
MM INDICATES DATA IS MISSING.
T  INDICATES TRACE AMOUNT.

&&
.....................................................

***** AGRICULTURAL DATA *****

SOIL TEMPERATURES AT A DEPTH OF FOUR INCHES

UNDER GRASS.........  MAX: 49  MIN: 49

$$
