000
CDUS43 KPAH 210637
CLIPAH


CLIMATE REPORT
NATIONAL WEATHER SERVICE PADUCAH KY
136 AM CDT FRI AUG 21 2015


...................................

...THE PADUCAH KY CLIMATE SUMMARY FOR AUGUST 20 2015...

CLIMATE NORMAL PERIOD 1981 TO 2010
CLIMATE RECORD PERIOD 1937 TO 2015


WEATHER ITEM   OBSERVED TIME   RECORD YEAR NORMAL DEPARTURE LAST
                VALUE   (LST)  VALUE       VALUE  FROM      YEAR
                                                  NORMAL
..................................................................
TEMPERATURE (F)
 YESTERDAY
  MAXIMUM         82    347 PM 100    1962  89     -7       96
  MINIMUM         58    535 AM  54    1943  66     -8       76
  AVERAGE         70                        78     -8       86

PRECIPITATION (IN)
  YESTERDAY        0.00          0.80 1989   0.08  -0.08     0.04
  MONTH TO DATE    1.80                      1.83  -0.03     2.79
  SINCE JUN 1     14.66                     10.33   4.33    11.52
  SINCE JAN 1     40.28                     31.55   8.73    31.71

SNOWFALL (IN)
  YESTERDAY        0.0           0.0  2002   0.0    0.0      0.0
                                      2001
  MONTH TO DATE    0.0                       0.0    0.0      0.0
  SINCE JUN 1      0.0                       0.0    0.0      0.0
  SINCE JUL 1      0.0                       0.0    0.0      0.0
  SNOW DEPTH       0

DEGREE DAYS
 HEATING
  YESTERDAY        0                         0      0        0
  MONTH TO DATE    0                         0      0        0
  SINCE JUN 1      2                         4     -2        0
  SINCE JUL 1      0                         0      0        0

 COOLING
  YESTERDAY        5                        12     -7       21
  MONTH TO DATE  244                       260    -16      265
  SINCE JUN 1   1133                      1011    122      986
  SINCE JAN 1   1344                      1183    161     1264
..................................................................


WIND (MPH)
  HIGHEST WIND SPEED    10   HIGHEST WIND DIRECTION    NW (320)
  HIGHEST GUST SPEED    13   HIGHEST GUST DIRECTION    NW (320)
  AVERAGE WIND SPEED     3.4


SKY COVER
  POSSIBLE SUNSHINE  MM
  AVERAGE SKY COVER 0.0


WEATHER CONDITIONS
 THE FOLLOWING WEATHER WAS RECORDED YESTERDAY.
  NO SIGNIFICANT WEATHER WAS OBSERVED.


RELATIVE HUMIDITY (PERCENT)
 HIGHEST    93           500 AM
 LOWEST     39           100 PM
 AVERAGE    66

..........................................................


THE PADUCAH KY CLIMATE NORMALS FOR TODAY
                         NORMAL    RECORD    YEAR
 MAXIMUM TEMPERATURE (F)   89       100      1987
 MINIMUM TEMPERATURE (F)   66        50      1950


SUNRISE AND SUNSET
AUGUST 21 2015........SUNRISE   617 AM CDT   SUNSET   739 PM CDT
AUGUST 22 2015........SUNRISE   617 AM CDT   SUNSET   738 PM CDT


-  INDICATES NEGATIVE NUMBERS.
R  INDICATES RECORD WAS SET OR TIED.
MM INDICATES DATA IS MISSING.
T  INDICATES TRACE AMOUNT.

&&
..........................................................

***** AGRICULTURAL DATA *****

SOIL TEMPERATURES AT A DEPTH OF FOUR INCHES

UNDER GRASS...   MAX: 79  MIN: 78

$$
