000
CDUS43 KPAH 150631
CLIPAH

CLIMATE REPORT
NATIONAL WEATHER SERVICE PADUCAH KY
1226 AM CST SAT NOV 15 2014

...................................

...THE PADUCAH KY CLIMATE SUMMARY FOR NOVEMBER 14 2014...

CLIMATE NORMAL PERIOD 1981 TO 2010
CLIMATE RECORD PERIOD 1937 TO 2014

WEATHER ITEM   OBSERVED TIME   RECORD YEAR NORMAL DEPARTURE LAST
                VALUE   (LST)  VALUE       VALUE  FROM      YEAR
                                                  NORMAL
..................................................................
TEMPERATURE (F)
 YESTERDAY
  MAXIMUM         37    232 PM  77    1964  59    -22       56
  MINIMUM         19    649 AM  12    1986  39    -20       28
  AVERAGE         28                        49    -21       42

PRECIPITATION (IN)
  YESTERDAY        0.00          1.50 1958   0.14  -0.14     0.00
  MONTH TO DATE    0.82                      1.82  -1.00     0.36
  SINCE SEP 1      5.41                      9.53  -4.12     9.52
  SINCE JAN 1     42.18                     42.01   0.17    50.29

SNOWFALL (IN)
  YESTERDAY        0.0           T    1986   0.0    0.0      0.0
  MONTH TO DATE    0.0                       0.0    0.0       T
  SINCE SEP 1      0.0                       0.1   -0.1       T
  SINCE JUL 1      0.0                       0.1   -0.1       T
  SNOW DEPTH       0

DEGREE DAYS
 HEATING
  YESTERDAY       37                        16     21       23
  MONTH TO DATE  297                       193    104      239
  SINCE SEP 1    522                       459     63      448
  SINCE JUL 1    522                       460     62      448

 COOLING
  YESTERDAY        0                         0      0        0
  MONTH TO DATE    0                         0      0        0
  SINCE SEP 1    251                       225     26      304
  SINCE JAN 1   1722                      1538    184     1478
..................................................................

WIND (MPH)
  HIGHEST WIND SPEED    14   HIGHEST WIND DIRECTION    NE (40)
  HIGHEST GUST SPEED    16   HIGHEST GUST DIRECTION    NE (40)
  AVERAGE WIND SPEED     3.7

SKY COVER
  POSSIBLE SUNSHINE  MM
  AVERAGE SKY COVER 0.1

WEATHER CONDITIONS
 THE FOLLOWING WEATHER WAS RECORDED YESTERDAY.
  NO SIGNIFICANT WEATHER WAS OBSERVED.

RELATIVE HUMIDITY (PERCENT)
 HIGHEST    84           700 AM
 LOWEST     38           300 PM
 AVERAGE    61
..........................................................

THE PADUCAH KY CLIMATE NORMALS FOR TODAY
                         NORMAL    RECORD    YEAR
 MAXIMUM TEMPERATURE (F)   59        80      1955
 MINIMUM TEMPERATURE (F)   38        16      1940

SUNRISE AND SUNSET
NOVEMBER 15 2014......SUNRISE   634 AM CST   SUNSET   445 PM CST
NOVEMBER 16 2014......SUNRISE   635 AM CST   SUNSET   445 PM CST

-  INDICATES NEGATIVE NUMBERS.
R  INDICATES RECORD WAS SET OR TIED.
MM INDICATES DATA IS MISSING.
T  INDICATES TRACE AMOUNT.

&&
.........................................................
***** AGRICULTURAL DATA *****

SOIL TEMPERATURES AT A DEPTH OF FOUR INCHES

UNDER BARE GROUND...  MAX: MM  MIN: MM
UNDER GRASS.........  MAX: 52  MIN: 50

$$
