000
CDUS43 KPAH 280628
CLIPAH


CLIMATE REPORT
NATIONAL WEATHER SERVICE PADUCAH KY
126 AM CDT THU SEP 28 2017


...................................

...THE PADUCAH KY CLIMATE SUMMARY FOR SEPTEMBER 27 2017...

CLIMATE NORMAL PERIOD 1981 TO 2010
CLIMATE RECORD PERIOD 1937 TO 2017


WEATHER ITEM   OBSERVED TIME   RECORD YEAR NORMAL DEPARTURE LAST
                VALUE   (LST)  VALUE       VALUE  FROM      YEAR
                                                  NORMAL
..................................................................
TEMPERATURE (F)
 YESTERDAY
  MAXIMUM         90    156 PM  94    1939  78     12       80
  MINIMUM         64    428 AM  37    1991  53     11       44
  AVERAGE         77                        65     12       62

PRECIPITATION (IN)
  YESTERDAY        0.00          1.84 1964   0.13  -0.13     0.00
  MONTH TO DATE    2.55                      3.33  -0.78     0.73
  SINCE SEP 1      2.55                      3.33  -0.78     0.73
  SINCE JAN 1     35.68                     35.81  -0.13    43.40

SNOWFALL (IN)
  YESTERDAY        0.0           0.0  2002   0.0    0.0      0.0
                                      2001
  MONTH TO DATE    0.0                       0.0    0.0      0.0
  SINCE SEP 1      0.0                       0.0    0.0      0.0
  SINCE JUL 1      0.0                       0.0    0.0      0.0
  SNOW DEPTH       0

DEGREE DAYS
 HEATING
  YESTERDAY        0                         3     -3        3
  MONTH TO DATE   11                        26    -15        6
  SINCE SEP 1     11                        26    -15        6
  SINCE JUL 1     11                        27    -16        6

 COOLING
  YESTERDAY       12                         3      9        0
  MONTH TO DATE  213                       178     35      284
  SINCE SEP 1    213                       178     35      284
  SINCE JAN 1   1587                      1491     96     1814
..................................................................


WIND (MPH)
  HIGHEST WIND SPEED    18   HIGHEST WIND DIRECTION     N (350)
  HIGHEST GUST SPEED    22   HIGHEST GUST DIRECTION     N (350)
  AVERAGE WIND SPEED     6.7


SKY COVER
  POSSIBLE SUNSHINE  MM
  AVERAGE SKY COVER 0.1


WEATHER CONDITIONS
 THE FOLLOWING WEATHER WAS RECORDED YESTERDAY.
  FOG


RELATIVE HUMIDITY (PERCENT)
 HIGHEST    93          1200 AM
 LOWEST     47           200 PM
 AVERAGE    70

..........................................................


THE PADUCAH KY CLIMATE NORMALS FOR TODAY
                         NORMAL    RECORD    YEAR
 MAXIMUM TEMPERATURE (F)   77        95      1938
 MINIMUM TEMPERATURE (F)   53        38      1942


SUNRISE AND SUNSET
SEPTEMBER 28 2017.....SUNRISE   648 AM CDT   SUNSET   642 PM CDT
SEPTEMBER 29 2017.....SUNRISE   649 AM CDT   SUNSET   641 PM CDT


-  INDICATES NEGATIVE NUMBERS.
R  INDICATES RECORD WAS SET OR TIED.
MM INDICATES DATA IS MISSING.
T  INDICATES TRACE AMOUNT.

&&

..............................................

     ***** AGRICULTURAL DATA *****

SOIL TEMPERATURES AT A DEPTH OF FOUR INCHES

UNDER GRASS... MAX: 77     MIN: 77


$$
