000
CDUS43 KPAH 182226
CLIPAH


CLIMATE REPORT
NATIONAL WEATHER SERVICE PADUCAH KY
425 PM CST FRI NOV 18 2016


...................................

...THE PADUCAH KY CLIMATE SUMMARY FOR NOVEMBER 18 2016...
VALID TODAY AS OF 0400 PM LOCAL TIME.

CLIMATE NORMAL PERIOD 1981 TO 2010
CLIMATE RECORD PERIOD 1937 TO 2016


WEATHER ITEM   OBSERVED TIME   RECORD YEAR NORMAL DEPARTURE LAST
                VALUE   (LST)  VALUE       VALUE  FROM      YEAR
                                                  NORMAL
..................................................................
TEMPERATURE (F)
 TODAY
  MAXIMUM         77    107 PM  78    1985  57     20       66
  MINIMUM         64    727 AM  10    2014  37     27       51
  AVERAGE         71                        47     24       59

PRECIPITATION (IN)
  TODAY            T             3.59 1957   0.16  -0.16     1.54
  MONTH TO DATE    0.11                      2.42  -2.31     4.99
  SINCE SEP 1      1.28                     10.13  -8.85     8.48
  SINCE JAN 1     43.95                     42.61   1.34    48.91

SNOWFALL (IN)
  TODAY            0.0                                       0.0
  MONTH TO DATE    0.0                                       0.0
  SINCE JUL 1      0.0                                       0.0
  SNOW DEPTH       0

..................................................................


WIND (MPH)
  HIGHEST WIND SPEED    21   HIGHEST WIND DIRECTION    SW (220)
  HIGHEST GUST SPEED    29   HIGHEST GUST DIRECTION     S (200)




RELATIVE HUMIDITY (PERCENT)
 HIGHEST    67
 LOWEST     40

..........................................................


THE PADUCAH KY CLIMATE NORMALS FOR TOMORROW
                         NORMAL    RECORD    YEAR
 MAXIMUM TEMPERATURE (F)   57        78      1985
 MINIMUM TEMPERATURE (F)   37        18      1951


SUNRISE AND SUNSET
NOVEMBER 18 2016......SUNRISE   637 AM CST   SUNSET   443 PM CST
NOVEMBER 19 2016......SUNRISE   638 AM CST   SUNSET   442 PM CST


-  INDICATES NEGATIVE NUMBERS.
R  INDICATES RECORD WAS SET OR TIED.
MM INDICATES DATA IS MISSING.
T  INDICATES TRACE AMOUNT.




$$
