997
CDUS43 KPAH 010632
CLIPAH

CLIMATE REPORT
NATIONAL WEATHER SERVICE PADUCAH KY
1226 AM CST FRI DEC 1 2017

...................................

...THE PADUCAH KY CLIMATE SUMMARY FOR NOVEMBER 30 2017...

CLIMATE NORMAL PERIOD 1981 TO 2010
CLIMATE RECORD PERIOD 1937 TO 2017

WEATHER ITEM   OBSERVED TIME   RECORD YEAR NORMAL DEPARTURE LAST
                VALUE   (LST)  VALUE       VALUE  FROM      YEAR
                                                  NORMAL
..................................................................
TEMPERATURE (F)
 YESTERDAY
  MAXIMUM         60    238 AM  72    1970  51      9       56
                                      1941
  MINIMUM         31   1147 PM  11    1964  33     -2       36
  AVERAGE         46                        42      4       46

PRECIPITATION (IN)
  YESTERDAY        0.05          1.67 1975   0.16  -0.11     0.00
  MONTH TO DATE    3.42                      4.30  -0.88     2.65
  SINCE SEP 1     10.01                     12.01  -2.00     3.82
  SINCE JAN 1     43.14                     44.49  -1.35    46.49

SNOWFALL (IN)
  YESTERDAY        0.0           9.0  2010   0.0    0.0      0.0
  MONTH TO DATE    0.0                       T      0.0      0.0
  SINCE SEP 1      0.0                       0.1   -0.1      0.0
  SINCE JUL 1      0.0                       0.1   -0.1      0.0
  SNOW DEPTH       0

DEGREE DAYS
 HEATING
  YESTERDAY       19                        23     -4       19
  MONTH TO DATE  474                       510    -36      397
  SINCE SEP 1    683                       776    -93      501
  SINCE JUL 1    683                       777    -94      501

 COOLING
  YESTERDAY        0                         0      0        0
  MONTH TO DATE    7                         4      3       19
  SINCE SEP 1    318                       229     89      423
  SINCE JAN 1   1692                      1542    150     1953
..................................................................

WIND (MPH)
  HIGHEST WIND SPEED    15   HIGHEST WIND DIRECTION     N (360)
  HIGHEST GUST SPEED    20   HIGHEST GUST DIRECTION     N (10)
  AVERAGE WIND SPEED     4.6

SKY COVER
  POSSIBLE SUNSHINE  MM
  AVERAGE SKY COVER 0.4

WEATHER CONDITIONS
 THE FOLLOWING WEATHER WAS RECORDED YESTERDAY.
  LIGHT RAIN

RELATIVE HUMIDITY (PERCENT)
 HIGHEST    96           700 AM
 LOWEST     40           300 PM
 AVERAGE    68
..........................................................

THE PADUCAH KY CLIMATE NORMALS FOR TODAY
                         NORMAL    RECORD    YEAR
 MAXIMUM TEMPERATURE (F)   51        71      1962
 MINIMUM TEMPERATURE (F)   32        17      1964

SUNRISE AND SUNSET
DECEMBER  1 2017......SUNRISE   650 AM CST   SUNSET   438 PM CST
DECEMBER  2 2017......SUNRISE   651 AM CST   SUNSET   438 PM CST

-  INDICATES NEGATIVE NUMBERS.
R  INDICATES RECORD WAS SET OR TIED.
MM INDICATES DATA IS MISSING.
T  INDICATES TRACE AMOUNT.

&&
.............................................

***** AGRICULTURAL DATA *****

SOIL TEMPERATURES AT A DEPTH OF FOUR INCHES

UNDER GRASS... MAX: 49    MIN: 49

$$
