000
CDUS43 KPAH 280639
CLIPAH

CLIMATE REPORT
NATIONAL WEATHER SERVICE PADUCAH KY
1234 AM CST SUN JAN 28 2018


...................................

...THE PADUCAH KY CLIMATE SUMMARY FOR JANUARY 27 2018...

CLIMATE NORMAL PERIOD 1981 TO 2010
CLIMATE RECORD PERIOD 1937 TO 2018


WEATHER ITEM   OBSERVED TIME   RECORD YEAR NORMAL DEPARTURE LAST
                VALUE   (LST)  VALUE       VALUE  FROM      YEAR
                                                  NORMAL
..................................................................
TEMPERATURE (F)
 YESTERDAY
  MAXIMUM         55    650 AM  70    1947  44     11       45
  MINIMUM         35   1100 PM  -5    1940  26      9       26
  AVERAGE         45                        35     10       36

PRECIPITATION (IN)
  YESTERDAY        0.51          2.49 2009   0.12   0.39      T
  MONTH TO DATE    4.00                      3.18   0.82     2.48
  SINCE DEC 1      7.27                      7.77  -0.50     8.49
  SINCE JAN 1      4.00                      3.18   0.82     2.48

SNOWFALL (IN)
  YESTERDAY       MM             3.8  1985   0.1   MM         T
  MONTH TO DATE   12.4                       2.5    9.9      0.2
  SINCE DEC 1     12.4                       4.7    7.7      0.2
  SINCE JUL 1     12.4                       4.8    7.6      0.2
  SNOW DEPTH       0

DEGREE DAYS
 HEATING
  YESTERDAY       20                        30    -10       29
  MONTH TO DATE  931                       827    104      595
  SINCE DEC 1   1782                      1681    101     1421
  SINCE JUL 1   2465                      2458      7     1922

 COOLING
  YESTERDAY        0                         0      0        0
  MONTH TO DATE    0                         0      0        0
  SINCE DEC 1      0                         0      0        0
  SINCE JAN 1      0                         0      0        0
..................................................................


WIND (MPH)
  HIGHEST WIND SPEED    18   HIGHEST WIND DIRECTION     S (170)
  HIGHEST GUST SPEED    29   HIGHEST GUST DIRECTION     S (170)
  AVERAGE WIND SPEED     5.0


SKY COVER
  POSSIBLE SUNSHINE  MM
  AVERAGE SKY COVER 0.8


WEATHER CONDITIONS
 THE FOLLOWING WEATHER WAS RECORDED YESTERDAY.
  HEAVY RAIN
  RAIN
  LIGHT RAIN
  FOG
  FOG W/VISIBILITY <= 1/4 MILE


RELATIVE HUMIDITY (PERCENT)
 HIGHEST    93           600 PM
 LOWEST     59           500 AM
 AVERAGE    76

..........................................................


THE PADUCAH KY CLIMATE NORMALS FOR TODAY
                         NORMAL    RECORD    YEAR
 MAXIMUM TEMPERATURE (F)   44        71      1975
 MINIMUM TEMPERATURE (F)   26        -4      1963


SUNRISE AND SUNSET
JANUARY 28 2018.......SUNRISE   701 AM CST   SUNSET   516 PM CST
JANUARY 29 2018.......SUNRISE   700 AM CST   SUNSET   517 PM CST


-  INDICATES NEGATIVE NUMBERS.
R  INDICATES RECORD WAS SET OR TIED.
MM INDICATES DATA IS MISSING.
T  INDICATES TRACE AMOUNT.

&&
...........................................................
***** AGRICULTURAL DATA *****

SOIL TEMPERATURES AT A DEPTH OF FOUR INCHES

UNDER GRASS... MAX: 41    MIN: 40


$$
