000
CDUS43 KPAH 170633
CLIPAH


CLIMATE REPORT
NATIONAL WEATHER SERVICE PADUCAH KY
1230 AM CST SAT JAN 17 2015


...................................

...THE PADUCAH KY CLIMATE SUMMARY FOR JANUARY 16 2015...

CLIMATE NORMAL PERIOD 1981 TO 2010
CLIMATE RECORD PERIOD 1937 TO 2015


WEATHER ITEM   OBSERVED TIME   RECORD YEAR NORMAL DEPARTURE LAST
                VALUE   (LST)  VALUE       VALUE  FROM      YEAR
                                                  NORMAL
..................................................................
TEMPERATURE (F)
 YESTERDAY
  MAXIMUM         51    243 PM  74    1952  43      8       46
  MINIMUM         23    731 AM -12    1982  26     -3       23
  AVERAGE         37                        34      3       35

PRECIPITATION (IN)
  YESTERDAY        0.00          1.29 1994   0.11  -0.11      T
  MONTH TO DATE    1.46                      1.89  -0.43     1.94
  SINCE DEC 1      4.35                      6.48  -2.13    10.08
  SINCE JAN 1      1.46                      1.89  -0.43     1.94

SNOWFALL (IN)
  YESTERDAY        0.0          11.0  1978   0.1   -0.1       T
  MONTH TO DATE    0.5                       1.4   -0.9      1.1
  SINCE DEC 1      0.7                       3.6   -2.9      6.3
  SINCE JUL 1      3.5                       3.7   -0.2      6.3
  SNOW DEPTH       0

DEGREE DAYS
 HEATING
  YESTERDAY       28                        31     -3       30
  MONTH TO DATE  566                       493     73      522
  SINCE DEC 1   1312                      1347    -35     1380
  SINCE JUL 1   2249                      2124    125     2182

 COOLING
  YESTERDAY        0                         0      0        0
  MONTH TO DATE    0                         0      0        0
  SINCE DEC 1      0                         0      0        0
  SINCE JAN 1      0                         0      0        0
..................................................................


WIND (MPH)
  HIGHEST WIND SPEED    10   HIGHEST WIND DIRECTION    SW (240)
  HIGHEST GUST SPEED    12   HIGHEST GUST DIRECTION    SW (240)
  AVERAGE WIND SPEED     4.0


SKY COVER
  POSSIBLE SUNSHINE  MM
  AVERAGE SKY COVER 0.0


WEATHER CONDITIONS
 THE FOLLOWING WEATHER WAS RECORDED YESTERDAY.
  FOG
  HAZE


RELATIVE HUMIDITY (PERCENT)
 HIGHEST    88           200 AM
 LOWEST     46           200 PM
 AVERAGE    67

..........................................................


THE PADUCAH KY CLIMATE NORMALS FOR TODAY
                         NORMAL    RECORD    YEAR
 MAXIMUM TEMPERATURE (F)   43        68      1996
                                             1952
                                             1943
 MINIMUM TEMPERATURE (F)   26       -14      1982


SUNRISE AND SUNSET
JANUARY 17 2015.......SUNRISE   707 AM CST   SUNSET   504 PM CST
JANUARY 18 2015.......SUNRISE   706 AM CST   SUNSET   505 PM CST


-  INDICATES NEGATIVE NUMBERS.
R  INDICATES RECORD WAS SET OR TIED.
MM INDICATES DATA IS MISSING.
T  INDICATES TRACE AMOUNT.

&&
.........................................................
***** AGRICULTURAL DATA *****

SOIL TEMPERATURES AT A DEPTH OF FOUR INCHES

UNDER BARE GROUND...  MAX: MM  MIN: MM
UNDER GRASS.........  MAX: 37  MIN: 35

$$
