000
CDUS43 KPAH 062134
CLIPAH


CLIMATE REPORT
NATIONAL WEATHER SERVICE PADUCAH KY
434 PM CDT WED JUL 6 2016


...................................

...THE PADUCAH KY CLIMATE SUMMARY FOR JULY 6 2016...
VALID TODAY AS OF 0400 PM LOCAL TIME.

CLIMATE NORMAL PERIOD 1981 TO 2010
CLIMATE RECORD PERIOD 1937 TO 2016


WEATHER ITEM   OBSERVED TIME   RECORD YEAR NORMAL DEPARTURE LAST
                VALUE   (LST)  VALUE       VALUE  FROM      YEAR
                                                  NORMAL
..................................................................
TEMPERATURE (F)
 TODAY
  MAXIMUM         88   1152 AM 107    2012  89     -1       87
  MINIMUM         71    232 PM  54    1997  69      2       69
                                      1972
  AVERAGE         80                        79      1       78

PRECIPITATION (IN)
  TODAY            1.06          2.02 1964   0.14   0.92     0.00
  MONTH TO DATE    4.12                      0.87   3.25     2.81
  SINCE JUN 1      5.84                      4.93   0.91     5.25
  SINCE JAN 1     29.04                     26.15   2.89    30.87

SNOWFALL (IN)
  TODAY            0.0                                       0.0
  MONTH TO DATE    0.0                                       0.0
  SINCE JUL 1      0.0                                       0.0
  SNOW DEPTH       0

..................................................................


WIND (MPH)
  HIGHEST WIND SPEED    47   HIGHEST WIND DIRECTION     W (270)
  HIGHEST GUST SPEED    66   HIGHEST GUST DIRECTION     W (270)




RELATIVE HUMIDITY (PERCENT)
 HIGHEST    93
 LOWEST     74

..........................................................


THE PADUCAH KY CLIMATE NORMALS FOR TOMORROW
                         NORMAL    RECORD    YEAR
 MAXIMUM TEMPERATURE (F)   89       104      2012
 MINIMUM TEMPERATURE (F)   69        55      1972


SUNRISE AND SUNSET
JULY  6 2016..........SUNRISE   542 AM CDT   SUNSET   818 PM CDT
JULY  7 2016..........SUNRISE   542 AM CDT   SUNSET   818 PM CDT


-  INDICATES NEGATIVE NUMBERS.
R  INDICATES RECORD WAS SET OR TIED.
MM INDICATES DATA IS MISSING.
T  INDICATES TRACE AMOUNT.




$$
