767
CDUS43 KPAH 270635
CLIPAH


CLIMATE REPORT
NATIONAL WEATHER SERVICE PADUCAH KY
1234 AM CST WED JAN 27 2016


...................................

...THE PADUCAH KY CLIMATE SUMMARY FOR JANUARY 26 2016...

CLIMATE NORMAL PERIOD 1981 TO 2010
CLIMATE RECORD PERIOD 1937 TO 2016


WEATHER ITEM   OBSERVED TIME   RECORD YEAR NORMAL DEPARTURE LAST
                VALUE   (LST)  VALUE       VALUE  FROM      YEAR
                                                  NORMAL
..................................................................
TEMPERATURE (F)
 YESTERDAY
  MAXIMUM         48   1200 AM  72    1952  44      4       38
                                      1950
  MINIMUM         33   1159 PM  -8    1940  26      7       29
  AVERAGE         41                        35      6       34

PRECIPITATION (IN)
  YESTERDAY        0.00          1.41 1950   0.12  -0.12     0.00
  MONTH TO DATE    2.53                      3.06  -0.53     2.56
  SINCE DEC 1      9.95                      7.65   2.30     5.45
  SINCE JAN 1      2.53                      3.06  -0.53     2.56

SNOWFALL (IN)
  YESTERDAY        0.0           2.0  1969   0.1   -0.1      0.0
  MONTH TO DATE    8.4                       2.4    6.0      0.5
  SINCE DEC 1      8.4                       4.6    3.8      0.7
  SINCE JUL 1      8.4                       4.7    3.7      3.5
  SNOW DEPTH       0

DEGREE DAYS
 HEATING
  YESTERDAY       24                        30     -6       31
  MONTH TO DATE  830                       797     33      817
  SINCE DEC 1   1329                      1651   -322     1563
  SINCE JUL 1   1873                      2428   -555     2500

 COOLING
  YESTERDAY        0                         0      0        0
  MONTH TO DATE    0                         0      0        0
  SINCE DEC 1      6                         0      6        0
  SINCE JAN 1      0                         0      0        0
..................................................................


WIND (MPH)
  HIGHEST WIND SPEED    15   HIGHEST WIND DIRECTION     N (360)
  HIGHEST GUST SPEED    20   HIGHEST GUST DIRECTION     N (10)
  AVERAGE WIND SPEED     8.6


SKY COVER
  POSSIBLE SUNSHINE  MM
  AVERAGE SKY COVER 0.9


WEATHER CONDITIONS
 THE FOLLOWING WEATHER WAS RECORDED YESTERDAY.
  NO SIGNIFICANT WEATHER WAS OBSERVED.


RELATIVE HUMIDITY (PERCENT)
 HIGHEST    76           200 AM
 LOWEST     55           100 PM
 AVERAGE    66

..........................................................


THE PADUCAH KY CLIMATE NORMALS FOR TODAY
                         NORMAL    RECORD    YEAR
 MAXIMUM TEMPERATURE (F)   44        70      1947
 MINIMUM TEMPERATURE (F)   26        -5      1940


SUNRISE AND SUNSET
JANUARY 27 2016.......SUNRISE   702 AM CST   SUNSET   514 PM CST
JANUARY 28 2016.......SUNRISE   701 AM CST   SUNSET   515 PM CST


-  INDICATES NEGATIVE NUMBERS.
R  INDICATES RECORD WAS SET OR TIED.
MM INDICATES DATA IS MISSING.
T  INDICATES TRACE AMOUNT.


&&
.......................................................
***** AGRICULTURAL DATA *****

SOIL TEMPERATURES AT A DEPTH OF FOUR INCHES

UNDER GRASS...  MAX: 39  MIN: 37

$$
