000
CDUS43 KPAH 130630
CLIPAH


CLIMATE REPORT
NATIONAL WEATHER SERVICE PADUCAH KY
129 AM CDT WED APR 13 2016


...................................

...THE PADUCAH KY CLIMATE SUMMARY FOR APRIL 12 2016...

CLIMATE NORMAL PERIOD 1981 TO 2010
CLIMATE RECORD PERIOD 1937 TO 2016


WEATHER ITEM   OBSERVED TIME   RECORD YEAR NORMAL DEPARTURE LAST
                VALUE   (LST)  VALUE       VALUE  FROM      YEAR
                                                  NORMAL
..................................................................
TEMPERATURE (F)
 YESTERDAY
  MAXIMUM         62    338 PM  84    1977  68     -6       79
                                      1941
  MINIMUM         38    551 AM  26    1990  45     -7       53
  AVERAGE         50                        57     -7       66

PRECIPITATION (IN)
  YESTERDAY        0.00          1.88 1966   0.15  -0.15     0.00
  MONTH TO DATE    0.72                      1.74  -1.02     2.63
  SINCE MAR 1      9.93                      5.67   4.26    11.36
  SINCE JAN 1     15.39                     13.26   2.13    18.65

SNOWFALL (IN)
  YESTERDAY        0.0           T    2005   0.0    0.0      0.0
  MONTH TO DATE    0.0                       0.0    0.0      0.0
  SINCE MAR 1      T                         0.6   -0.6     12.1
  SINCE JUL 1     12.1                       9.1    3.0     28.6
  SNOW DEPTH       0

DEGREE DAYS
 HEATING
  YESTERDAY       15                         9      6        0
  MONTH TO DATE  148                       127     21       61
  SINCE MAR 1    507                       650   -143      656
  SINCE JUL 1   3169                      3946   -777     4325

 COOLING
  YESTERDAY        0                         1     -1        1
  MONTH TO DATE    0                        12    -12       30
  SINCE MAR 1      2                        19    -17       31
  SINCE JAN 1      2                        19    -17       31
..................................................................


WIND (MPH)
  HIGHEST WIND SPEED    17   HIGHEST WIND DIRECTION    NE (30)
  HIGHEST GUST SPEED    26   HIGHEST GUST DIRECTION    NE (50)
  AVERAGE WIND SPEED     7.0


SKY COVER
  POSSIBLE SUNSHINE  MM
  AVERAGE SKY COVER 0.0


WEATHER CONDITIONS
 THE FOLLOWING WEATHER WAS RECORDED YESTERDAY.
  NO SIGNIFICANT WEATHER WAS OBSERVED.


RELATIVE HUMIDITY (PERCENT)
 HIGHEST    79           400 AM
 LOWEST     29           200 PM
 AVERAGE    54

..........................................................


THE PADUCAH KY CLIMATE NORMALS FOR TODAY
                         NORMAL    RECORD    YEAR
 MAXIMUM TEMPERATURE (F)   69        88      1941
 MINIMUM TEMPERATURE (F)   46        29      1957


SUNRISE AND SUNSET
APRIL 13 2016.........SUNRISE   623 AM CDT   SUNSET   729 PM CDT
APRIL 14 2016.........SUNRISE   621 AM CDT   SUNSET   730 PM CDT


-  INDICATES NEGATIVE NUMBERS.
R  INDICATES RECORD WAS SET OR TIED.
MM INDICATES DATA IS MISSING.
T  INDICATES TRACE AMOUNT.

&&
.........................................................
***** AGRICULTURAL DATA *****

SOIL TEMPERATURES AT A DEPTH OF FOUR INCHES

UNDER GRASS...  MAX: 54  MIN: 53


$$
