000
CDUS43 KPAH 010627
CLIPAH


CLIMATE REPORT
NATIONAL WEATHER SERVICE PADUCAH KY
126 AM CDT FRI SEP 1 2017

...................................

...THE PADUCAH KY CLIMATE SUMMARY FOR AUGUST 31 2017...

CLIMATE NORMAL PERIOD 1981 TO 2010
CLIMATE RECORD PERIOD 1937 TO 2017

WEATHER ITEM   OBSERVED TIME   RECORD YEAR NORMAL DEPARTURE LAST
                VALUE   (LST)  VALUE       VALUE  FROM      YEAR
                                                  NORMAL
..................................................................
TEMPERATURE (F)
 YESTERDAY
  MAXIMUM         82    235 PM 100    1953  87     -5       90
  MINIMUM         67   1159 PM  46    1946  64      3       71
  AVERAGE         75                        76     -1       81

PRECIPITATION (IN)
  YESTERDAY        0.59          2.94 1965   0.09   0.50     0.00
  MONTH TO DATE    1.96                      2.76  -0.80     9.60
  SINCE JUN 1     10.78                     11.26  -0.48    19.47
  SINCE JAN 1     33.13                     32.48   0.65    42.67

SNOWFALL (IN)
  YESTERDAY        0.0           0.0  2002   0.0    0.0      0.0
                                      2001
  MONTH TO DATE    0.0                       0.0    0.0      0.0
  SINCE JUN 1      0.0                       0.0    0.0      0.0
  SINCE JUL 1      0.0                       0.0    0.0      0.0
  SNOW DEPTH       0

DEGREE DAYS
 HEATING
  YESTERDAY        0                         0      0        0
  MONTH TO DATE    0                         0      0        0
  SINCE JUN 1      0                         5     -5        0
  SINCE JUL 1      0                         1     -1        0

 COOLING
  YESTERDAY       10                        11     -1       16
  MONTH TO DATE  324                       390    -66      459
  SINCE JUN 1   1143                      1141      2     1380
  SINCE JAN 1   1374                      1313     61     1530
..................................................................

WIND (MPH)
  HIGHEST WIND SPEED    20   HIGHEST WIND DIRECTION    NE (30)
  HIGHEST GUST SPEED    25   HIGHEST GUST DIRECTION    NE (50)
  AVERAGE WIND SPEED     9.9

SKY COVER
  POSSIBLE SUNSHINE  MM
  AVERAGE SKY COVER 0.9

WEATHER CONDITIONS
 THE FOLLOWING WEATHER WAS RECORDED YESTERDAY.
  RAIN
  LIGHT RAIN
  FOG

RELATIVE HUMIDITY (PERCENT)
 HIGHEST    90           700 AM
 LOWEST     58          1200 PM
 AVERAGE    74
..........................................................

THE PADUCAH KY CLIMATE NORMALS FOR TODAY
                         NORMAL    RECORD    YEAR
 MAXIMUM TEMPERATURE (F)   87       102      1953
                                             1943
 MINIMUM TEMPERATURE (F)   63        45      1987

SUNRISE AND SUNSET
SEPTEMBER  1 2017.....SUNRISE   626 AM CDT   SUNSET   723 PM CDT
SEPTEMBER  2 2017.....SUNRISE   627 AM CDT   SUNSET   722 PM CDT

-  INDICATES NEGATIVE NUMBERS.
R  INDICATES RECORD WAS SET OR TIED.
MM INDICATES DATA IS MISSING.
T  INDICATES TRACE AMOUNT.

$$
