372
CDUS43 KPAH 140628
CLIPAH


CLIMATE REPORT
NATIONAL WEATHER SERVICE PADUCAH KY
1226 AM CST TUE NOV 14 2017


...................................

...THE PADUCAH KY CLIMATE SUMMARY FOR NOVEMBER 13 2017...

CLIMATE NORMAL PERIOD 1981 TO 2010
CLIMATE RECORD PERIOD 1937 TO 2017


WEATHER ITEM   OBSERVED TIME   RECORD YEAR NORMAL DEPARTURE LAST
                VALUE   (LST)  VALUE       VALUE  FROM      YEAR
                                                  NORMAL
..................................................................
TEMPERATURE (F)
 YESTERDAY
  MAXIMUM         50    330 PM  82    1955  60    -10       63
  MINIMUM         35    934 PM  10    1986  39     -4       23
  AVERAGE         43                        49     -6       43

PRECIPITATION (IN)
  YESTERDAY        0.00          4.67 1957   0.15  -0.15     0.00
  MONTH TO DATE    2.38                      1.68   0.70     0.05
  SINCE SEP 1      8.97                      9.39  -0.42     1.22
  SINCE JAN 1     42.10                     41.87   0.23    43.89

SNOWFALL (IN)
  YESTERDAY        0.0           T    1986   0.0    0.0      0.0
  MONTH TO DATE    0.0                       0.0    0.0      0.0
  SINCE SEP 1      0.0                       0.1   -0.1      0.0
  SINCE JUL 1      0.0                       0.1   -0.1      0.0
  SNOW DEPTH       0

DEGREE DAYS
 HEATING
  YESTERDAY       22                        16      6       22
  MONTH TO DATE  155                       177    -22      125
  SINCE SEP 1    364                       443    -79      229
  SINCE JUL 1    364                       444    -80      229

 COOLING
  YESTERDAY        0                         0      0        0
  MONTH TO DATE    7                         0      7       14
  SINCE SEP 1    318                       225     93      418
  SINCE JAN 1   1692                      1538    154     1948
..................................................................


WIND (MPH)
  HIGHEST WIND SPEED    15   HIGHEST WIND DIRECTION     N (20)
  HIGHEST GUST SPEED    19   HIGHEST GUST DIRECTION     N (10)
  AVERAGE WIND SPEED     6.2


SKY COVER
  POSSIBLE SUNSHINE  MM
  AVERAGE SKY COVER 0.6


WEATHER CONDITIONS
 THE FOLLOWING WEATHER WAS RECORDED YESTERDAY.
  FOG


RELATIVE HUMIDITY (PERCENT)
 HIGHEST    92           800 PM
 LOWEST     56           300 PM
 AVERAGE    74

..........................................................


THE PADUCAH KY CLIMATE NORMALS FOR TODAY
                         NORMAL    RECORD    YEAR
 MAXIMUM TEMPERATURE (F)   59        77      1964
 MINIMUM TEMPERATURE (F)   39        12      1986


SUNRISE AND SUNSET
NOVEMBER 14 2017......SUNRISE   633 AM CST   SUNSET   446 PM CST
NOVEMBER 15 2017......SUNRISE   634 AM CST   SUNSET   445 PM CST


-  INDICATES NEGATIVE NUMBERS.
R  INDICATES RECORD WAS SET OR TIED.
MM INDICATES DATA IS MISSING.
T  INDICATES TRACE AMOUNT.

&&

..............................................
***** AGRICULTURAL DATA *****

SOIL TEMPERATURES AT A DEPTH OF FOUR INCHES

UNDER GRASS... MAX: M    MIN: M


$$
