000
CDUS43 KPAH 210645
CLIPAH


CLIMATE REPORT
NATIONAL WEATHER SERVICE PADUCAH KY
1245 AM CST SAT FEB 21 2015


...................................

...THE PADUCAH KY CLIMATE SUMMARY FOR FEBRUARY 20 2015...

CLIMATE NORMAL PERIOD 1981 TO 2010
CLIMATE RECORD PERIOD 1937 TO 2015


WEATHER ITEM   OBSERVED TIME   RECORD YEAR NORMAL DEPARTURE LAST
                VALUE   (LST)  VALUE       VALUE  FROM      YEAR
                                                  NORMAL
..................................................................
TEMPERATURE (F)
 YESTERDAY
  MAXIMUM         32   1159 PM  74    2011  51    -19       70
                                      1986
  MINIMUM          9R   429 AM  10    1978  31    -22       40
  AVERAGE         21                        41    -20       55

PRECIPITATION (IN)
  YESTERDAY        0.72          2.75 1951   0.14   0.58     0.45
  MONTH TO DATE    2.81                      2.80   0.01     3.15
  SINCE DEC 1      8.26                     11.07  -2.81    13.32
  SINCE JAN 1      5.37                      6.48  -1.11     5.18

SNOWFALL (IN)
  YESTERDAY       MM             1.0  1963   0.1   MM        0.0
  MONTH TO DATE   12.4                       2.5    9.9      6.6
  SINCE DEC 1     13.1                       7.7    5.4     12.9
  SINCE JUL 1     15.9                       7.8    8.1     12.9
  SNOW DEPTH       0

DEGREE DAYS
 HEATING
  YESTERDAY       44                        24     20       10
  MONTH TO DATE  716                       539    177      697
  SINCE DEC 1   2412                      2335     77     2632
  SINCE JUL 1   3349                      3112    237     3434

 COOLING
  YESTERDAY        0                         0      0        0
  MONTH TO DATE    0                         0      0        0
  SINCE DEC 1      0                         0      0        0
  SINCE JAN 1      0                         0      0        0
..................................................................


WIND (MPH)
  HIGHEST WIND SPEED    20   HIGHEST WIND DIRECTION    SE (150)
  HIGHEST GUST SPEED    28   HIGHEST GUST DIRECTION    SE (140)
  AVERAGE WIND SPEED    10.4


SKY COVER
  POSSIBLE SUNSHINE  MM
  AVERAGE SKY COVER 1.0


WEATHER CONDITIONS
 THE FOLLOWING WEATHER WAS RECORDED YESTERDAY.
  FREEZING RAIN
  LT FREEZING RAIN
  LIGHT SNOW
  FOG
  HAZE


RELATIVE HUMIDITY (PERCENT)
 HIGHEST    92           600 PM
 LOWEST     49          1100 AM
 AVERAGE    71

..........................................................


THE PADUCAH KY CLIMATE NORMALS FOR TODAY
                         NORMAL    RECORD    YEAR
 MAXIMUM TEMPERATURE (F)   51        71      1983
 MINIMUM TEMPERATURE (F)   31         1      1963


SUNRISE AND SUNSET
FEBRUARY 21 2015......SUNRISE   637 AM CST   SUNSET   541 PM CST
FEBRUARY 22 2015......SUNRISE   636 AM CST   SUNSET   542 PM CST


-  INDICATES NEGATIVE NUMBERS.
R  INDICATES RECORD WAS SET OR TIED.
MM INDICATES DATA IS MISSING.
T  INDICATES TRACE AMOUNT.




$$
