000
CDUS43 KPAH 150629
CLIPAH


CLIMATE REPORT
NATIONAL WEATHER SERVICE PADUCAH KY
127 AM CDT WED OCT 15 2014


...................................

...THE PADUCAH KY CLIMATE SUMMARY FOR OCTOBER 14 2014...

CLIMATE NORMAL PERIOD 1981 TO 2010
CLIMATE RECORD PERIOD 1937 TO 2014


WEATHER ITEM   OBSERVED TIME   RECORD YEAR NORMAL DEPARTURE LAST
                VALUE   (LST)  VALUE       VALUE  FROM      YEAR
                                                  NORMAL
..................................................................
TEMPERATURE (F)
 YESTERDAY
  MAXIMUM         62   1231 AM  88    1940  72    -10       74
  MINIMUM         54   1159 PM  30    1979  47      7       48
                                      1944
  AVERAGE         58                        59     -1       61

PRECIPITATION (IN)
  YESTERDAY        0.21          1.97 1974   0.12   0.09     0.00
  MONTH TO DATE    3.10                      1.82   1.28     4.59
  SINCE SEP 1      4.07                      5.57  -1.50     7.69
  SINCE JAN 1     40.84                     38.05   2.79    48.46

SNOWFALL (IN)
  YESTERDAY        0.0           0.0  2002   0.0    0.0      0.0
                                      2001
  MONTH TO DATE    0.0                       0.0    0.0      0.0
  SINCE SEP 1      0.0                       0.0    0.0      0.0
  SINCE JUL 1      0.0                       0.0    0.0      0.0
  SNOW DEPTH       0

DEGREE DAYS
 HEATING
  YESTERDAY        7                         7      0        4
  MONTH TO DATE   58                        76    -18       25
  SINCE SEP 1     79                       114    -35       30
  SINCE JUL 1     79                       115    -36       30

 COOLING
  YESTERDAY        0                         1     -1        0
  MONTH TO DATE   37                        25     12       60
  SINCE SEP 1    239                       212     27      294
  SINCE JAN 1   1710                      1525    185     1468
..................................................................


WIND (MPH)
  HIGHEST WIND SPEED    21   HIGHEST WIND DIRECTION     W (250)
  HIGHEST GUST SPEED    31   HIGHEST GUST DIRECTION    SW (220)
  AVERAGE WIND SPEED    11.4


SKY COVER
  POSSIBLE SUNSHINE  MM
  AVERAGE SKY COVER 1.0


WEATHER CONDITIONS
 THE FOLLOWING WEATHER WAS RECORDED YESTERDAY.
  HEAVY RAIN
  RAIN
  LIGHT RAIN
  FOG


RELATIVE HUMIDITY (PERCENT)
 HIGHEST    93           600 AM
 LOWEST     78           900 AM
 AVERAGE    86

..........................................................


THE PADUCAH KY CLIMATE NORMALS FOR TODAY
                         NORMAL    RECORD    YEAR
 MAXIMUM TEMPERATURE (F)   71        87      1950
                                             1938
 MINIMUM TEMPERATURE (F)   47        32      1991


SUNRISE AND SUNSET
OCTOBER 15 2014.......SUNRISE   703 AM CDT   SUNSET   618 PM CDT
OCTOBER 16 2014.......SUNRISE   704 AM CDT   SUNSET   617 PM CDT


-  INDICATES NEGATIVE NUMBERS.
R  INDICATES RECORD WAS SET OR TIED.
MM INDICATES DATA IS MISSING.
T  INDICATES TRACE AMOUNT.

&&

..........................................................

***** AGRICULTURAL DATA *****

SOIL TEMPERATURES AT A DEPTH OF FOUR INCHES

UNDER GRASS.........  MAX: 67  MIN: 67


$$
