000
CDUS43 KPAH 092128
CLIPAH


CLIMATE REPORT
NATIONAL WEATHER SERVICE PADUCAH KY
425 PM CDT TUE AUG 9 2016

...................................

...THE PADUCAH KY CLIMATE SUMMARY FOR AUGUST 9 2016...
VALID TODAY AS OF 0400 PM LOCAL TIME.

CLIMATE NORMAL PERIOD 1981 TO 2010
CLIMATE RECORD PERIOD 1937 TO 2016

WEATHER ITEM   OBSERVED TIME   RECORD YEAR NORMAL DEPARTURE LAST
                VALUE   (LST)  VALUE       VALUE  FROM      YEAR
                                                  NORMAL
..................................................................
TEMPERATURE (F)
 TODAY
  MAXIMUM         92    258 PM  99    2007  90      2       89
                                      1988
                                      1980
  MINIMUM         68    436 AM  54    1976  67      1       66
  AVERAGE         80                        78      2       78

PRECIPITATION (IN)
  TODAY            0.00          1.18 1986   0.10  -0.10     0.00
  MONTH TO DATE    6.06                      0.90   5.16     1.02
  SINCE JUN 1     15.93                      9.40   6.53    13.88
  SINCE JAN 1     39.13                     30.62   8.51    39.50

SNOWFALL (IN)
  TODAY            0.0                                       0.0
  MONTH TO DATE    0.0                                       0.0
  SINCE JUL 1      0.0                                       0.0
  SNOW DEPTH       0
..................................................................

WIND (MPH)
  HIGHEST WIND SPEED     7   HIGHEST WIND DIRECTION    SE (120)
  HIGHEST GUST SPEED     9   HIGHEST GUST DIRECTION    NW (330)

RELATIVE HUMIDITY (PERCENT)
 HIGHEST    97
 LOWEST     41
..........................................................

THE PADUCAH KY CLIMATE NORMALS FOR TOMORROW
                         NORMAL    RECORD    YEAR
 MAXIMUM TEMPERATURE (F)   90       102      1941
 MINIMUM TEMPERATURE (F)   67        55      1989

SUNRISE AND SUNSET
AUGUST  9 2016........SUNRISE   607 AM CDT   SUNSET   753 PM CDT
AUGUST 10 2016........SUNRISE   608 AM CDT   SUNSET   752 PM CDT

-  INDICATES NEGATIVE NUMBERS.
R  INDICATES RECORD WAS SET OR TIED.
MM INDICATES DATA IS MISSING.
T  INDICATES TRACE AMOUNT.

$$
