000
CDUS43 KPAH 100642
CLIPAH

CLIMATE REPORT
NATIONAL WEATHER SERVICE PADUCAH KY
139 AM CDT SAT SEP 10 2016


...................................

...THE PADUCAH KY CLIMATE SUMMARY FOR SEPTEMBER 9 2016...

CLIMATE NORMAL PERIOD 1981 TO 2010
CLIMATE RECORD PERIOD 1937 TO 2016


WEATHER ITEM   OBSERVED TIME   RECORD YEAR NORMAL DEPARTURE LAST
                VALUE   (LST)  VALUE       VALUE  FROM      YEAR
                                                  NORMAL
..................................................................
TEMPERATURE (F)
 YESTERDAY
  MAXIMUM         91    306 PM 104    1939  85      6       76
  MINIMUM         73    619 AM  48    1986  61     12       67
  AVERAGE         82                        73      9       72

PRECIPITATION (IN)
  YESTERDAY        0.00          1.96 1960   0.13  -0.13     0.15
  MONTH TO DATE    0.14                      0.99  -0.85     0.15
  SINCE SEP 1      0.14                      0.99  -0.85     0.15
  SINCE JAN 1     42.81                     33.47   9.34    40.58

SNOWFALL (IN)
  YESTERDAY        0.0           0.0  2002   0.0    0.0      0.0
                                      2001
  MONTH TO DATE    0.0                       0.0    0.0      0.0
  SINCE SEP 1      0.0                       0.0    0.0      0.0
  SINCE JUL 1      0.0                       0.0    0.0      0.0
  SNOW DEPTH       0

DEGREE DAYS
 HEATING
  YESTERDAY        0                         0      0        0
  MONTH TO DATE    0                         0      0        0
  SINCE SEP 1      0                         0      0        0
  SINCE JUL 1      0                         1     -1        0

 COOLING
  YESTERDAY       17                         8      9        7
  MONTH TO DATE  114                        82     32      129
  SINCE SEP 1    114                        82     32      129
  SINCE JAN 1   1644                      1395    249     1553
..................................................................


WIND (MPH)
  HIGHEST WIND SPEED    17   HIGHEST WIND DIRECTION    SW (240)
  HIGHEST GUST SPEED    22   HIGHEST GUST DIRECTION     W (250)
  AVERAGE WIND SPEED     4.9


SKY COVER
  POSSIBLE SUNSHINE  MM
  AVERAGE SKY COVER 0.4


WEATHER CONDITIONS
 THE FOLLOWING WEATHER WAS RECORDED YESTERDAY.
  FOG
  HAZE


RELATIVE HUMIDITY (PERCENT)
 HIGHEST    93          1200 AM
 LOWEST     56           300 PM
 AVERAGE    75

..........................................................


THE PADUCAH KY CLIMATE NORMALS FOR TODAY
                         NORMAL    RECORD    YEAR
 MAXIMUM TEMPERATURE (F)   84       102      1939
 MINIMUM TEMPERATURE (F)   60        46      1998


SUNRISE AND SUNSET
SEPTEMBER 10 2016.....SUNRISE   633 AM CDT   SUNSET   709 PM CDT
SEPTEMBER 11 2016.....SUNRISE   634 AM CDT   SUNSET   708 PM CDT


-  INDICATES NEGATIVE NUMBERS.
R  INDICATES RECORD WAS SET OR TIED.
MM INDICATES DATA IS MISSING.
T  INDICATES TRACE AMOUNT.

&&

.........................................................

***** AGRICULTURAL DATA *****

SOIL TEMPERATURES AT A DEPTH OF FOUR INCHES

UNDER GRASS...  MAX: 78  MIN: 78


$$
