000
CDUS43 KPAH 150713
CLIPAH


CLIMATE REPORT
NATIONAL WEATHER SERVICE PADUCAH KY
109 AM CST THU JAN 15 2015


...................................

...THE PADUCAH KY CLIMATE SUMMARY FOR JANUARY 14 2015...

CLIMATE NORMAL PERIOD 1981 TO 2010
CLIMATE RECORD PERIOD 1937 TO 2015


WEATHER ITEM   OBSERVED TIME   RECORD YEAR NORMAL DEPARTURE LAST
                VALUE   (LST)  VALUE       VALUE  FROM      YEAR
                                                  NORMAL
..................................................................
TEMPERATURE (F)
 YESTERDAY
  MAXIMUM         35    230 PM  67    1952  43     -8       56
  MINIMUM         22    811 AM   1    1964  26     -4       27
  AVERAGE         29                        34     -5       42

PRECIPITATION (IN)
  YESTERDAY        0.00          2.74 1951   0.12  -0.12      T
  MONTH TO DATE    1.41                      1.67  -0.26     1.94
  SINCE DEC 1      4.30                      6.26  -1.96    10.08
  SINCE JAN 1      1.41                      1.67  -0.26     1.94

SNOWFALL (IN)
  YESTERDAY        0.0           3.0  1968   0.1   -0.1      0.0
  MONTH TO DATE    T                         1.2   -1.2      1.1
  SINCE DEC 1      0.2                       3.4   -3.2      6.3
  SINCE JUL 1      3.0                       3.5   -0.5      6.3
  SNOW DEPTH       0

DEGREE DAYS
 HEATING
  YESTERDAY       36                        31      5       23
  MONTH TO DATE  504                       431     73      455
  SINCE DEC 1   1250                      1285    -35     1313
  SINCE JUL 1   2187                      2062    125     2115

 COOLING
  YESTERDAY        0                         0      0        0
  MONTH TO DATE    0                         0      0        0
  SINCE DEC 1      0                         0      0        0
  SINCE JAN 1      0                         0      0        0
..................................................................


WIND (MPH)
  HIGHEST WIND SPEED     7   HIGHEST WIND DIRECTION    NW (310)
  HIGHEST GUST SPEED    24   HIGHEST GUST DIRECTION    SW (210)
  AVERAGE WIND SPEED     2.0


SKY COVER
  POSSIBLE SUNSHINE  MM
  AVERAGE SKY COVER 0.8


WEATHER CONDITIONS
 THE FOLLOWING WEATHER WAS RECORDED YESTERDAY.
  NO SIGNIFICANT WEATHER WAS OBSERVED.


RELATIVE HUMIDITY (PERCENT)
 HIGHEST    84           600 AM
 LOWEST     51           200 PM
 AVERAGE    68

..........................................................


THE PADUCAH KY CLIMATE NORMALS FOR TODAY
                         NORMAL    RECORD    YEAR
 MAXIMUM TEMPERATURE (F)   43        68      1953
 MINIMUM TEMPERATURE (F)   26        -1      1972


SUNRISE AND SUNSET
JANUARY 15 2015.......SUNRISE   708 AM CST   SUNSET   502 PM CST
JANUARY 16 2015.......SUNRISE   707 AM CST   SUNSET   503 PM CST


-  INDICATES NEGATIVE NUMBERS.
R  INDICATES RECORD WAS SET OR TIED.
MM INDICATES DATA IS MISSING.
T  INDICATES TRACE AMOUNT.

&&
.........................................................
***** AGRICULTURAL DATA *****

SOIL TEMPERATURES AT A DEPTH OF FOUR INCHES

UNDER BARE GROUND...  MAX: MM  MIN: MM
UNDER GRASS.........  MAX: 36  MIN: 35

$$
