000
CDUS43 KPAH 190635
CLIPAH


CLIMATE REPORT
NATIONAL WEATHER SERVICE PADUCAH KY
1232 AM CST MON JAN 19 2015


...................................

...THE PADUCAH KY CLIMATE SUMMARY FOR JANUARY 18 2015...

CLIMATE NORMAL PERIOD 1981 TO 2010
CLIMATE RECORD PERIOD 1937 TO 2015


WEATHER ITEM   OBSERVED TIME   RECORD YEAR NORMAL DEPARTURE LAST
                VALUE   (LST)  VALUE       VALUE  FROM      YEAR
                                                  NORMAL
..................................................................
TEMPERATURE (F)
 YESTERDAY
  MAXIMUM         56    359 PM  69    1974  43     13       45
  MINIMUM         34    701 AM -14    1994  26      8       17
  AVERAGE         45                        34     11       31

PRECIPITATION (IN)
  YESTERDAY        0.00          1.38 1986   0.11  -0.11      T
  MONTH TO DATE    1.46                      2.12  -0.66     1.94
  SINCE DEC 1      4.35                      6.71  -2.36    10.08
  SINCE JAN 1      1.46                      2.12  -0.66     1.94

SNOWFALL (IN)
  YESTERDAY        0.0           4.0  1956   0.1   -0.1       T
  MONTH TO DATE    0.5                       1.6   -1.1      1.1
  SINCE DEC 1      0.7                       3.8   -3.1      6.3
  SINCE JUL 1      3.5                       3.9   -0.4      6.3
  SNOW DEPTH       0

DEGREE DAYS
 HEATING
  YESTERDAY       20                        31    -11       34
  MONTH TO DATE  604                       555     49      595
  SINCE DEC 1   1350                      1409    -59     1453
  SINCE JUL 1   2287                      2186    101     2255

 COOLING
  YESTERDAY        0                         0      0        0
  MONTH TO DATE    0                         0      0        0
  SINCE DEC 1      0                         0      0        0
  SINCE JAN 1      0                         0      0        0
..................................................................


WIND (MPH)
  HIGHEST WIND SPEED    23   HIGHEST WIND DIRECTION     W (250)
  HIGHEST GUST SPEED    28   HIGHEST GUST DIRECTION     W (250)
  AVERAGE WIND SPEED     9.5


SKY COVER
  POSSIBLE SUNSHINE  MM
  AVERAGE SKY COVER 0.0


WEATHER CONDITIONS
 THE FOLLOWING WEATHER WAS RECORDED YESTERDAY.
  NO SIGNIFICANT WEATHER WAS OBSERVED.


RELATIVE HUMIDITY (PERCENT)
 HIGHEST    79           100 AM
 LOWEST     35           400 PM
 AVERAGE    57

..........................................................


THE PADUCAH KY CLIMATE NORMALS FOR TODAY
                         NORMAL    RECORD    YEAR
 MAXIMUM TEMPERATURE (F)   43        69      1952
 MINIMUM TEMPERATURE (F)   26       -13      1994


SUNRISE AND SUNSET
JANUARY 19 2015.......SUNRISE   706 AM CST   SUNSET   506 PM CST
JANUARY 20 2015.......SUNRISE   706 AM CST   SUNSET   507 PM CST


-  INDICATES NEGATIVE NUMBERS.
R  INDICATES RECORD WAS SET OR TIED.
MM INDICATES DATA IS MISSING.
T  INDICATES TRACE AMOUNT.




$$
