000
CDUS43 KPAH 120635
CLIPAH


CLIMATE REPORT
NATIONAL WEATHER SERVICE PADUCAH KY
134 AM CDT TUE JUL 12 2016


...................................

...THE PADUCAH KY CLIMATE SUMMARY FOR JULY 11 2016...

CLIMATE NORMAL PERIOD 1981 TO 2010
CLIMATE RECORD PERIOD 1937 TO 2016


WEATHER ITEM   OBSERVED TIME   RECORD YEAR NORMAL DEPARTURE LAST
                VALUE   (LST)  VALUE       VALUE  FROM      YEAR
                                                  NORMAL
..................................................................
TEMPERATURE (F)
 YESTERDAY
  MAXIMUM         89    129 PM 102    1980  89      0       91
  MINIMUM         69    512 AM  50    1963  69      0       72
  AVERAGE         79                        79      0       82

PRECIPITATION (IN)
  YESTERDAY        T             2.30 1967   0.15  -0.15     0.00
  MONTH TO DATE    6.40                      1.63   4.77     8.38
  SINCE JUN 1      8.12                      5.69   2.43    10.82
  SINCE JAN 1     31.32                     26.91   4.41    36.44

SNOWFALL (IN)
  YESTERDAY        0.0           0.0  2002   0.0    0.0      0.0
                                      2001
  MONTH TO DATE    0.0                       0.0    0.0      0.0
  SINCE JUN 1      0.0                       0.0    0.0      0.0
  SINCE JUL 1      0.0                       0.0    0.0      0.0
  SNOW DEPTH       0

DEGREE DAYS
 HEATING
  YESTERDAY        0                         0      0        0
  MONTH TO DATE    0                         0      0        0
  SINCE JUN 1      0                         4     -4        2
  SINCE JUL 1      0                         0      0        0

 COOLING
  YESTERDAY       14                        14      0       17
  MONTH TO DATE  153                       154     -1      144
  SINCE JUN 1    569                       474     95      545
  SINCE JAN 1    719                       646     73      756
..................................................................


WIND (MPH)
  HIGHEST WIND SPEED    15   HIGHEST WIND DIRECTION    NE (50)
  HIGHEST GUST SPEED    20   HIGHEST GUST DIRECTION    NE (60)
  AVERAGE WIND SPEED     4.8


SKY COVER
  POSSIBLE SUNSHINE  MM
  AVERAGE SKY COVER 0.2


WEATHER CONDITIONS
 THE FOLLOWING WEATHER WAS RECORDED YESTERDAY.
  LIGHT RAIN
  FOG


RELATIVE HUMIDITY (PERCENT)
 HIGHEST    97           500 AM
 LOWEST     61           100 PM
 AVERAGE    79

..........................................................


THE PADUCAH KY CLIMATE NORMALS FOR TODAY
                         NORMAL    RECORD    YEAR
 MAXIMUM TEMPERATURE (F)   89       103      1966
 MINIMUM TEMPERATURE (F)   69        56      1945


SUNRISE AND SUNSET
JULY 12 2016..........SUNRISE   545 AM CDT   SUNSET   816 PM CDT
JULY 13 2016..........SUNRISE   546 AM CDT   SUNSET   815 PM CDT


-  INDICATES NEGATIVE NUMBERS.
R  INDICATES RECORD WAS SET OR TIED.
MM INDICATES DATA IS MISSING.
T  INDICATES TRACE AMOUNT.

&&
.........................................................
***** AGRICULTURAL DATA *****

SOIL TEMPERATURES AT A DEPTH OF FOUR INCHES

UNDER GRASS...  MAX: 80  MIN: 78


$$
