000
CDUS43 KPAH 122145
CLIPAH


CLIMATE REPORT
NATIONAL WEATHER SERVICE PADUCAH KY
345 PM CST SAT NOV 12 2016


...................................

...THE PADUCAH KY CLIMATE SUMMARY FOR NOVEMBER 12 2016...
VALID TODAY AS OF 0300 PM LOCAL TIME.

CLIMATE NORMAL PERIOD 1981 TO 2010
CLIMATE RECORD PERIOD 1937 TO 2016


WEATHER ITEM   OBSERVED TIME   RECORD YEAR NORMAL DEPARTURE LAST
                VALUE   (LST)  VALUE       VALUE  FROM      YEAR
                                                  NORMAL
..................................................................
TEMPERATURE (F)
 TODAY
  MAXIMUM         58    231 PM  78    2010  60     -2       66
                                      1989
                                      1985
  MINIMUM         36    622 AM  21    1995  39     -3       46
                                      1986
                                      1976
  AVERAGE         47                        50     -3       56

PRECIPITATION (IN)
  TODAY            0.00          1.00 2008   0.13  -0.13     0.00
  MONTH TO DATE    0.05                      1.53  -1.48     0.98
  SINCE SEP 1      1.22                      9.24  -8.02     4.47
  SINCE JAN 1     43.89                     41.72   2.17    44.90

SNOWFALL (IN)
  TODAY            0.0                                       0.0
  MONTH TO DATE    0.0                                       0.0
  SINCE JUL 1      0.0                                       0.0
  SNOW DEPTH       0

..................................................................


WIND (MPH)
  HIGHEST WIND SPEED    15   HIGHEST WIND DIRECTION    NE (40)
  HIGHEST GUST SPEED    20   HIGHEST GUST DIRECTION    NE (30)




RELATIVE HUMIDITY (PERCENT)
 HIGHEST    82
 LOWEST     30

..........................................................


THE PADUCAH KY CLIMATE NORMALS FOR TOMORROW
                         NORMAL    RECORD    YEAR
 MAXIMUM TEMPERATURE (F)   60        82      1955
 MINIMUM TEMPERATURE (F)   39        10      1986


SUNRISE AND SUNSET
NOVEMBER 12 2016......SUNRISE   631 AM CST   SUNSET   447 PM CST
NOVEMBER 13 2016......SUNRISE   632 AM CST   SUNSET   446 PM CST


-  INDICATES NEGATIVE NUMBERS.
R  INDICATES RECORD WAS SET OR TIED.
MM INDICATES DATA IS MISSING.
T  INDICATES TRACE AMOUNT.




$$
