000
CDUS43 KPAH 210629
CLIPAH


CLIMATE REPORT
NATIONAL WEATHER SERVICE PADUCAH KY
127 AM CDT SUN JUN 21 2015


...................................

...THE PADUCAH KY CLIMATE SUMMARY FOR JUNE 20 2015...

CLIMATE NORMAL PERIOD 1981 TO 2010
CLIMATE RECORD PERIOD 1937 TO 2015


WEATHER ITEM   OBSERVED TIME   RECORD YEAR NORMAL DEPARTURE LAST
                VALUE   (LST)  VALUE       VALUE  FROM      YEAR
                                                  NORMAL
..................................................................
TEMPERATURE (F)
 YESTERDAY
  MAXIMUM         87    516 PM  99    1953  88     -1       94
  MINIMUM         73    705 AM  52    1980  66      7       72
  AVERAGE         80                        77      3       83

PRECIPITATION (IN)
  YESTERDAY        0.05          3.00 1979   0.14  -0.09     0.26
  MONTH TO DATE    2.01                      2.68  -0.67     4.68
  SINCE JUN 1      2.01                      2.68  -0.67     4.68
  SINCE JAN 1     27.63                     23.90   3.73    24.87

SNOWFALL (IN)
  YESTERDAY        0.0           0.0  2002   0.0    0.0      0.0
                                      2001
  MONTH TO DATE    0.0                       0.0    0.0      0.0
  SINCE JUN 1      0.0                       0.0    0.0      0.0
  SINCE JUL 1     28.6                       9.1   19.5     18.5
  SNOW DEPTH       0

DEGREE DAYS
 HEATING
  YESTERDAY        0                         0      0        0
  MONTH TO DATE    2                         0      2        0
  SINCE JUN 1      2                         0      2        0
  SINCE JUL 1   4478                      4128    350     4541

 COOLING
  YESTERDAY       15                        12      3       18
  MONTH TO DATE  258                       190     68      253
  SINCE JUN 1    258                       190     68      253
  SINCE JAN 1    469                       362    107      531
..................................................................


WIND (MPH)
  HIGHEST WIND SPEED    15   HIGHEST WIND DIRECTION    SW (240)
  HIGHEST GUST SPEED    20   HIGHEST GUST DIRECTION     W (280)
  AVERAGE WIND SPEED     9.0


SKY COVER
  POSSIBLE SUNSHINE  MM
  AVERAGE SKY COVER 0.7


WEATHER CONDITIONS
 THE FOLLOWING WEATHER WAS RECORDED YESTERDAY.
  RAIN
  LIGHT RAIN
  FOG


RELATIVE HUMIDITY (PERCENT)
 HIGHEST    93          1200 AM
 LOWEST     59           400 PM
 AVERAGE    76

..........................................................


THE PADUCAH KY CLIMATE NORMALS FOR TODAY
                         NORMAL    RECORD    YEAR
 MAXIMUM TEMPERATURE (F)   88        99      1988
 MINIMUM TEMPERATURE (F)   67        50      1992


SUNRISE AND SUNSET
JUNE 21 2015..........SUNRISE   535 AM CDT   SUNSET   818 PM CDT
JUNE 22 2015..........SUNRISE   536 AM CDT   SUNSET   818 PM CDT


-  INDICATES NEGATIVE NUMBERS.
R  INDICATES RECORD WAS SET OR TIED.
MM INDICATES DATA IS MISSING.
T  INDICATES TRACE AMOUNT.




$$
