608
CDUS43 KPAH 170632
CLIPAH


CLIMATE REPORT
NATIONAL WEATHER SERVICE PADUCAH KY
130 AM CDT FRI MAR 17 2017


...................................

...THE PADUCAH KY CLIMATE SUMMARY FOR MARCH 16 2017...

CLIMATE NORMAL PERIOD 1981 TO 2010
CLIMATE RECORD PERIOD 1937 TO 2017


WEATHER ITEM   OBSERVED TIME   RECORD YEAR NORMAL DEPARTURE LAST
                VALUE   (LST)  VALUE       VALUE  FROM      YEAR
                                                  NORMAL
..................................................................
TEMPERATURE (F)
 YESTERDAY
  MAXIMUM         49    526 PM  82    1995  59    -10       66
  MINIMUM         19R   327 AM  19    1988  38    -19       47
  AVERAGE         34                        48    -14       57

PRECIPITATION (IN)
  YESTERDAY        0.00          1.56 2000   0.12  -0.12     0.00
  MONTH TO DATE    2.69                      1.92   0.77     5.35
  SINCE MAR 1      2.69                      1.92   0.77     5.35
  SINCE JAN 1      7.52                      9.51  -1.99    10.81

SNOWFALL (IN)
  YESTERDAY        0.0           2.0  1970   0.0    0.0      0.0
  MONTH TO DATE    1.0                       0.5    0.5      0.0
  SINCE MAR 1      1.0                       0.5    0.5      0.0
  SINCE JUL 1      1.2                       9.0   -7.8     12.1
  SNOW DEPTH       0

DEGREE DAYS
 HEATING
  YESTERDAY       31                        17     14        8
  MONTH TO DATE  316                       306     10      177
  SINCE MAR 1    316                       306     10      177
  SINCE JUL 1   2795                      3602   -807     2839

 COOLING
  YESTERDAY        0                         0      0        0
  MONTH TO DATE    0                         0      0        1
  SINCE MAR 1      0                         0      0        1
  SINCE JAN 1      0                         0      0        1
..................................................................


WIND (MPH)
  HIGHEST WIND SPEED    12   HIGHEST WIND DIRECTION    SW (240)
  HIGHEST GUST SPEED    15   HIGHEST GUST DIRECTION     W (250)
  AVERAGE WIND SPEED     4.9


SKY COVER
  POSSIBLE SUNSHINE  MM
  AVERAGE SKY COVER 0.6


WEATHER CONDITIONS
 THE FOLLOWING WEATHER WAS RECORDED YESTERDAY.
  NO SIGNIFICANT WEATHER WAS OBSERVED.


RELATIVE HUMIDITY (PERCENT)
 HIGHEST    84           200 AM
 LOWEST     28           100 PM
 AVERAGE    56

..........................................................


THE PADUCAH KY CLIMATE NORMALS FOR TODAY
                         NORMAL    RECORD    YEAR
 MAXIMUM TEMPERATURE (F)   59        83      1945
 MINIMUM TEMPERATURE (F)   38        19      1941


SUNRISE AND SUNSET
MARCH 17 2017.........SUNRISE   703 AM CDT   SUNSET   704 PM CDT
MARCH 18 2017.........SUNRISE   701 AM CDT   SUNSET   705 PM CDT


-  INDICATES NEGATIVE NUMBERS.
R  INDICATES RECORD WAS SET OR TIED.
MM INDICATES DATA IS MISSING.
T  INDICATES TRACE AMOUNT.




$$
