065
CDUS43 KPAH 122129
CLIPAH


CLIMATE REPORT
NATIONAL WEATHER SERVICE PADUCAH KY
425 PM CDT MON JUN 12 2017

...................................

...THE PADUCAH KY CLIMATE SUMMARY FOR JUNE 12 2017...
VALID TODAY AS OF 0400 PM LOCAL TIME.

CLIMATE NORMAL PERIOD 1981 TO 2010
CLIMATE RECORD PERIOD 1937 TO 2017

WEATHER ITEM   OBSERVED TIME   RECORD YEAR NORMAL DEPARTURE LAST
                VALUE   (LST)  VALUE       VALUE  FROM      YEAR
                                                  NORMAL
..................................................................
TEMPERATURE (F)
 TODAY
  MAXIMUM         92    259 PM  98    1953  86      6       95
  MINIMUM         76    525 AM  50    1988  64     12       69
                                      1980
  AVERAGE         84                        75      9       82

PRECIPITATION (IN)
  TODAY            0.00          2.75 1958   0.13  -0.13     0.00
  MONTH TO DATE    1.24                      1.62  -0.38     1.31
  SINCE JUN 1      1.24                      1.62  -0.38     1.31
  SINCE JAN 1     23.59                     22.84   0.75    24.51

SNOWFALL (IN)
  TODAY            0.0                                       0.0
  MONTH TO DATE    0.0                                       0.0
  SINCE JUL 1      1.2                                      12.1
  SNOW DEPTH       0
..................................................................

WIND (MPH)
  HIGHEST WIND SPEED    15   HIGHEST WIND DIRECTION    SW (240)
  HIGHEST GUST SPEED    21   HIGHEST GUST DIRECTION    SW (230)

RELATIVE HUMIDITY (PERCENT)
 HIGHEST    74
 LOWEST     52
..........................................................

THE PADUCAH KY CLIMATE NORMALS FOR TOMORROW
                         NORMAL    RECORD    YEAR
 MAXIMUM TEMPERATURE (F)   86        96      1953
                                             1952
 MINIMUM TEMPERATURE (F)   64        49      1985

SUNRISE AND SUNSET
JUNE 12 2017..........SUNRISE   535 AM CDT   SUNSET   815 PM CDT
JUNE 13 2017..........SUNRISE   535 AM CDT   SUNSET   816 PM CDT

-  INDICATES NEGATIVE NUMBERS.
R  INDICATES RECORD WAS SET OR TIED.
MM INDICATES DATA IS MISSING.
T  INDICATES TRACE AMOUNT.

$$
