000
CDUS43 KPAH 060648
CLIPAH

CLIMATE REPORT
NATIONAL WEATHER SERVICE PADUCAH KY
145 AM CDT SAT MAY 6 2017


...................................

...THE PADUCAH KY CLIMATE SUMMARY FOR MAY 5 2017...

CLIMATE NORMAL PERIOD 1981 TO 2010
CLIMATE RECORD PERIOD 1937 TO 2017


WEATHER ITEM   OBSERVED TIME   RECORD YEAR NORMAL DEPARTURE LAST
                VALUE   (LST)  VALUE       VALUE  FROM      YEAR
                                                  NORMAL
..................................................................
TEMPERATURE (F)
 YESTERDAY
  MAXIMUM         66    221 PM  92    1959  75     -9       65
  MINIMUM         46    657 AM  39    2011  53     -7       43
  AVERAGE         56                        64     -8       54

PRECIPITATION (IN)
  YESTERDAY        0.62          1.63 1999   0.18   0.44     0.00
  MONTH TO DATE    2.44                      0.88   1.56     0.01
  SINCE MAR 1     15.01                      9.57   5.44    12.48
  SINCE JAN 1     19.84                     17.16   2.68    17.94

SNOWFALL (IN)
  YESTERDAY       MM             0.0  2002   0.0   MM        0.0
                                      2001
  MONTH TO DATE    0.0                       0.0    0.0      0.0
  SINCE MAR 1      1.0                       0.6    0.4       T
  SINCE JUL 1      1.2                       9.1   -7.9     12.1
  SNOW DEPTH       0

DEGREE DAYS
 HEATING
  YESTERDAY        9                         3      6       11
  MONTH TO DATE   41                        18     23       27
  SINCE MAR 1    581                       786   -205      566
  SINCE JUL 1   3060                      4082  -1022     3228

 COOLING
  YESTERDAY        0                         2     -2        0
  MONTH TO DATE    0                        10    -10        6
  SINCE MAR 1     76                        52     24       42
  SINCE JAN 1     76                        52     24       42
..................................................................


WIND (MPH)
  HIGHEST WIND SPEED    30   HIGHEST WIND DIRECTION     N (360)
  HIGHEST GUST SPEED    40   HIGHEST GUST DIRECTION     N (360)
  AVERAGE WIND SPEED    14.4


SKY COVER
  POSSIBLE SUNSHINE  MM
  AVERAGE SKY COVER 0.5


WEATHER CONDITIONS
 THE FOLLOWING WEATHER WAS RECORDED YESTERDAY.
  RAIN
  LIGHT RAIN
  FOG


RELATIVE HUMIDITY (PERCENT)
 HIGHEST    93           200 AM
 LOWEST     39           600 PM
 AVERAGE    66

..........................................................


THE PADUCAH KY CLIMATE NORMALS FOR TODAY
                         NORMAL    RECORD    YEAR
 MAXIMUM TEMPERATURE (F)   75        91      2012
 MINIMUM TEMPERATURE (F)   53        35      1968


SUNRISE AND SUNSET
MAY  6 2017...........SUNRISE   555 AM CDT   SUNSET   749 PM CDT
MAY  7 2017...........SUNRISE   554 AM CDT   SUNSET   750 PM CDT


-  INDICATES NEGATIVE NUMBERS.
R  INDICATES RECORD WAS SET OR TIED.
MM INDICATES DATA IS MISSING.
T  INDICATES TRACE AMOUNT.

&&

***** AGRICULTURAL DATA *****

SOIL TEMPERATURES AT A DEPTH OF FOUR INCHES

UNDER GRASS...  MAX: 62    MIN: 60

$$
