000
CDUS43 KPAH 092233
CLIPAH


CLIMATE REPORT
NATIONAL WEATHER SERVICE PADUCAH KY
430 PM CST SUN NOV 9 2014

...................................

...THE PADUCAH KY CLIMATE SUMMARY FOR NOVEMBER 9 2014...
VALID TODAY AS OF 0400 PM LOCAL TIME.

CLIMATE NORMAL PERIOD 1981 TO 2010
CLIMATE RECORD PERIOD 1937 TO 2014

WEATHER ITEM   OBSERVED TIME   RECORD YEAR NORMAL DEPARTURE LAST
                VALUE   (LST)  VALUE       VALUE  FROM      YEAR
                                                  NORMAL
..................................................................
TEMPERATURE (F)
 TODAY
  MAXIMUM         58    213 PM  84    1946  62     -4       65
  MINIMUM         29    653 AM  14    1991  40    -11       40
  AVERAGE         44                        51     -7       53

PRECIPITATION (IN)
  TODAY            0.00          1.22 1979   0.13  -0.13     0.00
  MONTH TO DATE    0.76                      1.14  -0.38     0.34
  SINCE SEP 1      5.35                      8.85  -3.50     9.50
  SINCE JAN 1     42.12                     41.33   0.79    50.27

SNOWFALL (IN)
  TODAY            0.0                                       0.0
  MONTH TO DATE    0.0                                       0.0
  SINCE JUL 1      0.0                                       0.0
  SNOW DEPTH       0
..................................................................

WIND (MPH)
  HIGHEST WIND SPEED    14   HIGHEST WIND DIRECTION    SW (230)
  HIGHEST GUST SPEED    20   HIGHEST GUST DIRECTION    SW (210)

RELATIVE HUMIDITY (PERCENT)
 HIGHEST   100
 LOWEST     40
..........................................................

THE PADUCAH KY CLIMATE NORMALS FOR TOMORROW
                         NORMAL    RECORD    YEAR
 MAXIMUM TEMPERATURE (F)   61        80      1942
 MINIMUM TEMPERATURE (F)   40        19      1991

SUNRISE AND SUNSET
NOVEMBER  9 2014......SUNRISE   627 AM CST   SUNSET   450 PM CST
NOVEMBER 10 2014......SUNRISE   629 AM CST   SUNSET   449 PM CST

-  INDICATES NEGATIVE NUMBERS.
R  INDICATES RECORD WAS SET OR TIED.
MM INDICATES DATA IS MISSING.
T  INDICATES TRACE AMOUNT.

$$
