000
CDUS43 KPAH 090644 CCA
CLIPAH

CLIMATE REPORT...ADDED SOIL TEMPERATURES
NATIONAL WEATHER SERVICE PADUCAH KY
136 AM CDT SAT AUG 9 2014


...................................

...THE PADUCAH KY CLIMATE SUMMARY FOR AUGUST 8 2014...

CLIMATE NORMAL PERIOD 1981 TO 2010
CLIMATE RECORD PERIOD 1937 TO 2014


WEATHER ITEM   OBSERVED TIME   RECORD YEAR NORMAL DEPARTURE LAST
                VALUE   (LST)  VALUE       VALUE  FROM      YEAR
                                                  NORMAL
..................................................................
TEMPERATURE (F)
 YESTERDAY
  MAXIMUM         87    505 PM 100    2012  90     -3       84
                                      2007
  MINIMUM         71    506 AM  52    1989  67      4       68
  AVERAGE         79                        78      1       76

PRECIPITATION (IN)
  YESTERDAY        1.02          1.80 1977   0.09   0.93     0.08
  MONTH TO DATE    1.32                      0.80   0.52     1.35
  SINCE JUN 1     10.05                      9.30   0.75    12.94
  SINCE JAN 1     30.24                     30.52  -0.28    38.41

SNOWFALL (IN)
  YESTERDAY        0.0           0.0  2002   0.0    0.0      0.0
                                      2001
  MONTH TO DATE    0.0                       0.0    0.0      0.0
  SINCE JUN 1      0.0                       0.0    0.0      0.0
  SINCE JUL 1      0.0                       0.0    0.0      0.0
  SNOW DEPTH       0

DEGREE DAYS
 HEATING
  YESTERDAY        0                         0      0        0
  MONTH TO DATE    0                         0      0        0
  SINCE JUN 1      0                         4     -4        0
  SINCE JUL 1      0                         0      0        0

 COOLING
  YESTERDAY       14                        13      1       11
  MONTH TO DATE  105                       105      0       77
  SINCE JUN 1    826                       856    -30      717
  SINCE JAN 1   1104                      1028     76      895
..................................................................


WIND (MPH)
  HIGHEST WIND SPEED    21   HIGHEST WIND DIRECTION     W (260)
  HIGHEST GUST SPEED    30   HIGHEST GUST DIRECTION    SW (230)
  AVERAGE WIND SPEED     4.6


SKY COVER
  POSSIBLE SUNSHINE  MM
  AVERAGE SKY COVER 0.7


WEATHER CONDITIONS
 THE FOLLOWING WEATHER WAS RECORDED YESTERDAY.
  THUNDERSTORM
  HEAVY RAIN
  RAIN
  LIGHT RAIN
  FOG
  HAZE


RELATIVE HUMIDITY (PERCENT)
 HIGHEST    93          1200 AM
 LOWEST     65           400 PM
 AVERAGE    79

..........................................................


THE PADUCAH KY CLIMATE NORMALS FOR TODAY
                         NORMAL    RECORD    YEAR
 MAXIMUM TEMPERATURE (F)   90        99      2007
                                             1988
                                             1980
 MINIMUM TEMPERATURE (F)   67        54      1976


SUNRISE AND SUNSET
AUGUST  9 2014........SUNRISE   607 AM CDT   SUNSET   754 PM CDT
AUGUST 10 2014........SUNRISE   608 AM CDT   SUNSET   753 PM CDT


-  INDICATES NEGATIVE NUMBERS.
R  INDICATES RECORD WAS SET OR TIED.
MM INDICATES DATA IS MISSING.
T  INDICATES TRACE AMOUNT.

&&

...................................
*****AGRICULTURAL DATA *****

SOIL TEMPERATURES AT A DEPTH OF FOUR INCHES

UNDER GRASS.........  MAX: 77  MIN: 74


$$
