000
CDUS43 KPAH 170636
CLIPAH


CLIMATE REPORT
NATIONAL WEATHER SERVICE PADUCAH KY
134 AM CDT SUN MAY 17 2015


...................................

...THE PADUCAH KY CLIMATE SUMMARY FOR MAY 16 2015...

CLIMATE NORMAL PERIOD 1981 TO 2010
CLIMATE RECORD PERIOD 1937 TO 2015


WEATHER ITEM   OBSERVED TIME   RECORD YEAR NORMAL DEPARTURE LAST
                VALUE   (LST)  VALUE       VALUE  FROM      YEAR
                                                  NORMAL
..................................................................
TEMPERATURE (F)
 YESTERDAY
  MAXIMUM         76    428 PM  91    2001  78     -2       65
  MINIMUM         68    203 PM  36    1997  56     12       46
  AVERAGE         72                        67      5       56

PRECIPITATION (IN)
  YESTERDAY        0.57          3.50 1948   0.16   0.41     0.00
  MONTH TO DATE    1.64                      2.77  -1.13     2.05
  SINCE MAR 1     16.26                     11.46   4.80    14.17
  SINCE JAN 1     23.55                     19.05   4.50    19.35

SNOWFALL (IN)
  YESTERDAY        0.0           0.0  2002   0.0    0.0      0.0
                                      2001
  MONTH TO DATE    0.0                       0.0    0.0      0.0
  SINCE MAR 1     12.1                       0.6   11.5      5.6
  SINCE JUL 1     28.6                       9.1   19.5     18.5
  SNOW DEPTH       0

DEGREE DAYS
 HEATING
  YESTERDAY        0                         2     -2        9
  MONTH TO DATE   23                        46    -23       45
  SINCE MAR 1    779                       814    -35      874
  SINCE JUL 1   4448                      4110    338     4529

 COOLING
  YESTERDAY        7                         4      3        0
  MONTH TO DATE   88                        46     42      102
  SINCE MAR 1    130                        88     42      132
  SINCE JAN 1    130                        88     42      132
..................................................................


WIND (MPH)
  HIGHEST WIND SPEED    14   HIGHEST WIND DIRECTION    SE (150)
  HIGHEST GUST SPEED    18   HIGHEST GUST DIRECTION     S (160)
  AVERAGE WIND SPEED     6.9


SKY COVER
  POSSIBLE SUNSHINE  MM
  AVERAGE SKY COVER 0.6


WEATHER CONDITIONS
 THE FOLLOWING WEATHER WAS RECORDED YESTERDAY.
  RAIN
  LIGHT RAIN
  FOG


RELATIVE HUMIDITY (PERCENT)
 HIGHEST    93           300 AM
 LOWEST     74           400 PM
 AVERAGE    84

..........................................................


THE PADUCAH KY CLIMATE NORMALS FOR TODAY
                         NORMAL    RECORD    YEAR
 MAXIMUM TEMPERATURE (F)   78        93      1962
                                             1944
 MINIMUM TEMPERATURE (F)   57        41      1942


SUNRISE AND SUNSET
MAY 17 2015...........SUNRISE   545 AM CDT   SUNSET   758 PM CDT
MAY 18 2015...........SUNRISE   545 AM CDT   SUNSET   759 PM CDT


-  INDICATES NEGATIVE NUMBERS.
R  INDICATES RECORD WAS SET OR TIED.
MM INDICATES DATA IS MISSING.
T  INDICATES TRACE AMOUNT.

&&
..........................................................
***** AGRICULTURAL DATA *****

SOIL TEMPERATURES AT A DEPTH OF FOUR INCHES

UNDER GRASS...  MAX: 67  MIN: 66


$$
