000
CDUS43 KPAH 140628
CLIPAH


CLIMATE REPORT
NATIONAL WEATHER SERVICE PADUCAH KY
1226 AM CST MON NOV 14 2016


...................................

...THE PADUCAH KY CLIMATE SUMMARY FOR NOVEMBER 13 2016...

CLIMATE NORMAL PERIOD 1981 TO 2010
CLIMATE RECORD PERIOD 1937 TO 2016


WEATHER ITEM   OBSERVED TIME   RECORD YEAR NORMAL DEPARTURE LAST
                VALUE   (LST)  VALUE       VALUE  FROM      YEAR
                                                  NORMAL
..................................................................
TEMPERATURE (F)
 YESTERDAY
  MAXIMUM         63    308 PM  82    1955  60      3       62
  MINIMUM         23    639 AM  10    1986  39    -16       33
  AVERAGE         43                        49     -6       48

PRECIPITATION (IN)
  YESTERDAY        0.00          4.67 1957   0.15  -0.15     0.00
  MONTH TO DATE    0.05                      1.68  -1.63     0.98
  SINCE SEP 1      1.22                      9.39  -8.17     4.47
  SINCE JAN 1     43.89                     41.87   2.02    44.90

SNOWFALL (IN)
  YESTERDAY        0.0           T    1986   0.0    0.0      0.0
  MONTH TO DATE    0.0                       0.0    0.0      0.0
  SINCE SEP 1      0.0                       0.1   -0.1      0.0
  SINCE JUL 1      0.0                       0.1   -0.1      0.0
  SNOW DEPTH       0

DEGREE DAYS
 HEATING
  YESTERDAY       22                        16      6       17
  MONTH TO DATE  125                       177    -52      111
  SINCE SEP 1    229                       443   -214      290
  SINCE JUL 1    229                       444   -215      290

 COOLING
  YESTERDAY        0                         0      0        0
  MONTH TO DATE   14                         0     14        6
  SINCE SEP 1    418                       225    193      266
  SINCE JAN 1   1948                      1538    410     1690
..................................................................


WIND (MPH)
  HIGHEST WIND SPEED     9   HIGHEST WIND DIRECTION     W (260)
  HIGHEST GUST SPEED    13   HIGHEST GUST DIRECTION    SW (240)
  AVERAGE WIND SPEED     1.7


SKY COVER
  POSSIBLE SUNSHINE  MM
  AVERAGE SKY COVER 0.0


WEATHER CONDITIONS
 THE FOLLOWING WEATHER WAS RECORDED YESTERDAY.
  FOG
  FOG W/VISIBILITY <= 1/4 MILE


RELATIVE HUMIDITY (PERCENT)
 HIGHEST    92           300 AM
 LOWEST     23           200 PM
 AVERAGE    58

..........................................................


THE PADUCAH KY CLIMATE NORMALS FOR TODAY
                         NORMAL    RECORD    YEAR
 MAXIMUM TEMPERATURE (F)   59        77      1964
 MINIMUM TEMPERATURE (F)   39        12      1986


SUNRISE AND SUNSET
NOVEMBER 14 2016......SUNRISE   633 AM CST   SUNSET   446 PM CST
NOVEMBER 15 2016......SUNRISE   634 AM CST   SUNSET   445 PM CST


-  INDICATES NEGATIVE NUMBERS.
R  INDICATES RECORD WAS SET OR TIED.
MM INDICATES DATA IS MISSING.
T  INDICATES TRACE AMOUNT.

&&
.........................................................

***** AGRICULTURAL DATA *****

SOIL TEMPERATURES AT A DEPTH OF FOUR INCHES

UNDER GRASS...  MAX: 59  MIN: 57


$$
