000
CDUS43 KPAH 210633
CLIPAH


CLIMATE REPORT
NATIONAL WEATHER SERVICE PADUCAH KY
130 AM CDT TUE OCT 21 2014


...................................

...THE PADUCAH KY CLIMATE SUMMARY FOR OCTOBER 20 2014...

CLIMATE NORMAL PERIOD 1981 TO 2010
CLIMATE RECORD PERIOD 1937 TO 2014


WEATHER ITEM   OBSERVED TIME   RECORD YEAR NORMAL DEPARTURE LAST
                VALUE   (LST)  VALUE       VALUE  FROM      YEAR
                                                  NORMAL
..................................................................
TEMPERATURE (F)
 YESTERDAY
  MAXIMUM         73    314 PM  87    1953  70      3       67
  MINIMUM         46   1241 AM  29    1972  46      0       41
  AVERAGE         60                        58      2       54

PRECIPITATION (IN)
  YESTERDAY        0.00          2.41 1985   0.13  -0.13     0.00
  MONTH TO DATE    3.14                      2.61   0.53     4.91
  SINCE SEP 1      4.11                      6.36  -2.25     8.01
  SINCE JAN 1     40.88                     38.84   2.04    48.78

SNOWFALL (IN)
  YESTERDAY        0.0                       0.0    0.0      0.0
  MONTH TO DATE    0.0                       0.0    0.0      0.0
  SINCE SEP 1      0.0                       0.0    0.0      0.0
  SINCE JUL 1      0.0                       0.0    0.0      0.0
  SNOW DEPTH       0

DEGREE DAYS
 HEATING
  YESTERDAY        5                         8     -3       11
  MONTH TO DATE  105                       121    -16       72
  SINCE SEP 1    126                       159    -33       77
  SINCE JUL 1    126                       160    -34       77

 COOLING
  YESTERDAY        0                         1     -1        0
  MONTH TO DATE   37                        31      6       63
  SINCE SEP 1    239                       218     21      297
  SINCE JAN 1   1710                      1531    179     1471
..................................................................


WIND (MPH)
  HIGHEST WIND SPEED    16   HIGHEST WIND DIRECTION    SW (240)
  HIGHEST GUST SPEED    21   HIGHEST GUST DIRECTION     W (250)
  AVERAGE WIND SPEED     6.6


SKY COVER
  POSSIBLE SUNSHINE  MM
  AVERAGE SKY COVER 0.2


WEATHER CONDITIONS
 THE FOLLOWING WEATHER WAS RECORDED YESTERDAY.
  HAZE


RELATIVE HUMIDITY (PERCENT)
 HIGHEST   100          1100 PM
 LOWEST     49           100 PM
 AVERAGE    75

..........................................................


THE PADUCAH KY CLIMATE NORMALS FOR TODAY
                         NORMAL    RECORD    YEAR
 MAXIMUM TEMPERATURE (F)   69        88      1953
 MINIMUM TEMPERATURE (F)   45        26      1952


SUNRISE AND SUNSET
OCTOBER 21 2014.......SUNRISE   708 AM CDT   SUNSET   610 PM CDT
OCTOBER 22 2014.......SUNRISE   709 AM CDT   SUNSET   609 PM CDT


-  INDICATES NEGATIVE NUMBERS.
R  INDICATES RECORD WAS SET OR TIED.
MM INDICATES DATA IS MISSING.
T  INDICATES TRACE AMOUNT.

&&
..........................................................
***** AGRICULTURAL DATA *****

SOIL TEMPERATURES AT A DEPTH OF FOUR INCHES

UNDER BARE GROUND...  MAX: MM  MIN: MM
UNDER GRASS.........  MAX: 62  MIN: 61

$$
