000
CDUS43 KPAH 190641
CLIPAH


CLIMATE REPORT
NATIONAL WEATHER SERVICE PADUCAH KY
1226 AM CST FRI JAN 19 2018

...................................

...THE PADUCAH KY CLIMATE SUMMARY FOR JANUARY 18 2018...

CLIMATE NORMAL PERIOD 1981 TO 2010
CLIMATE RECORD PERIOD 1937 TO 2018

WEATHER ITEM   OBSERVED TIME   RECORD YEAR NORMAL DEPARTURE LAST
                VALUE   (LST)  VALUE       VALUE  FROM      YEAR
                                                  NORMAL
..................................................................
TEMPERATURE (F)
 YESTERDAY
  MAXIMUM         31    328 PM  69    1974  43    -12       46
  MINIMUM          7   1243 AM -14    1994  26    -19       42
  AVERAGE         19                        34    -15       44

PRECIPITATION (IN)
  YESTERDAY        0.00          1.38 1986   0.11  -0.11      T
  MONTH TO DATE    2.79                      2.12   0.67     1.96
  SINCE DEC 1      6.06                      6.71  -0.65     7.97
  SINCE JAN 1      2.79                      2.12   0.67     1.96

SNOWFALL (IN)
  YESTERDAY        0.0           4.0  1956   0.1   -0.1      0.0
  MONTH TO DATE   12.4                       1.6   10.8      0.2
  SINCE DEC 1     12.4                       3.8    8.6      0.2
  SINCE JUL 1     12.4                       3.9    8.5      0.2
  SNOW DEPTH       7

DEGREE DAYS
 HEATING
  YESTERDAY       46                        31     15       21
  MONTH TO DATE  738                       555    183      455
  SINCE DEC 1   1589                      1409    180     1281
  SINCE JUL 1   2272                      2186     86     1782

 COOLING
  YESTERDAY        0                         0      0        0
  MONTH TO DATE    0                         0      0        0
  SINCE DEC 1      0                         0      0        0
  SINCE JAN 1      0                         0      0        0
..................................................................

WIND (MPH)
  HIGHEST WIND SPEED    13   HIGHEST WIND DIRECTION    SW (210)
  HIGHEST GUST SPEED    22   HIGHEST GUST DIRECTION    SW (210)
  AVERAGE WIND SPEED     6.4

SKY COVER
  POSSIBLE SUNSHINE  MM
  AVERAGE SKY COVER 0.0

WEATHER CONDITIONS
 THE FOLLOWING WEATHER WAS RECORDED YESTERDAY.
  NO SIGNIFICANT WEATHER WAS OBSERVED.

RELATIVE HUMIDITY (PERCENT)
 HIGHEST    83           300 AM
 LOWEST     47           200 PM
 AVERAGE    65
..........................................................

THE PADUCAH KY CLIMATE NORMALS FOR TODAY
                         NORMAL    RECORD    YEAR
 MAXIMUM TEMPERATURE (F)   43        69      1952
 MINIMUM TEMPERATURE (F)   26       -13      1994

SUNRISE AND SUNSET
JANUARY 19 2018.......SUNRISE   706 AM CST   SUNSET   506 PM CST
JANUARY 20 2018.......SUNRISE   705 AM CST   SUNSET   507 PM CST

-  INDICATES NEGATIVE NUMBERS.
R  INDICATES RECORD WAS SET OR TIED.
MM INDICATES DATA IS MISSING.
T  INDICATES TRACE AMOUNT.

$$
