000
CDUS43 KPAH 250628
CLIPAH


CLIMATE REPORT
NATIONAL WEATHER SERVICE PADUCAH KY
127 AM CDT SAT MAR 25 2017

...................................

...THE PADUCAH KY CLIMATE SUMMARY FOR MARCH 24 2017...

CLIMATE NORMAL PERIOD 1981 TO 2010
CLIMATE RECORD PERIOD 1937 TO 2017

WEATHER ITEM   OBSERVED TIME   RECORD YEAR NORMAL DEPARTURE LAST
                VALUE   (LST)  VALUE       VALUE  FROM      YEAR
                                                  NORMAL
..................................................................
TEMPERATURE (F)
 YESTERDAY
  MAXIMUM         76    242 PM  84    1939  62     14       69
  MINIMUM         55   1203 AM  15    1974  40     15       44
  AVERAGE         66                        51     15       57

PRECIPITATION (IN)
  YESTERDAY        0.00          1.12 1978   0.13  -0.13     0.64
  MONTH TO DATE    3.15                      2.94   0.21     6.06
  SINCE MAR 1      3.15                      2.94   0.21     6.06
  SINCE JAN 1      7.98                     10.53  -2.55    11.52

SNOWFALL (IN)
  YESTERDAY        0.0           T    2013   0.0    0.0      0.0
                                      2008
                                      1990
  MONTH TO DATE    1.0                       0.6    0.4       T
  SINCE MAR 1      1.0                       0.6    0.4       T
  SINCE JUL 1      1.2                       9.1   -7.9     12.1
  SNOW DEPTH       0

DEGREE DAYS
 HEATING
  YESTERDAY        0                        14    -14        8
  MONTH TO DATE  400                       430    -30      286
  SINCE MAR 1    400                       430    -30      286
  SINCE JUL 1   2879                      3726   -847     2948

 COOLING
  YESTERDAY        1                         0      1        0
  MONTH TO DATE    1                         0      1        1
  SINCE MAR 1      1                         0      1        1
  SINCE JAN 1      1                         0      1        1
..................................................................

WIND (MPH)
  HIGHEST WIND SPEED    21   HIGHEST WIND DIRECTION     S (160)
  HIGHEST GUST SPEED    31   HIGHEST GUST DIRECTION     S (180)
  AVERAGE WIND SPEED    11.5

SKY COVER
  POSSIBLE SUNSHINE  MM
  AVERAGE SKY COVER 0.2

WEATHER CONDITIONS
 THE FOLLOWING WEATHER WAS RECORDED YESTERDAY.
  NO SIGNIFICANT WEATHER WAS OBSERVED.

RELATIVE HUMIDITY (PERCENT)
 HIGHEST    73           700 AM
 LOWEST     49           400 PM
 AVERAGE    61
..........................................................

THE PADUCAH KY CLIMATE NORMALS FOR TODAY
                         NORMAL    RECORD    YEAR
 MAXIMUM TEMPERATURE (F)   62        83      2007
 MINIMUM TEMPERATURE (F)   40        18      1955

SUNRISE AND SUNSET
MARCH 25 2017.........SUNRISE   651 AM CDT   SUNSET   712 PM CDT
MARCH 26 2017.........SUNRISE   649 AM CDT   SUNSET   713 PM CDT

-  INDICATES NEGATIVE NUMBERS.
R  INDICATES RECORD WAS SET OR TIED.
MM INDICATES DATA IS MISSING.
T  INDICATES TRACE AMOUNT.

$$
