000
CDUS43 KPAH 210639
CLIPAH


CLIMATE REPORT
NATIONAL WEATHER SERVICE PADUCAH KY
138 AM CDT MON JUL 21 2014


...................................

...THE PADUCAH KY CLIMATE SUMMARY FOR JULY 20 2014...

CLIMATE NORMAL PERIOD 1981 TO 2010
CLIMATE RECORD PERIOD 1937 TO 2014


WEATHER ITEM   OBSERVED TIME   RECORD YEAR NORMAL DEPARTURE LAST
                VALUE   (LST)  VALUE       VALUE  FROM      YEAR
                                                  NORMAL
..................................................................
TEMPERATURE (F)
 YESTERDAY
  MAXIMUM         86    450 PM  99    1983  89     -3       91
  MINIMUM         58    436 AM  56    1947  69    -11       71
  AVERAGE         72                        79     -7       81

PRECIPITATION (IN)
  YESTERDAY        0.00          1.89 1975   0.13  -0.13     0.12
  MONTH TO DATE    1.82                      2.95  -1.13     0.85
  SINCE JUN 1      8.51                      7.01   1.50     9.96
  SINCE JAN 1     28.70                     28.23   0.47    35.43

SNOWFALL (IN)
  YESTERDAY        0.0           0.0  2002   0.0    0.0      0.0
                                      2001
  MONTH TO DATE    0.0                       0.0    0.0      0.0
  SINCE JUN 1      0.0                       0.0    0.0      0.0
  SINCE JUL 1      0.0                       0.0    0.0      0.0
  SNOW DEPTH       0

DEGREE DAYS
 HEATING
  YESTERDAY        0                         0      0        0
  MONTH TO DATE    0                         0      0        0
  SINCE JUN 1      0                         4     -4        0
  SINCE JUL 1      0                         0      0        0

 COOLING
  YESTERDAY        7                        14     -7       16
  MONTH TO DATE  209                       280    -71      235
  SINCE JUN 1    614                       600     14      552
  SINCE JAN 1    892                       772    120      730
..................................................................


WIND (MPH)
  HIGHEST WIND SPEED     8   HIGHEST WIND DIRECTION    NE (40)
  HIGHEST GUST SPEED    12   HIGHEST GUST DIRECTION    NE (50)
  AVERAGE WIND SPEED     2.1


SKY COVER
  POSSIBLE SUNSHINE  MM
  AVERAGE SKY COVER 0.4


WEATHER CONDITIONS
 THE FOLLOWING WEATHER WAS RECORDED YESTERDAY.
  FOG
  FOG W/VISIBILITY <= 1/4 MILE
  HAZE


RELATIVE HUMIDITY (PERCENT)
 HIGHEST    93          1200 AM
 LOWEST     44           400 PM
 AVERAGE    69

..........................................................


THE PADUCAH KY CLIMATE NORMALS FOR TODAY
                         NORMAL    RECORD    YEAR
 MAXIMUM TEMPERATURE (F)   89        99      1983
 MINIMUM TEMPERATURE (F)   69        54      1971


SUNRISE AND SUNSET
JULY 21 2014..........SUNRISE   551 AM CDT   SUNSET   811 PM CDT
JULY 22 2014..........SUNRISE   552 AM CDT   SUNSET   810 PM CDT


-  INDICATES NEGATIVE NUMBERS.
R  INDICATES RECORD WAS SET OR TIED.
MM INDICATES DATA IS MISSING.
T  INDICATES TRACE AMOUNT.

&&
.........................................................

***** AGRICULTURAL DATA *****

SOIL TEMPERATURES AT A DEPTH OF FOUR INCHES

UNDER GRASS.........  MAX: 77  MIN: 76

$$
