000
CDUS43 KPAH 160629
CLIPAH


CLIMATE REPORT
NATIONAL WEATHER SERVICE PADUCAH KY
128 AM CDT MON OCT 16 2017


...................................

...THE PADUCAH KY CLIMATE SUMMARY FOR OCTOBER 15 2017...

CLIMATE NORMAL PERIOD 1981 TO 2010
CLIMATE RECORD PERIOD 1937 TO 2017


WEATHER ITEM   OBSERVED TIME   RECORD YEAR NORMAL DEPARTURE LAST
                VALUE   (LST)  VALUE       VALUE  FROM      YEAR
                                                  NORMAL
..................................................................
TEMPERATURE (F)
 YESTERDAY
  MAXIMUM         75   1210 AM  87    1950  71      4       84
                                      1938
  MINIMUM         48   1159 PM  32    1991  47      1       62
  AVERAGE         62                        59      3       73

PRECIPITATION (IN)
  YESTERDAY        0.14          2.41 1992   0.13   0.01     0.00
  MONTH TO DATE    2.38                      1.95   0.43     0.10
  SINCE SEP 1      4.93                      5.70  -0.77     0.93
  SINCE JAN 1     38.06                     38.18  -0.12    43.60

SNOWFALL (IN)
  YESTERDAY        0.0           0.0  2002   0.0    0.0      0.0
                                      2001
  MONTH TO DATE    0.0                       0.0    0.0      0.0
  SINCE SEP 1      0.0                       0.0    0.0      0.0
  SINCE JUL 1      0.0                       0.0    0.0      0.0
  SNOW DEPTH       0

DEGREE DAYS
 HEATING
  YESTERDAY        3                         7     -4        0
  MONTH TO DATE   14                        83    -69       34
  SINCE SEP 1     25                       121    -96       48
  SINCE JUL 1     25                       122    -97       48

 COOLING
  YESTERDAY        0                         1     -1        8
  MONTH TO DATE   90                        26     64       51
  SINCE SEP 1    306                       213     93      335
  SINCE JAN 1   1680                      1526    154     1865
..................................................................


WIND (MPH)
  HIGHEST WIND SPEED    20   HIGHEST WIND DIRECTION    NW (310)
  HIGHEST GUST SPEED    29   HIGHEST GUST DIRECTION     N (350)
  AVERAGE WIND SPEED     9.4


SKY COVER
  POSSIBLE SUNSHINE  MM
  AVERAGE SKY COVER 0.3


WEATHER CONDITIONS
 THE FOLLOWING WEATHER WAS RECORDED YESTERDAY.
  RAIN
  LIGHT RAIN
  FOG


RELATIVE HUMIDITY (PERCENT)
 HIGHEST    84           400 AM
 LOWEST     56           400 PM
 AVERAGE    70

..........................................................


THE PADUCAH KY CLIMATE NORMALS FOR TODAY
                         NORMAL    RECORD    YEAR
 MAXIMUM TEMPERATURE (F)   71        87      1950
                                             1938
 MINIMUM TEMPERATURE (F)   47        29      1991


SUNRISE AND SUNSET
OCTOBER 16 2017.......SUNRISE   704 AM CDT   SUNSET   617 PM CDT
OCTOBER 17 2017.......SUNRISE   705 AM CDT   SUNSET   615 PM CDT


-  INDICATES NEGATIVE NUMBERS.
R  INDICATES RECORD WAS SET OR TIED.
MM INDICATES DATA IS MISSING.
T  INDICATES TRACE AMOUNT.

&&
..............................................

     ***** AGRICULTURAL DATA *****

SOIL TEMPERATURES AT A DEPTH OF FOUR INCHES

UNDER GRASS... MAX: 70     MIN: 70


$$
