200
CDUS43 KPAH 090636
CLIPAH


CLIMATE REPORT
NATIONAL WEATHER SERVICE PADUCAH KY
1234 AM CST TUE FEB 9 2016


...................................

...THE PADUCAH KY CLIMATE SUMMARY FOR FEBRUARY 8 2016...

CLIMATE NORMAL PERIOD 1981 TO 2010
CLIMATE RECORD PERIOD 1937 TO 2016


WEATHER ITEM   OBSERVED TIME   RECORD YEAR NORMAL DEPARTURE LAST
                VALUE   (LST)  VALUE       VALUE  FROM      YEAR
                                                  NORMAL
..................................................................
TEMPERATURE (F)
 YESTERDAY
  MAXIMUM         46   1200 AM  70    2009  47     -1       60
                                      2001
  MINIMUM         27   1159 PM  -1    1985  28     -1       48
  AVERAGE         37                        37      0       54

PRECIPITATION (IN)
  YESTERDAY        T             1.00 1945   0.14  -0.14     0.00
  MONTH TO DATE    0.36                      1.13  -0.77     0.89
  SINCE DEC 1     10.33                      9.40   0.93     6.34
  SINCE JAN 1      2.91                      4.81  -1.90     3.45

SNOWFALL (IN)
  YESTERDAY        T             3.6  1980   0.1   -0.1      0.0
  MONTH TO DATE    T                         1.0   -1.0      0.1
  SINCE DEC 1      8.4                       6.2    2.2      0.8
  SINCE JUL 1      8.4                       6.3    2.1      3.6
  SNOW DEPTH       0

DEGREE DAYS
 HEATING
  YESTERDAY       28                        28      0       11
  MONTH TO DATE  173                       228    -55      218
  SINCE DEC 1   1602                      2024   -422     1914
  SINCE JUL 1   2146                      2801   -655     2851

 COOLING
  YESTERDAY        0                         0      0        0
  MONTH TO DATE    0                         0      0        0
  SINCE DEC 1      6                         0      6        0
  SINCE JAN 1      0                         0      0        0
..................................................................


WIND (MPH)
  HIGHEST WIND SPEED    23   HIGHEST WIND DIRECTION    NW (320)
  HIGHEST GUST SPEED    30   HIGHEST GUST DIRECTION    NW (300)
  AVERAGE WIND SPEED    10.6


SKY COVER
  POSSIBLE SUNSHINE  MM
  AVERAGE SKY COVER 0.9


WEATHER CONDITIONS
 THE FOLLOWING WEATHER WAS RECORDED YESTERDAY.
  LIGHT SNOW


RELATIVE HUMIDITY (PERCENT)
 HIGHEST    75          1000 PM
 LOWEST     48           100 PM
 AVERAGE    62

..........................................................


THE PADUCAH KY CLIMATE NORMALS FOR TODAY
                         NORMAL    RECORD    YEAR
 MAXIMUM TEMPERATURE (F)   47        72      2009
                                             1965
 MINIMUM TEMPERATURE (F)   28        -1      1979


SUNRISE AND SUNSET
FEBRUARY  9 2016......SUNRISE   651 AM CST   SUNSET   528 PM CST
FEBRUARY 10 2016......SUNRISE   650 AM CST   SUNSET   529 PM CST


-  INDICATES NEGATIVE NUMBERS.
R  INDICATES RECORD WAS SET OR TIED.
MM INDICATES DATA IS MISSING.
T  INDICATES TRACE AMOUNT.

&&
.........................................................

***** AGRICULTURAL DATA *****

SOIL TEMPERATURES AT A DEPTH OF FOUR INCHES

UNDER GRASS....  MAX: 42  MIN: 40

$$
