785
CDUS43 KPAH 160630
CLIPAH


CLIMATE REPORT
NATIONAL WEATHER SERVICE PADUCAH KY
1229 AM CST SAT DEC 16 2017


...................................

...THE PADUCAH KY CLIMATE SUMMARY FOR DECEMBER 15 2017...

CLIMATE NORMAL PERIOD 1981 TO 2010
CLIMATE RECORD PERIOD 1937 TO 2017


WEATHER ITEM   OBSERVED TIME   RECORD YEAR NORMAL DEPARTURE LAST
                VALUE   (LST)  VALUE       VALUE  FROM      YEAR
                                                  NORMAL
..................................................................
TEMPERATURE (F)
 YESTERDAY
  MAXIMUM         46    233 PM  71    1984  46      0       28
  MINIMUM         32    808 AM   2    1989  28      4       17
  AVERAGE         39                        37      2       23

PRECIPITATION (IN)
  YESTERDAY        0.00          2.05 2007   0.14  -0.14     0.00
  MONTH TO DATE    0.69                      2.32  -1.63     1.12
  SINCE DEC 1      0.69                      2.32  -1.63     1.12
  SINCE JAN 1     43.83                     46.81  -2.98    47.61

SNOWFALL (IN)
  YESTERDAY        0.0           1.0  1972   0.1   -0.1      0.0
  MONTH TO DATE    T                         0.9   -0.9      0.0
  SINCE DEC 1      T                         0.9   -0.9      0.0
  SINCE JUL 1      T                         1.0   -1.0      0.0
  SNOW DEPTH       0

DEGREE DAYS
 HEATING
  YESTERDAY       26                        28     -2       42
  MONTH TO DATE  367                       386    -19      433
  SINCE DEC 1    367                       386    -19      433
  SINCE JUL 1   1050                      1163   -113      934

 COOLING
  YESTERDAY        0                         0      0        0
  MONTH TO DATE    0                         0      0        0
  SINCE DEC 1      0                         0      0        0
  SINCE JAN 1   1692                      1542    150     1953
..................................................................


WIND (MPH)
  HIGHEST WIND SPEED    17   HIGHEST WIND DIRECTION     W (250)
  HIGHEST GUST SPEED    24   HIGHEST GUST DIRECTION    SW (230)
  AVERAGE WIND SPEED     7.0


SKY COVER
  POSSIBLE SUNSHINE  MM
  AVERAGE SKY COVER 0.5


WEATHER CONDITIONS
 THE FOLLOWING WEATHER WAS RECORDED YESTERDAY.
  NO SIGNIFICANT WEATHER WAS OBSERVED.


RELATIVE HUMIDITY (PERCENT)
 HIGHEST    64          1000 PM
 LOWEST     43          1200 PM
 AVERAGE    54

..........................................................


THE PADUCAH KY CLIMATE NORMALS FOR TODAY
                         NORMAL    RECORD    YEAR
 MAXIMUM TEMPERATURE (F)   46        70      1984
 MINIMUM TEMPERATURE (F)   28        -4      1989


SUNRISE AND SUNSET
DECEMBER 16 2017......SUNRISE   702 AM CST   SUNSET   440 PM CST
DECEMBER 17 2017......SUNRISE   703 AM CST   SUNSET   440 PM CST


-  INDICATES NEGATIVE NUMBERS.
R  INDICATES RECORD WAS SET OR TIED.
MM INDICATES DATA IS MISSING.
T  INDICATES TRACE AMOUNT.

.............................................

***** AGRICULTURAL DATA *****

SOIL TEMPERATURES AT A DEPTH OF FOUR INCHES

UNDER GRASS... MAX: 43    MIN: 42


$$
