000
CDUS43 KPAH 160652
CLIPAH


CLIMATE REPORT
NATIONAL WEATHER SERVICE PADUCAH KY
149 AM CDT SUN APR 16 2017


...................................

...THE PADUCAH KY CLIMATE SUMMARY FOR APRIL 15 2017...

CLIMATE NORMAL PERIOD 1981 TO 2010
CLIMATE RECORD PERIOD 1937 TO 2017


WEATHER ITEM   OBSERVED TIME   RECORD YEAR NORMAL DEPARTURE LAST
                VALUE   (LST)  VALUE       VALUE  FROM      YEAR
                                                  NORMAL
..................................................................
TEMPERATURE (F)
 YESTERDAY
  MAXIMUM         84    225 PM  88    1977  69     15       76
  MINIMUM         65    617 AM  29    2008  46     19       57
                                      1950
                                      1943
  AVERAGE         75                        58     17       67

PRECIPITATION (IN)
  YESTERDAY        0.00          2.05 1972   0.15  -0.15      T
  MONTH TO DATE    0.25                      2.18  -1.93     0.72
  SINCE MAR 1      4.64                      6.11  -1.47     9.93
  SINCE JAN 1      9.47                     13.70  -4.23    15.39

SNOWFALL (IN)
  YESTERDAY        0.0           T    2011   0.0    0.0      0.0
                                      2007
                                      1988
  MONTH TO DATE    0.0                       0.0    0.0      0.0
  SINCE MAR 1      1.0                       0.6    0.4       T
  SINCE JUL 1      1.2                       9.1   -7.9     12.1
  SNOW DEPTH       0

DEGREE DAYS
 HEATING
  YESTERDAY        0                         8     -8        0
  MONTH TO DATE   69                       153    -84      162
  SINCE MAR 1    505                       676   -171      521
  SINCE JUL 1   2984                      3972   -988     3183

 COOLING
  YESTERDAY       10                         1      9        2
  MONTH TO DATE   27                        15     12        2
  SINCE MAR 1     28                        22      6        4
  SINCE JAN 1     28                        22      6        4
..................................................................


WIND (MPH)
  HIGHEST WIND SPEED    21   HIGHEST WIND DIRECTION    SW (210)
  HIGHEST GUST SPEED    30   HIGHEST GUST DIRECTION    SW (230)
  AVERAGE WIND SPEED     7.4


SKY COVER
  POSSIBLE SUNSHINE  MM
  AVERAGE SKY COVER 0.2


WEATHER CONDITIONS
 THE FOLLOWING WEATHER WAS RECORDED YESTERDAY.
  NO SIGNIFICANT WEATHER WAS OBSERVED.


RELATIVE HUMIDITY (PERCENT)
 HIGHEST    67           400 AM
 LOWEST     31           300 PM
 AVERAGE    49

..........................................................


THE PADUCAH KY CLIMATE NORMALS FOR TODAY
                         NORMAL    RECORD    YEAR
 MAXIMUM TEMPERATURE (F)   70        87      1977
 MINIMUM TEMPERATURE (F)   47        27      1962


SUNRISE AND SUNSET
APRIL 16 2017.........SUNRISE   619 AM CDT   SUNSET   731 PM CDT
APRIL 17 2017.........SUNRISE   618 AM CDT   SUNSET   732 PM CDT


-  INDICATES NEGATIVE NUMBERS.
R  INDICATES RECORD WAS SET OR TIED.
MM INDICATES DATA IS MISSING.
T  INDICATES TRACE AMOUNT.

&&

..........................................................

***** AGRICULTURAL DATA *****

SOIL TEMPERATURES AT A DEPTH OF FOUR INCHES

UNDER GRASS...  MAX: 61    MIN: 61


$$
