000
CDUS43 KPAH 192128
CLIPAH


CLIMATE REPORT
NATIONAL WEATHER SERVICE PADUCAH KY
428 PM CDT THU MAY 19 2016


...................................

...THE PADUCAH KY CLIMATE SUMMARY FOR MAY 19 2016...
VALID TODAY AS OF 0400 PM LOCAL TIME.

CLIMATE NORMAL PERIOD 1981 TO 2010
CLIMATE RECORD PERIOD 1937 TO 2016


WEATHER ITEM   OBSERVED TIME   RECORD YEAR NORMAL DEPARTURE LAST
                VALUE   (LST)  VALUE       VALUE  FROM      YEAR
                                                  NORMAL
..................................................................
TEMPERATURE (F)
 TODAY
  MAXIMUM         73    157 PM  92    1987  79     -6       75
  MINIMUM         45    450 AM  39    2002  57    -12       57
  AVERAGE         59                        68     -9       66

PRECIPITATION (IN)
  TODAY            0.00          1.40 1947   0.14  -0.14      T
  MONTH TO DATE    3.24                      3.20   0.04     2.20
  SINCE MAR 1     15.71                     11.89   3.82    16.82
  SINCE JAN 1     21.17                     19.48   1.69    24.11

SNOWFALL (IN)
  TODAY            0.0                                       0.0
  MONTH TO DATE    0.0                                       0.0
  SINCE JUL 1     12.1                                      28.6
  SNOW DEPTH       0

..................................................................


WIND (MPH)
  HIGHEST WIND SPEED    17   HIGHEST WIND DIRECTION    NE (40)
  HIGHEST GUST SPEED    24   HIGHEST GUST DIRECTION    NE (60)




RELATIVE HUMIDITY (PERCENT)
 HIGHEST    93
 LOWEST     35

..........................................................


THE PADUCAH KY CLIMATE NORMALS FOR TOMORROW
                         NORMAL    RECORD    YEAR
 MAXIMUM TEMPERATURE (F)   79        94      1987
 MINIMUM TEMPERATURE (F)   58        44      2002


SUNRISE AND SUNSET
MAY 19 2016...........SUNRISE   543 AM CDT   SUNSET   800 PM CDT
MAY 20 2016...........SUNRISE   543 AM CDT   SUNSET   801 PM CDT


-  INDICATES NEGATIVE NUMBERS.
R  INDICATES RECORD WAS SET OR TIED.
MM INDICATES DATA IS MISSING.
T  INDICATES TRACE AMOUNT.




$$
