000
CDUS43 KPAH 062136
CLIPAH


CLIMATE REPORT
NATIONAL WEATHER SERVICE PADUCAH KY
432 PM CDT WED APR 6 2016


...................................

...THE PADUCAH KY CLIMATE SUMMARY FOR APRIL 6 2016...
VALID TODAY AS OF 0400 PM LOCAL TIME.

CLIMATE NORMAL PERIOD 1981 TO 2010
CLIMATE RECORD PERIOD 1937 TO 2016


WEATHER ITEM   OBSERVED TIME   RECORD YEAR NORMAL DEPARTURE LAST
                VALUE   (LST)  VALUE       VALUE  FROM      YEAR
                                                  NORMAL
..................................................................
TEMPERATURE (F)
 TODAY
  MAXIMUM         69    143 PM  83    1991  66      3       65
  MINIMUM         50   1232 AM  27    1982  44      6       53
  AVERAGE                                   55              59

PRECIPITATION (IN)
  TODAY            0.09          2.06 1939   0.15  -0.06     0.45
  MONTH TO DATE    0.09                      0.87  -0.78     2.48
  SINCE MAR 1      9.30                      4.80   4.50    11.21
  SINCE JAN 1     14.76                     12.39   2.37    18.50

SNOWFALL (IN)
  TODAY            0.0                                       0.0
  MONTH TO DATE    0.0                                       0.0
  SINCE JUL 1     12.1                                      28.6
  SNOW DEPTH       0

..................................................................


WIND (MPH)
  HIGHEST WIND SPEED    39   HIGHEST WIND DIRECTION     W (250)
  HIGHEST GUST SPEED    52   HIGHEST GUST DIRECTION    SW (240)




RELATIVE HUMIDITY (PERCENT)
 HIGHEST    52
 LOWEST     36

..........................................................


THE PADUCAH KY CLIMATE NORMALS FOR TOMORROW
                         NORMAL    RECORD    YEAR
 MAXIMUM TEMPERATURE (F)   67        85      2001
 MINIMUM TEMPERATURE (F)   44        24      1990


SUNRISE AND SUNSET
APRIL  6 2016.........SUNRISE   633 AM CDT   SUNSET   722 PM CDT
APRIL  7 2016.........SUNRISE   631 AM CDT   SUNSET   723 PM CDT


-  INDICATES NEGATIVE NUMBERS.
R  INDICATES RECORD WAS SET OR TIED.
MM INDICATES DATA IS MISSING.
T  INDICATES TRACE AMOUNT.




$$
