000
CDUS43 KPAH 170631
CLIPAH


CLIMATE REPORT
NATIONAL WEATHER SERVICE PADUCAH KY
128 AM CDT MON AUG 17 2015


...................................

...THE PADUCAH KY CLIMATE SUMMARY FOR AUGUST 16 2015...

CLIMATE NORMAL PERIOD 1981 TO 2010
CLIMATE RECORD PERIOD 1937 TO 2015


WEATHER ITEM   OBSERVED TIME   RECORD YEAR NORMAL DEPARTURE LAST
                VALUE   (LST)  VALUE       VALUE  FROM      YEAR
                                                  NORMAL
..................................................................
TEMPERATURE (F)
 YESTERDAY
  MAXIMUM         90    123 PM 105    2007  89      1       83
  MINIMUM         65    530 AM  48    2004  66     -1       68
  AVERAGE         78                        78      0       76

PRECIPITATION (IN)
  YESTERDAY        0.00          1.91 1977   0.09  -0.09     0.01
  MONTH TO DATE    1.27                      1.51  -0.24     1.63
  SINCE JUN 1     14.13                     10.01   4.12    10.36
  SINCE JAN 1     39.75                     31.23   8.52    30.55

SNOWFALL (IN)
  YESTERDAY        0.0                       0.0    0.0      0.0
  MONTH TO DATE    0.0                       0.0    0.0      0.0
  SINCE JUN 1      0.0                       0.0    0.0      0.0
  SINCE JUL 1      0.0                       0.0    0.0      0.0
  SNOW DEPTH       0

DEGREE DAYS
 HEATING
  YESTERDAY        0                         0      0        0
  MONTH TO DATE    0                         0      0        0
  SINCE JUN 1      2                         4     -2        0
  SINCE JUL 1      0                         0      0        0

 COOLING
  YESTERDAY       13                        13      0       11
  MONTH TO DATE  207                       209     -2      194
  SINCE JUN 1   1096                       960    136      915
  SINCE JAN 1   1307                      1132    175     1193
..................................................................


WIND (MPH)
  HIGHEST WIND SPEED    10   HIGHEST WIND DIRECTION    SE (150)
  HIGHEST GUST SPEED    16   HIGHEST GUST DIRECTION     S (190)
  AVERAGE WIND SPEED     2.8


SKY COVER
  POSSIBLE SUNSHINE  MM
  AVERAGE SKY COVER 0.0


WEATHER CONDITIONS
 THE FOLLOWING WEATHER WAS RECORDED YESTERDAY.
  FOG


RELATIVE HUMIDITY (PERCENT)
 HIGHEST   100           300 AM
 LOWEST     44           300 PM
 AVERAGE    72

..........................................................


THE PADUCAH KY CLIMATE NORMALS FOR TODAY
                         NORMAL    RECORD    YEAR
 MAXIMUM TEMPERATURE (F)   89       104      1988
 MINIMUM TEMPERATURE (F)   66        51      2004


SUNRISE AND SUNSET
AUGUST 17 2015........SUNRISE   613 AM CDT   SUNSET   744 PM CDT
AUGUST 18 2015........SUNRISE   614 AM CDT   SUNSET   743 PM CDT


-  INDICATES NEGATIVE NUMBERS.
R  INDICATES RECORD WAS SET OR TIED.
MM INDICATES DATA IS MISSING.
T  INDICATES TRACE AMOUNT.

&&
..........................................................
***** AGRICULTURAL DATA *****

SOIL TEMPERATURES AT A DEPTH OF FOUR INCHES

UNDER GRASS...   MAX: 79  MIN: 79

$$
