732
CDUS43 KPAH 082126
CLIPAH


CLIMATE REPORT
NATIONAL WEATHER SERVICE PADUCAH KY
425 PM CDT TUE AUG 8 2017

...................................

...THE PADUCAH KY CLIMATE SUMMARY FOR AUGUST 8 2017...
VALID TODAY AS OF 0400 PM LOCAL TIME.

CLIMATE NORMAL PERIOD 1981 TO 2010
CLIMATE RECORD PERIOD 1937 TO 2017

WEATHER ITEM   OBSERVED TIME   RECORD YEAR NORMAL DEPARTURE LAST
                VALUE   (LST)  VALUE       VALUE  FROM      YEAR
                                                  NORMAL
..................................................................
TEMPERATURE (F)
 TODAY
  MAXIMUM         85    158 PM 100    2012  90     -5       89
                                      2007
  MINIMUM         66    540 AM  52    1989  67     -1       69
  AVERAGE         76                        78     -2       79

PRECIPITATION (IN)
  TODAY            0.00          1.80 1977   0.09  -0.09     0.00
  MONTH TO DATE    0.84                      0.80   0.04     6.06
  SINCE JUN 1      9.66                      9.30   0.36    15.93
  SINCE JAN 1     32.01                     30.52   1.49    39.13

SNOWFALL (IN)
  TODAY            0.0                                       0.0
  MONTH TO DATE    0.0                                       0.0
  SINCE JUL 1      0.0                                       0.0
  SNOW DEPTH       0
..................................................................

WIND (MPH)
  HIGHEST WIND SPEED    15   HIGHEST WIND DIRECTION    NE (50)
  HIGHEST GUST SPEED    18   HIGHEST GUST DIRECTION    NE (50)

RELATIVE HUMIDITY (PERCENT)
 HIGHEST    93
 LOWEST     44
..........................................................

THE PADUCAH KY CLIMATE NORMALS FOR TOMORROW
                         NORMAL    RECORD    YEAR
 MAXIMUM TEMPERATURE (F)   90        99      2007
                                             1988
                                             1980
 MINIMUM TEMPERATURE (F)   67        54      1976

SUNRISE AND SUNSET
AUGUST  8 2017........SUNRISE   606 AM CDT   SUNSET   755 PM CDT
AUGUST  9 2017........SUNRISE   607 AM CDT   SUNSET   753 PM CDT

-  INDICATES NEGATIVE NUMBERS.
R  INDICATES RECORD WAS SET OR TIED.
MM INDICATES DATA IS MISSING.
T  INDICATES TRACE AMOUNT.

$$
