000
CDUS43 KPAH 130629
CLIPAH


CLIMATE REPORT
NATIONAL WEATHER SERVICE PADUCAH KY
1227 AM CST TUE JAN 13 2015

...................................

...THE PADUCAH KY CLIMATE SUMMARY FOR JANUARY 12 2015...

CLIMATE NORMAL PERIOD 1981 TO 2010
CLIMATE RECORD PERIOD 1937 TO 2015

WEATHER ITEM   OBSERVED TIME   RECORD YEAR NORMAL DEPARTURE LAST
                VALUE   (LST)  VALUE       VALUE  FROM      YEAR
                                                  NORMAL
..................................................................
TEMPERATURE (F)
 YESTERDAY
  MAXIMUM         38   1252 PM  69    2013  43     -5       56
                                      2005
                                      1995
  MINIMUM         27   1159 PM  -2    1977  26      1       29
  AVERAGE         33                        34     -1       43

PRECIPITATION (IN)
  YESTERDAY        0.28          3.16 2013   0.11   0.17     0.00
  MONTH TO DATE    1.41                      1.43  -0.02     1.94
  SINCE DEC 1      4.30                      6.02  -1.72    10.08
  SINCE JAN 1      1.41                      1.43  -0.02     1.94

SNOWFALL (IN)
  YESTERDAY        0.0           4.0  1982   0.1   -0.1      0.0
  MONTH TO DATE    T                         1.1   -1.1      1.1
  SINCE DEC 1      0.2                       3.3   -3.1      6.3
  SINCE JUL 1      3.0                       3.4   -0.4      6.3
  SNOW DEPTH       0

DEGREE DAYS
 HEATING
  YESTERDAY       32                        31      1       22
  MONTH TO DATE  430                       369     61      415
  SINCE DEC 1   1176                      1223    -47     1273
  SINCE JUL 1   2113                      2000    113     2075

 COOLING
  YESTERDAY        0                         0      0        0
  MONTH TO DATE    0                         0      0        0
  SINCE DEC 1      0                         0      0        0
  SINCE JAN 1      0                         0      0        0
..................................................................

WIND (MPH)
  HIGHEST WIND SPEED    24   HIGHEST WIND DIRECTION    NE (30)
  HIGHEST GUST SPEED    32   HIGHEST GUST DIRECTION     N (20)
  AVERAGE WIND SPEED    11.0

SKY COVER
  POSSIBLE SUNSHINE  MM
  AVERAGE SKY COVER 1.0

WEATHER CONDITIONS
 THE FOLLOWING WEATHER WAS RECORDED YESTERDAY.
  RAIN
  LIGHT RAIN
  FOG
  FOG W/VISIBILITY <= 1/4 MILE

RELATIVE HUMIDITY (PERCENT)
 HIGHEST    92           100 AM
 LOWEST     72           800 PM
 AVERAGE    82
..........................................................

THE PADUCAH KY CLIMATE NORMALS FOR TODAY
                         NORMAL    RECORD    YEAR
 MAXIMUM TEMPERATURE (F)   43        68      1995
 MINIMUM TEMPERATURE (F)   26         0      1977

SUNRISE AND SUNSET
JANUARY 13 2015.......SUNRISE   708 AM CST   SUNSET   500 PM CST
JANUARY 14 2015.......SUNRISE   708 AM CST   SUNSET   501 PM CST

-  INDICATES NEGATIVE NUMBERS.
R  INDICATES RECORD WAS SET OR TIED.
MM INDICATES DATA IS MISSING.
T  INDICATES TRACE AMOUNT.

$$
