503
CDUS43 KPAH 122129
CLIPAH


CLIMATE REPORT
NATIONAL WEATHER SERVICE PADUCAH KY
427 PM CDT THU OCT 12 2017


...................................

...THE PADUCAH KY CLIMATE SUMMARY FOR OCTOBER 12 2017...
VALID TODAY AS OF 0400 PM LOCAL TIME.

CLIMATE NORMAL PERIOD 1981 TO 2010
CLIMATE RECORD PERIOD 1937 TO 2017


WEATHER ITEM   OBSERVED TIME   RECORD YEAR NORMAL DEPARTURE LAST
                VALUE   (LST)  VALUE       VALUE  FROM      YEAR
                                                  NORMAL
..................................................................
TEMPERATURE (F)
 TODAY
  MAXIMUM         63    259 PM  89    1989  72     -9       78
                                      1938
  MINIMUM         58    702 AM  27    1987  48     10       61
  AVERAGE         61                        60      1       70

PRECIPITATION (IN)
  TODAY            0.00          0.72 1962   0.12  -0.12      T
  MONTH TO DATE    2.24                      1.57   0.67      T
  SINCE SEP 1      4.79                      5.32  -0.53     0.83
  SINCE JAN 1     37.92                     37.80   0.12    43.50

SNOWFALL (IN)
  TODAY            0.0                                       0.0
  MONTH TO DATE    0.0                                       0.0
  SINCE JUL 1      0.0                                       0.0
  SNOW DEPTH       0

..................................................................


WIND (MPH)
  HIGHEST WIND SPEED     7   HIGHEST WIND DIRECTION     N (360)
  HIGHEST GUST SPEED    10   HIGHEST GUST DIRECTION    NE (50)




RELATIVE HUMIDITY (PERCENT)
 HIGHEST    80
 LOWEST     67

..........................................................


THE PADUCAH KY CLIMATE NORMALS FOR TOMORROW
                         NORMAL    RECORD    YEAR
 MAXIMUM TEMPERATURE (F)   72        89      1989
 MINIMUM TEMPERATURE (F)   47        27      1988


SUNRISE AND SUNSET
OCTOBER 12 2017.......SUNRISE   700 AM CDT   SUNSET   622 PM CDT
OCTOBER 13 2017.......SUNRISE   701 AM CDT   SUNSET   621 PM CDT


-  INDICATES NEGATIVE NUMBERS.
R  INDICATES RECORD WAS SET OR TIED.
MM INDICATES DATA IS MISSING.
T  INDICATES TRACE AMOUNT.




$$
