000
CDUS43 KPAH 150633
CLIPAH


CLIMATE REPORT
NATIONAL WEATHER SERVICE PADUCAH KY
130 AM CDT TUE APR 15 2014


...................................

...THE PADUCAH KY CLIMATE SUMMARY FOR APRIL 14 2014...

CLIMATE NORMAL PERIOD 1981 TO 2010
CLIMATE RECORD PERIOD 1937 TO 2014


WEATHER ITEM   OBSERVED TIME   RECORD YEAR NORMAL DEPARTURE LAST
                VALUE   (LST)  VALUE       VALUE  FROM      YEAR
                                                  NORMAL
..................................................................
TEMPERATURE (F)
 YESTERDAY
  MAXIMUM         63    152 AM  87    2006  69     -6       74
                                      1941
  MINIMUM         39   1159 PM  25    1950  46     -7       45
  AVERAGE         51                        58     -7       60

PRECIPITATION (IN)
  YESTERDAY        0.60          0.93 1993   0.15   0.45     0.00
  MONTH TO DATE    4.73                      2.03   2.70     1.58
  SINCE MAR 1      8.38                      5.96   2.42     5.60
  SINCE JAN 1     13.56                     13.55   0.01    17.35

SNOWFALL (IN)
  YESTERDAY        0.0           T    1980   0.0    0.0      0.0
  MONTH TO DATE    0.0                       0.0    0.0      0.0
  SINCE MAR 1      5.6                       0.6    5.0      0.7
  SINCE JUL 1     18.5                       9.1    9.4      6.8
  SNOW DEPTH       0

DEGREE DAYS
 HEATING
  YESTERDAY       14                         9      5        5
  MONTH TO DATE   96                       145    -49      153
  SINCE MAR 1    742                       668     74      868
  SINCE JUL 1   4397                      3964    433     3979

 COOLING
  YESTERDAY        0                         1     -1        0
  MONTH TO DATE   21                        14      7       14
  SINCE MAR 1     21                        21      0       14
  SINCE JAN 1     21                        21      0       14
..................................................................


WIND (MPH)
  HIGHEST WIND SPEED    23   HIGHEST WIND DIRECTION     N (340)
  HIGHEST GUST SPEED    32   HIGHEST GUST DIRECTION     N (350)
  AVERAGE WIND SPEED    11.3


SKY COVER
  POSSIBLE SUNSHINE  MM
  AVERAGE SKY COVER 0.9


WEATHER CONDITIONS
 THE FOLLOWING WEATHER WAS RECORDED YESTERDAY.
  HEAVY RAIN
  RAIN
  LIGHT RAIN
  FOG
  HAZE


RELATIVE HUMIDITY (PERCENT)
 HIGHEST    90           100 AM
 LOWEST     76          1100 PM
 AVERAGE    83

..........................................................


THE PADUCAH KY CLIMATE NORMALS FOR TODAY
                         NORMAL    RECORD    YEAR
 MAXIMUM TEMPERATURE (F)   69        88      1977
 MINIMUM TEMPERATURE (F)   46        29      2008
                                             1950
                                             1943


SUNRISE AND SUNSET
APRIL 15 2014.........SUNRISE   621 AM CDT   SUNSET   730 PM CDT
APRIL 16 2014.........SUNRISE   619 AM CDT   SUNSET   731 PM CDT


-  INDICATES NEGATIVE NUMBERS.
R  INDICATES RECORD WAS SET OR TIED.
MM INDICATES DATA IS MISSING.
T  INDICATES TRACE AMOUNT.

&&
........................................................
***** AGRICULTURAL DATA *****

SOIL TEMPERATURES AT A DEPTH OF FOUR INCHES

UNDER BARE GROUND...  MAX: MM  MIN: MM
UNDER GRASS.........  MAX: 57  MIN: 54

$$
