000
CDUS43 KPAH 160633
CLIPAH


CLIMATE REPORT
NATIONAL WEATHER SERVICE PADUCAH KY
1229 AM CST THU NOV 16 2017


...................................

...THE PADUCAH KY CLIMATE SUMMARY FOR NOVEMBER 15 2017...

CLIMATE NORMAL PERIOD 1981 TO 2010
CLIMATE RECORD PERIOD 1937 TO 2017


WEATHER ITEM   OBSERVED TIME   RECORD YEAR NORMAL DEPARTURE LAST
                VALUE   (LST)  VALUE       VALUE  FROM      YEAR
                                                  NORMAL
..................................................................
TEMPERATURE (F)
 YESTERDAY
  MAXIMUM         56    910 AM  80    1955  59     -3       69
  MINIMUM         48   1248 AM  16    1940  38     10       41
  AVERAGE         52                        48      4       55

PRECIPITATION (IN)
  YESTERDAY        0.31          1.27 1989   0.15   0.16     0.06
  MONTH TO DATE    2.69                      1.97   0.72     0.11
  SINCE SEP 1      9.28                      9.68  -0.40     1.28
  SINCE JAN 1     42.41                     42.16   0.25    43.95

SNOWFALL (IN)
  YESTERDAY       MM             T    2014   0.0   MM        0.0
  MONTH TO DATE    0.0                       0.0    0.0      0.0
  SINCE SEP 1      0.0                       0.1   -0.1      0.0
  SINCE JUL 1      0.0                       0.1   -0.1      0.0
  SNOW DEPTH       0

DEGREE DAYS
 HEATING
  YESTERDAY       13                        17     -4       10
  MONTH TO DATE  188                       210    -22      153
  SINCE SEP 1    397                       476    -79      257
  SINCE JUL 1    397                       477    -80      257

 COOLING
  YESTERDAY        0                         0      0        0
  MONTH TO DATE    7                         0      7       14
  SINCE SEP 1    318                       225     93      418
  SINCE JAN 1   1692                      1538    154     1948
..................................................................


WIND (MPH)
  HIGHEST WIND SPEED    15   HIGHEST WIND DIRECTION    SW (220)
  HIGHEST GUST SPEED    21   HIGHEST GUST DIRECTION    SW (220)
  AVERAGE WIND SPEED     7.1


SKY COVER
  POSSIBLE SUNSHINE  MM
  AVERAGE SKY COVER 1.0


WEATHER CONDITIONS
 THE FOLLOWING WEATHER WAS RECORDED YESTERDAY.
  THUNDERSTORM
  HEAVY RAIN
  RAIN
  LIGHT RAIN
  FOG
  FOG W/VISIBILITY <= 1/4 MILE


RELATIVE HUMIDITY (PERCENT)
 HIGHEST    96           800 PM
 LOWEST     54           400 AM
 AVERAGE    75

..........................................................


THE PADUCAH KY CLIMATE NORMALS FOR TODAY
                         NORMAL    RECORD    YEAR
 MAXIMUM TEMPERATURE (F)   58        78      1958
 MINIMUM TEMPERATURE (F)   38        16      1997


SUNRISE AND SUNSET
NOVEMBER 16 2017......SUNRISE   635 AM CST   SUNSET   444 PM CST
NOVEMBER 17 2017......SUNRISE   636 AM CST   SUNSET   444 PM CST


-  INDICATES NEGATIVE NUMBERS.
R  INDICATES RECORD WAS SET OR TIED.
MM INDICATES DATA IS MISSING.
T  INDICATES TRACE AMOUNT.




$$
