000
CDUS43 KPAH 162245
CLIPAH


CLIMATE REPORT
NATIONAL WEATHER SERVICE PADUCAH KY
445 PM CST MON JAN 16 2017


...................................

...THE PADUCAH KY CLIMATE SUMMARY FOR JANUARY 16 2017...
VALID TODAY AS OF 0400 PM LOCAL TIME.

CLIMATE NORMAL PERIOD 1981 TO 2010
CLIMATE RECORD PERIOD 1937 TO 2017


WEATHER ITEM   OBSERVED TIME   RECORD YEAR NORMAL DEPARTURE LAST
                VALUE   (LST)  VALUE       VALUE  FROM      YEAR
                                                  NORMAL
..................................................................
TEMPERATURE (F)
 TODAY
  MAXIMUM         64    256 PM  74    1952  43     21       38
  MINIMUM         43    122 AM -12    1982  26     17       28
  AVERAGE         54                        34     20       33

PRECIPITATION (IN)
  TODAY            0.01          1.29 1994   0.11  -0.10     0.00
  MONTH TO DATE    1.43                      1.89  -0.46     2.18
  SINCE DEC 1      7.44                      6.48   0.96     9.60
  SINCE JAN 1      1.43                      1.89  -0.46     2.18

SNOWFALL (IN)
  TODAY           MM                                         0.0
  MONTH TO DATE    0.2                                       1.3
  SINCE JUL 1      0.2                                       1.3
  SNOW DEPTH       0

..................................................................


WIND (MPH)
  HIGHEST WIND SPEED    12   HIGHEST WIND DIRECTION    SE (140)
  HIGHEST GUST SPEED    14   HIGHEST GUST DIRECTION    SE (130)




RELATIVE HUMIDITY (PERCENT)
 HIGHEST   100
 LOWEST     73

..........................................................


THE PADUCAH KY CLIMATE NORMALS FOR TOMORROW
                         NORMAL    RECORD    YEAR
 MAXIMUM TEMPERATURE (F)   43        68      1996
                                             1952
                                             1943
 MINIMUM TEMPERATURE (F)   26       -14      1982


SUNRISE AND SUNSET
JANUARY 16 2017.......SUNRISE   707 AM CST   SUNSET   503 PM CST
JANUARY 17 2017.......SUNRISE   707 AM CST   SUNSET   504 PM CST


-  INDICATES NEGATIVE NUMBERS.
R  INDICATES RECORD WAS SET OR TIED.
MM INDICATES DATA IS MISSING.
T  INDICATES TRACE AMOUNT.




$$
