000
CDUS43 KPAH 200628
CLIPAH


CLIMATE REPORT
NATIONAL WEATHER SERVICE PADUCAH KY
126 AM CDT SUN APR 20 2014

...................................

...THE PADUCAH KY CLIMATE SUMMARY FOR APRIL 19 2014...

CLIMATE NORMAL PERIOD 1981 TO 2010
CLIMATE RECORD PERIOD 1937 TO 2014

WEATHER ITEM   OBSERVED TIME   RECORD YEAR NORMAL DEPARTURE LAST
                VALUE   (LST)  VALUE       VALUE  FROM      YEAR
                                                  NORMAL
..................................................................
TEMPERATURE (F)
 YESTERDAY
  MAXIMUM         79    329 PM  88    1971  71      8       50
  MINIMUM         46    454 AM  29    1983  48     -2       35
                                      1953
  AVERAGE         63                        59      4       43

PRECIPITATION (IN)
  YESTERDAY        0.00          2.38 1973   0.18  -0.18     0.00
  MONTH TO DATE    4.73                      2.87   1.86     3.91
  SINCE MAR 1      8.38                      6.80   1.58     7.93
  SINCE JAN 1     13.56                     14.39  -0.83    19.68

SNOWFALL (IN)
  YESTERDAY        0.0           T    2011   0.0    0.0      0.0
  MONTH TO DATE    0.0                       0.0    0.0      0.0
  SINCE MAR 1      5.6                       0.6    5.0      0.7
  SINCE JUL 1     18.5                       9.1    9.4      6.8
  SNOW DEPTH       0

DEGREE DAYS
 HEATING
  YESTERDAY        2                         7     -5       22
  MONTH TO DATE  154                       183    -29      179
  SINCE MAR 1    800                       706     94      894
  SINCE JUL 1   4455                      4002    453     4005

 COOLING
  YESTERDAY        0                         1     -1        0
  MONTH TO DATE   21                        19      2       31
  SINCE MAR 1     21                        26     -5       31
  SINCE JAN 1     21                        26     -5       31
..................................................................

WIND (MPH)
  HIGHEST WIND SPEED    15   HIGHEST WIND DIRECTION    NE (60)
  HIGHEST GUST SPEED    18   HIGHEST GUST DIRECTION    NE (50)
  AVERAGE WIND SPEED     4.5

SKY COVER
  POSSIBLE SUNSHINE  MM
  AVERAGE SKY COVER 0.0

WEATHER CONDITIONS
 THE FOLLOWING WEATHER WAS RECORDED YESTERDAY.
  NO SIGNIFICANT WEATHER WAS OBSERVED.

RELATIVE HUMIDITY (PERCENT)
 HIGHEST    86           400 AM
 LOWEST     24           400 PM
 AVERAGE    55
..........................................................

THE PADUCAH KY CLIMATE NORMALS FOR TODAY
                         NORMAL    RECORD    YEAR
 MAXIMUM TEMPERATURE (F)   71        88      1987
                                             1971
 MINIMUM TEMPERATURE (F)   48        27      1983

SUNRISE AND SUNSET
APRIL 20 2014.........SUNRISE   614 AM CDT   SUNSET   734 PM CDT
APRIL 21 2014.........SUNRISE   613 AM CDT   SUNSET   735 PM CDT

-  INDICATES NEGATIVE NUMBERS.
R  INDICATES RECORD WAS SET OR TIED.
MM INDICATES DATA IS MISSING.
T  INDICATES TRACE AMOUNT.

$$
