140
CDUS43 KPAH 190630
CLIPAH


CLIMATE REPORT
NATIONAL WEATHER SERVICE PADUCAH KY
1228 AM CST SUN FEB 19 2017


...................................

...THE PADUCAH KY CLIMATE SUMMARY FOR FEBRUARY 18 2017...

CLIMATE NORMAL PERIOD 1981 TO 2010
CLIMATE RECORD PERIOD 1937 TO 2017


WEATHER ITEM   OBSERVED TIME   RECORD YEAR NORMAL DEPARTURE LAST
                VALUE   (LST)  VALUE       VALUE  FROM      YEAR
                                                  NORMAL
..................................................................
TEMPERATURE (F)
 YESTERDAY
  MAXIMUM         56   1233 AM  71    1986  50      6       60
                                      1961
                                      1948
  MINIMUM         48   1159 PM   0    2015  30     18       31
  AVERAGE         52                        40     12       46

PRECIPITATION (IN)
  YESTERDAY        0.32          2.00 1940   0.14   0.18     0.00
  MONTH TO DATE    1.15                      2.52  -1.37     1.35
  SINCE DEC 1      9.66                     10.79  -1.13    11.32
  SINCE JAN 1      3.65                      6.20  -2.55     3.90

SNOWFALL (IN)
  YESTERDAY        0.0           3.6  2006   0.1   -0.1      0.0
  MONTH TO DATE    T                         2.2   -2.2      3.7
  SINCE DEC 1      0.2                       7.4   -7.2     12.1
  SINCE JUL 1      0.2                       7.5   -7.3     12.1
  SNOW DEPTH       0

DEGREE DAYS
 HEATING
  YESTERDAY       13                        25    -12       19
  MONTH TO DATE  365                       490   -125      509
  SINCE DEC 1   1885                      2286   -401     1938
  SINCE JUL 1   2386                      3063   -677     2482

 COOLING
  YESTERDAY        0                         0      0        0
  MONTH TO DATE    0                         0      0        0
  SINCE DEC 1      0                         0      0        6
  SINCE JAN 1      0                         0      0        0
..................................................................


WIND (MPH)
  HIGHEST WIND SPEED    12   HIGHEST WIND DIRECTION    SW (240)
  HIGHEST GUST SPEED    14   HIGHEST GUST DIRECTION    SW (240)
  AVERAGE WIND SPEED     4.3


SKY COVER
  POSSIBLE SUNSHINE  MM
  AVERAGE SKY COVER 0.9


WEATHER CONDITIONS
 THE FOLLOWING WEATHER WAS RECORDED YESTERDAY.
  RAIN
  LIGHT RAIN
  FOG
  FOG W/VISIBILITY <= 1/4 MILE


RELATIVE HUMIDITY (PERCENT)
 HIGHEST    93           400 PM
 LOWEST     51          1200 AM
 AVERAGE    72

..........................................................


THE PADUCAH KY CLIMATE NORMALS FOR TODAY
                         NORMAL    RECORD    YEAR
 MAXIMUM TEMPERATURE (F)   50        71      1994
 MINIMUM TEMPERATURE (F)   31       -10      2015


SUNRISE AND SUNSET
FEBRUARY 19 2017......SUNRISE   639 AM CST   SUNSET   540 PM CST
FEBRUARY 20 2017......SUNRISE   637 AM CST   SUNSET   541 PM CST


-  INDICATES NEGATIVE NUMBERS.
R  INDICATES RECORD WAS SET OR TIED.
MM INDICATES DATA IS MISSING.
T  INDICATES TRACE AMOUNT.

.........................................................

***** AGRICULTURAL DATA *****

SOIL TEMPERATURES AT A DEPTH OF FOUR INCHES

UNDER GRASS...  MAX: 47    MIN: 46


$$
