000
CDUS43 KPAH 210638
CLIPAH


CLIMATE REPORT
NATIONAL WEATHER SERVICE PADUCAH KY
137 AM CDT THU JUL 21 2016


...................................

...THE PADUCAH KY CLIMATE SUMMARY FOR JULY 20 2016...

CLIMATE NORMAL PERIOD 1981 TO 2010
CLIMATE RECORD PERIOD 1937 TO 2016


WEATHER ITEM   OBSERVED TIME   RECORD YEAR NORMAL DEPARTURE LAST
                VALUE   (LST)  VALUE       VALUE  FROM      YEAR
                                                  NORMAL
..................................................................
TEMPERATURE (F)
 YESTERDAY
  MAXIMUM         93   1156 AM  99    1983  89      4       90
  MINIMUM         73   1156 PM  56    1947  69      4       74
  AVERAGE         83                        79      4       82

PRECIPITATION (IN)
  YESTERDAY        0.00          1.89 1975   0.13  -0.13     0.84
  MONTH TO DATE    6.85                      2.95   3.90     9.22
  SINCE JUN 1      8.57                      7.01   1.56    11.66
  SINCE JAN 1     31.77                     28.23   3.54    37.28

SNOWFALL (IN)
  YESTERDAY        0.0           0.0  2002   0.0    0.0      0.0
                                      2001
  MONTH TO DATE    0.0                       0.0    0.0      0.0
  SINCE JUN 1      0.0                       0.0    0.0      0.0
  SINCE JUL 1      0.0                       0.0    0.0      0.0
  SNOW DEPTH       0

DEGREE DAYS
 HEATING
  YESTERDAY        0                         0      0        0
  MONTH TO DATE    0                         0      0        0
  SINCE JUN 1      0                         4     -4        2
  SINCE JUL 1      0                         0      0        0

 COOLING
  YESTERDAY       18                        14      4       17
  MONTH TO DATE  316                       280     36      313
  SINCE JUN 1    732                       600    132      714
  SINCE JAN 1    882                       772    110      925
..................................................................


WIND (MPH)
  HIGHEST WIND SPEED    18   HIGHEST WIND DIRECTION    SE (140)
  HIGHEST GUST SPEED    24   HIGHEST GUST DIRECTION    SE (140)
  AVERAGE WIND SPEED     3.6


SKY COVER
  POSSIBLE SUNSHINE  MM
  AVERAGE SKY COVER 0.2


WEATHER CONDITIONS
 THE FOLLOWING WEATHER WAS RECORDED YESTERDAY.
  THUNDERSTORM
  FOG


RELATIVE HUMIDITY (PERCENT)
 HIGHEST    93          1000 PM
 LOWEST     56          1200 PM
 AVERAGE    75

..........................................................


THE PADUCAH KY CLIMATE NORMALS FOR TODAY
                         NORMAL    RECORD    YEAR
 MAXIMUM TEMPERATURE (F)   89        99      1983
 MINIMUM TEMPERATURE (F)   69        54      1971


SUNRISE AND SUNSET
JULY 21 2016..........SUNRISE   552 AM CDT   SUNSET   811 PM CDT
JULY 22 2016..........SUNRISE   553 AM CDT   SUNSET   810 PM CDT


-  INDICATES NEGATIVE NUMBERS.
R  INDICATES RECORD WAS SET OR TIED.
MM INDICATES DATA IS MISSING.
T  INDICATES TRACE AMOUNT.

&&

.................................................................

***** AGRICULTURAL DATA *****

SOIL TEMPERATURES AT A DEPTH OF FOUR INCHES

UNDER GRASS...  MAX: 82  MIN: 81

$$
