886
CDUS43 KPAH 240633
CLIPAH


CLIMATE REPORT
NATIONAL WEATHER SERVICE PADUCAH KY
132 AM CDT SAT SEP 24 2016


...................................

...THE PADUCAH KY CLIMATE SUMMARY FOR SEPTEMBER 23 2016...

CLIMATE NORMAL PERIOD 1981 TO 2010
CLIMATE RECORD PERIOD 1937 TO 2016


WEATHER ITEM   OBSERVED TIME   RECORD YEAR NORMAL DEPARTURE LAST
                VALUE   (LST)  VALUE       VALUE  FROM      YEAR
                                                  NORMAL
..................................................................
TEMPERATURE (F)
 YESTERDAY
  MAXIMUM         93    249 PM  95    2007  79     14       87
  MINIMUM         62    256 AM  37    1995  55      7       51
  AVERAGE         78                        67     11       69

PRECIPITATION (IN)
  YESTERDAY        0.00          2.53 1993   0.13  -0.13     0.00
  MONTH TO DATE    0.66                      2.79  -2.13     0.41
  SINCE SEP 1      0.66                      2.79  -2.13     0.41
  SINCE JAN 1     43.33                     35.27   8.06    40.84

SNOWFALL (IN)
  YESTERDAY        0.0           T    2001   0.0    0.0      0.0
  MONTH TO DATE    0.0                       0.0    0.0      0.0
  SINCE SEP 1      0.0                       0.0    0.0      0.0
  SINCE JUL 1      0.0                       0.0    0.0      0.0
  SNOW DEPTH       0

DEGREE DAYS
 HEATING
  YESTERDAY        0                         2     -2        0
  MONTH TO DATE    0                        15    -15        8
  SINCE SEP 1      0                        15    -15        8
  SINCE JUL 1      0                        16    -16        8

 COOLING
  YESTERDAY       13                         4      9        4
  MONTH TO DATE  257                       163     94      187
  SINCE SEP 1    257                       163     94      187
  SINCE JAN 1   1787                      1476    311     1611
..................................................................


WIND (MPH)
  HIGHEST WIND SPEED     9   HIGHEST WIND DIRECTION     N (350)
  HIGHEST GUST SPEED    13   HIGHEST GUST DIRECTION     N (340)
  AVERAGE WIND SPEED     1.9


SKY COVER
  POSSIBLE SUNSHINE  MM
  AVERAGE SKY COVER 0.0


WEATHER CONDITIONS
 THE FOLLOWING WEATHER WAS RECORDED YESTERDAY.
  FOG
  FOG W/VISIBILITY <= 1/4 MILE
  HAZE


RELATIVE HUMIDITY (PERCENT)
 HIGHEST   100           300 AM
 LOWEST     41           200 PM
 AVERAGE    71

..........................................................


THE PADUCAH KY CLIMATE NORMALS FOR TODAY
                         NORMAL    RECORD    YEAR
 MAXIMUM TEMPERATURE (F)   79        94      1945
                                             1941
                                             1939
 MINIMUM TEMPERATURE (F)   54        35      1995


SUNRISE AND SUNSET
SEPTEMBER 24 2016.....SUNRISE   645 AM CDT   SUNSET   648 PM CDT
SEPTEMBER 25 2016.....SUNRISE   646 AM CDT   SUNSET   647 PM CDT


-  INDICATES NEGATIVE NUMBERS.
R  INDICATES RECORD WAS SET OR TIED.
MM INDICATES DATA IS MISSING.
T  INDICATES TRACE AMOUNT.

&&
.........................................................

***** AGRICULTURAL DATA *****

SOIL TEMPERATURES AT A DEPTH OF FOUR INCHES

UNDER GRASS...  MAX: 76  MIN: 75

$$
