537
CDUS43 KPAH 250633
CLIPAH


CLIMATE REPORT
NATIONAL WEATHER SERVICE PADUCAH KY
128 AM CDT WED MAY 25 2016


...................................

...THE PADUCAH KY CLIMATE SUMMARY FOR MAY 24 2016...

CLIMATE NORMAL PERIOD 1981 TO 2010
CLIMATE RECORD PERIOD 1937 TO 2016


WEATHER ITEM   OBSERVED TIME   RECORD YEAR NORMAL DEPARTURE LAST
                VALUE   (LST)  VALUE       VALUE  FROM      YEAR
                                                  NORMAL
..................................................................
TEMPERATURE (F)
 YESTERDAY
  MAXIMUM         85    234 PM  93    1996  80      5       86
  MINIMUM         59    442 AM  45    1963  59      0       62
                                      1961
  AVERAGE         72                        69      3       74

PRECIPITATION (IN)
  YESTERDAY        T             3.29 1966   0.14  -0.14      T
  MONTH TO DATE    3.37                      3.92  -0.55     2.63
  SINCE MAR 1     15.84                     12.61   3.23    17.25
  SINCE JAN 1     21.30                     20.20   1.10    24.54

SNOWFALL (IN)
  YESTERDAY        0.0                       0.0    0.0      0.0
  MONTH TO DATE    0.0                       0.0    0.0      0.0
  SINCE MAR 1      T                         0.6   -0.6     12.1
  SINCE JUL 1     12.1                       9.1    3.0     28.6
  SNOW DEPTH       0

DEGREE DAYS
 HEATING
  YESTERDAY        0                         1     -1        0
  MONTH TO DATE   91                        58     33       50
  SINCE MAR 1    630                       826   -196      806
  SINCE JUL 1   3292                      4122   -830     4475

 COOLING
  YESTERDAY        7                         5      2        9
  MONTH TO DATE   44                        85    -41      120
  SINCE MAR 1     80                       127    -47      162
  SINCE JAN 1     80                       127    -47      162
..................................................................


WIND (MPH)
  HIGHEST WIND SPEED    15   HIGHEST WIND DIRECTION     W (250)
  HIGHEST GUST SPEED    22   HIGHEST GUST DIRECTION    SW (220)
  AVERAGE WIND SPEED     4.7


SKY COVER
  POSSIBLE SUNSHINE  MM
  AVERAGE SKY COVER 0.4


WEATHER CONDITIONS
 THE FOLLOWING WEATHER WAS RECORDED YESTERDAY.
  NO SIGNIFICANT WEATHER WAS OBSERVED.


RELATIVE HUMIDITY (PERCENT)
 HIGHEST    90           400 AM
 LOWEST     40           200 PM
 AVERAGE    65

..........................................................


THE PADUCAH KY CLIMATE NORMALS FOR TODAY
                         NORMAL    RECORD    YEAR
 MAXIMUM TEMPERATURE (F)   80        93      2012
 MINIMUM TEMPERATURE (F)   59        43      1992


SUNRISE AND SUNSET
MAY 25 2016...........SUNRISE   540 AM CDT   SUNSET   805 PM CDT
MAY 26 2016...........SUNRISE   539 AM CDT   SUNSET   806 PM CDT


-  INDICATES NEGATIVE NUMBERS.
R  INDICATES RECORD WAS SET OR TIED.
MM INDICATES DATA IS MISSING.
T  INDICATES TRACE AMOUNT.

&&
..........................................................
***** AGRICULTURAL DATA *****

AOIL TEMPERATURES AT A DEPTH OF FOUR INCHES

UNDER GRASS.....   MAX: 68  MIN: 66

$$
