000
CDUS43 KPAH 270633
CLIPAH


CLIMATE REPORT
NATIONAL WEATHER SERVICE PADUCAH KY
128 AM CDT THU APR 27 2017


...................................

...THE PADUCAH KY CLIMATE SUMMARY FOR APRIL 26 2017...

CLIMATE NORMAL PERIOD 1981 TO 2010
CLIMATE RECORD PERIOD 1937 TO 2017


WEATHER ITEM   OBSERVED TIME   RECORD YEAR NORMAL DEPARTURE LAST
                VALUE   (LST)  VALUE       VALUE  FROM      YEAR
                                                  NORMAL
..................................................................
TEMPERATURE (F)
 YESTERDAY
  MAXIMUM         81   1231 PM  88    1989  73      8       84
  MINIMUM         58    922 PM  35    1988  50      8       62
  AVERAGE         70                        61      9       73

PRECIPITATION (IN)
  YESTERDAY        1.53R         1.48 1985   0.18   1.35     0.30
  MONTH TO DATE    4.81                      4.08   0.73     1.41
  SINCE MAR 1      9.20                      8.01   1.19    10.62
  SINCE JAN 1     14.03                     15.60  -1.57    16.08

SNOWFALL (IN)
  YESTERDAY        0.0           0.0  2002   0.0    0.0      0.0
                                      2001
  MONTH TO DATE    0.0                       0.0    0.0      0.0
  SINCE MAR 1      1.0                       0.6    0.4       T
  SINCE JUL 1      1.2                       9.1   -7.9     12.1
  SNOW DEPTH       0

DEGREE DAYS
 HEATING
  YESTERDAY        0                         5     -5        0
  MONTH TO DATE   96                       225   -129      174
  SINCE MAR 1    532                       748   -216      533
  SINCE JUL 1   3011                      4044  -1033     3195

 COOLING
  YESTERDAY        5                         2      3        8
  MONTH TO DATE   62                        30     32       26
  SINCE MAR 1     63                        37     26       28
  SINCE JAN 1     63                        37     26       28
..................................................................


WIND (MPH)
  HIGHEST WIND SPEED    37   HIGHEST WIND DIRECTION     W (260)
  HIGHEST GUST SPEED    48   HIGHEST GUST DIRECTION     W (270)
  AVERAGE WIND SPEED     9.2


SKY COVER
  POSSIBLE SUNSHINE  MM
  AVERAGE SKY COVER 0.5


WEATHER CONDITIONS
 THE FOLLOWING WEATHER WAS RECORDED YESTERDAY.
  THUNDERSTORM
  HEAVY RAIN
  RAIN
  LIGHT RAIN
  FOG


RELATIVE HUMIDITY (PERCENT)
 HIGHEST    93          1000 PM
 LOWEST     54          1100 AM
 AVERAGE    74

..........................................................


THE PADUCAH KY CLIMATE NORMALS FOR TODAY
                         NORMAL    RECORD    YEAR
 MAXIMUM TEMPERATURE (F)   73        89      1989
 MINIMUM TEMPERATURE (F)   50        36      1946


SUNRISE AND SUNSET
APRIL 27 2017.........SUNRISE   605 AM CDT   SUNSET   741 PM CDT
APRIL 28 2017.........SUNRISE   604 AM CDT   SUNSET   742 PM CDT


-  INDICATES NEGATIVE NUMBERS.
R  INDICATES RECORD WAS SET OR TIED.
MM INDICATES DATA IS MISSING.
T  INDICATES TRACE AMOUNT.

&&


***** AGRICULTURAL DATA *****

SOIL TEMPERATURES AT A DEPTH OF FOUR INCHES

UNDER GRASS...  MAX: 63    MIN: 62




$$
