000
CDUS43 KPAH 250632
CLIPAH


CLIMATE REPORT
NATIONAL WEATHER SERVICE PADUCAH KY
1229 AM CST WED FEB 25 2015


...................................

...THE PADUCAH KY CLIMATE SUMMARY FOR FEBRUARY 24 2015...

CLIMATE NORMAL PERIOD 1981 TO 2010
CLIMATE RECORD PERIOD 1937 TO 2015


WEATHER ITEM   OBSERVED TIME   RECORD YEAR NORMAL DEPARTURE LAST
                VALUE   (LST)  VALUE       VALUE  FROM      YEAR
                                                  NORMAL
..................................................................
TEMPERATURE (F)
 YESTERDAY
  MAXIMUM         30    536 PM  73    2000  52    -22       45
  MINIMUM         16    725 AM   9    1967  32    -16       25
  AVERAGE         23                        42    -19       35

PRECIPITATION (IN)
  YESTERDAY        0.00          3.20 2011   0.15  -0.15     0.00
  MONTH TO DATE    4.73                      3.37   1.36     3.15
  SINCE DEC 1     10.18                     11.64  -1.46    13.32
  SINCE JAN 1      7.29                      7.05   0.24     5.18

SNOWFALL (IN)
  YESTERDAY        0.0           6.0  1965   0.1   -0.1      0.0
  MONTH TO DATE   13.0                       2.9   10.1      6.6
  SINCE DEC 1     13.7                       8.1    5.6     12.9
  SINCE JUL 1     16.5                       8.2    8.3     12.9
  SNOW DEPTH       4

DEGREE DAYS
 HEATING
  YESTERDAY       42                        23     19       30
  MONTH TO DATE  874                       633    241      786
  SINCE DEC 1   2570                      2429    141     2721
  SINCE JUL 1   3507                      3206    301     3523

 COOLING
  YESTERDAY        0                         0      0        0
  MONTH TO DATE    0                         0      0        0
  SINCE DEC 1      0                         0      0        0
  SINCE JAN 1      0                         0      0        0
..................................................................


WIND (MPH)
  HIGHEST WIND SPEED    16   HIGHEST WIND DIRECTION     W (250)
  HIGHEST GUST SPEED    19   HIGHEST GUST DIRECTION    SW (240)
  AVERAGE WIND SPEED     7.3


SKY COVER
  POSSIBLE SUNSHINE  MM
  AVERAGE SKY COVER 0.3


WEATHER CONDITIONS
 THE FOLLOWING WEATHER WAS RECORDED YESTERDAY.
  NO SIGNIFICANT WEATHER WAS OBSERVED.


RELATIVE HUMIDITY (PERCENT)
 HIGHEST    74          1000 PM
 LOWEST     43           300 PM
 AVERAGE    59

..........................................................


THE PADUCAH KY CLIMATE NORMALS FOR TODAY
                         NORMAL    RECORD    YEAR
 MAXIMUM TEMPERATURE (F)   52        75      1981
                                             1944
 MINIMUM TEMPERATURE (F)   32         4      1967


SUNRISE AND SUNSET
FEBRUARY 25 2015......SUNRISE   632 AM CST   SUNSET   545 PM CST
FEBRUARY 26 2015......SUNRISE   630 AM CST   SUNSET   546 PM CST


-  INDICATES NEGATIVE NUMBERS.
R  INDICATES RECORD WAS SET OR TIED.
MM INDICATES DATA IS MISSING.
T  INDICATES TRACE AMOUNT.

&&
..........................................................
***** AGRICULTURAL DATA ******

SOIL TEMPERATURES AT A DEPTH OF FOUR INCHES

UNDER GRASS...  MAX: 36  MIN: 35

$$
