000
CDUS43 KPAH 210637
CLIPAH

CLIMATE REPORT
NATIONAL WEATHER SERVICE PADUCAH KY
1228 AM CST WED FEB 21 2018

...................................

...THE PADUCAH KY CLIMATE SUMMARY FOR FEBRUARY 20 2018...

CLIMATE NORMAL PERIOD 1981 TO 2010
CLIMATE RECORD PERIOD 1937 TO 2018

WEATHER ITEM   OBSERVED TIME   RECORD YEAR NORMAL DEPARTURE LAST
                VALUE   (LST)  VALUE       VALUE  FROM      YEAR
                                                  NORMAL
..................................................................
TEMPERATURE (F)
 YESTERDAY
  MAXIMUM         77R   322 PM  75    2017  51     26       75
  MINIMUM         67    733 AM   9    2015  31     36       44
  AVERAGE         72                        41     31       60

PRECIPITATION (IN)
  YESTERDAY        0.00          2.75 1951   0.14  -0.14     0.00
  MONTH TO DATE    2.21                      2.80  -0.59     1.15
  SINCE DEC 1      9.48                     11.07  -1.59     9.66
  SINCE JAN 1      6.21                      6.48  -0.27     3.65

SNOWFALL (IN)
  YESTERDAY        0.0           1.0  1963   0.1   -0.1      0.0
  MONTH TO DATE    0.1                       2.5   -2.4       T
  SINCE DEC 1     12.5                       7.7    4.8      0.2
  SINCE JUL 1     12.5                       7.8    4.7      0.2
  SNOW DEPTH       0

DEGREE DAYS
 HEATING
  YESTERDAY        0                        24    -24        5
  MONTH TO DATE  483                       539    -56      382
  SINCE DEC 1   2374                      2335     39     1902
  SINCE JUL 1   3057                      3112    -55     2403

 COOLING
  YESTERDAY        7                         0      7        0
  MONTH TO DATE   11                         0     11        0
  SINCE DEC 1     11                         0     11        0
  SINCE JAN 1     11                         0     11        0
..................................................................

WIND (MPH)
  HIGHEST WIND SPEED    21   HIGHEST WIND DIRECTION    SW (210)
  HIGHEST GUST SPEED    36   HIGHEST GUST DIRECTION    SW (220)
  AVERAGE WIND SPEED    12.6

SKY COVER
  POSSIBLE SUNSHINE  MM
  AVERAGE SKY COVER 0.4

WEATHER CONDITIONS
 THE FOLLOWING WEATHER WAS RECORDED YESTERDAY.
  NO SIGNIFICANT WEATHER WAS OBSERVED.

RELATIVE HUMIDITY (PERCENT)
 HIGHEST    73           600 AM
 LOWEST     50          1100 AM
 AVERAGE    62
..........................................................

THE PADUCAH KY CLIMATE NORMALS FOR TODAY
                         NORMAL    RECORD    YEAR
 MAXIMUM TEMPERATURE (F)   51        71      1983
 MINIMUM TEMPERATURE (F)   31         1      1963

SUNRISE AND SUNSET
FEBRUARY 21 2018......SUNRISE   636 AM CST   SUNSET   541 PM CST
FEBRUARY 22 2018......SUNRISE   635 AM CST   SUNSET   542 PM CST

-  INDICATES NEGATIVE NUMBERS.
R  INDICATES RECORD WAS SET OR TIED.
MM INDICATES DATA IS MISSING.
T  INDICATES TRACE AMOUNT.

&&
...........................................................
***** AGRICULTURAL DATA *****

SOIL TEMPERATURES AT A DEPTH OF FOUR INCHES

UNDER GRASS... MAX: 51    MIN: 48

$$
