000
CDUS43 KPAH 220633
CLIPAH


CLIMATE REPORT
NATIONAL WEATHER SERVICE PADUCAH KY
132 AM CDT SUN MAY 22 2016


...................................

...THE PADUCAH KY CLIMATE SUMMARY FOR MAY 21 2016...

CLIMATE NORMAL PERIOD 1981 TO 2010
CLIMATE RECORD PERIOD 1937 TO 2016


WEATHER ITEM   OBSERVED TIME   RECORD YEAR NORMAL DEPARTURE LAST
                VALUE   (LST)  VALUE       VALUE  FROM      YEAR
                                                  NORMAL
..................................................................
TEMPERATURE (F)
 YESTERDAY
  MAXIMUM         74    457 PM  94    1987  79     -5       63
  MINIMUM         53   1134 PM  41    1954  58     -5       45
  AVERAGE         64                        68     -4       54

PRECIPITATION (IN)
  YESTERDAY        0.00          1.25 2013   0.14  -0.14     0.00
  MONTH TO DATE    3.37                      3.49  -0.12     2.63
  SINCE MAR 1     15.84                     12.18   3.66    17.25
  SINCE JAN 1     21.30                     19.77   1.53    24.54

SNOWFALL (IN)
  YESTERDAY        0.0           0.0  2002   0.0    0.0      0.0
                                      2001
  MONTH TO DATE    0.0                       0.0    0.0      0.0
  SINCE MAR 1      T                         0.6   -0.6     12.1
  SINCE JUL 1     12.1                       9.1    3.0     28.6
  SNOW DEPTH       0

DEGREE DAYS
 HEATING
  YESTERDAY        1                         1      0       11
  MONTH TO DATE   91                        55     36       44
  SINCE MAR 1    630                       823   -193      800
  SINCE JUL 1   3292                      4119   -827     4469

 COOLING
  YESTERDAY        0                         5     -5        0
  MONTH TO DATE   34                        70    -36      106
  SINCE MAR 1     70                       112    -42      148
  SINCE JAN 1     70                       112    -42      148
..................................................................


WIND (MPH)
  HIGHEST WIND SPEED    18   HIGHEST WIND DIRECTION     N (350)
  HIGHEST GUST SPEED    25   HIGHEST GUST DIRECTION     N (360)
  AVERAGE WIND SPEED     5.5


SKY COVER
  POSSIBLE SUNSHINE  MM
  AVERAGE SKY COVER 0.5


WEATHER CONDITIONS
 THE FOLLOWING WEATHER WAS RECORDED YESTERDAY.
  FOG


RELATIVE HUMIDITY (PERCENT)
 HIGHEST    93           400 AM
 LOWEST     44          1100 AM
 AVERAGE    69

..........................................................


THE PADUCAH KY CLIMATE NORMALS FOR TODAY
                         NORMAL    RECORD    YEAR
 MAXIMUM TEMPERATURE (F)   80        96      1941
 MINIMUM TEMPERATURE (F)   58        42      2002


SUNRISE AND SUNSET
MAY 22 2016...........SUNRISE   541 AM CDT   SUNSET   803 PM CDT
MAY 23 2016...........SUNRISE   541 AM CDT   SUNSET   803 PM CDT


-  INDICATES NEGATIVE NUMBERS.
R  INDICATES RECORD WAS SET OR TIED.
MM INDICATES DATA IS MISSING.
T  INDICATES TRACE AMOUNT.

&&
...........................................................

***** AGRICULTURAL DATA *****

SOIL TEMPERATURES AT A DEPTH OF FOUR INCHES

UNDER GRASS...  MAX: 63  MIN: 63


$$
