000
CDUS43 KPAH 190630
CLIPAH


CLIMATE REPORT
NATIONAL WEATHER SERVICE PADUCAH KY
1228 AM CST WED NOV 19 2014

...................................

...THE PADUCAH KY CLIMATE SUMMARY FOR NOVEMBER 18 2014...

CLIMATE NORMAL PERIOD 1981 TO 2010
CLIMATE RECORD PERIOD 1937 TO 2014

WEATHER ITEM   OBSERVED TIME   RECORD YEAR NORMAL DEPARTURE LAST
                VALUE   (LST)  VALUE       VALUE  FROM      YEAR
                                                  NORMAL
..................................................................
TEMPERATURE (F)
 YESTERDAY
  MAXIMUM         25   1159 PM  78    1985  57    -32       62
  MINIMUM         10R   615 AM  14    1959  37    -27       34
  AVERAGE         18                        47    -29       48

PRECIPITATION (IN)
  YESTERDAY        0.00          3.59 1957   0.16  -0.16     0.00
  MONTH TO DATE    1.29                      2.42  -1.13     1.92
  SINCE SEP 1      5.88                     10.13  -4.25    11.08
  SINCE JAN 1     42.65                     42.61   0.04    51.85

SNOWFALL (IN)
  YESTERDAY        0.0           T    1969   0.0    0.0      0.0
  MONTH TO DATE    2.8                       0.0    2.8       T
  SINCE SEP 1      2.8                       0.1    2.7       T
  SINCE JUL 1      2.8                       0.1    2.7       T
  SNOW DEPTH       1

DEGREE DAYS
 HEATING
  YESTERDAY       47                        18     29       17
  MONTH TO DATE  448                       262    186      276
  SINCE SEP 1    673                       528    145      485
  SINCE JUL 1    673                       529    144      485

 COOLING
  YESTERDAY        0                         0      0        0
  MONTH TO DATE    0                         0      0        0
  SINCE SEP 1    251                       225     26      304
  SINCE JAN 1   1722                      1538    184     1478
..................................................................

WIND (MPH)
  HIGHEST WIND SPEED    16   HIGHEST WIND DIRECTION     W (250)
  HIGHEST GUST SPEED    19   HIGHEST GUST DIRECTION     W (290)
  AVERAGE WIND SPEED     7.9

SKY COVER
  POSSIBLE SUNSHINE  MM
  AVERAGE SKY COVER 0.0

WEATHER CONDITIONS
 THE FOLLOWING WEATHER WAS RECORDED YESTERDAY.
  NO SIGNIFICANT WEATHER WAS OBSERVED.

RELATIVE HUMIDITY (PERCENT)
 HIGHEST    67           400 AM
 LOWEST     49           200 AM
 AVERAGE    58
..........................................................

THE PADUCAH KY CLIMATE NORMALS FOR TODAY
                         NORMAL    RECORD    YEAR
 MAXIMUM TEMPERATURE (F)   57        78      1985
 MINIMUM TEMPERATURE (F)   37        18      1951

SUNRISE AND SUNSET
NOVEMBER 19 2014......SUNRISE   638 AM CST   SUNSET   443 PM CST
NOVEMBER 20 2014......SUNRISE   639 AM CST   SUNSET   442 PM CST

-  INDICATES NEGATIVE NUMBERS.
R  INDICATES RECORD WAS SET OR TIED.
MM INDICATES DATA IS MISSING.
T  INDICATES TRACE AMOUNT.

$$
