000
CDUS43 KPAH 240639
CLIPAH

CLIMATE REPORT
NATIONAL WEATHER SERVICE PADUCAH KY
134 AM CDT WED MAY 24 2017


...................................

...THE PADUCAH KY CLIMATE SUMMARY FOR MAY 23 2017...

CLIMATE NORMAL PERIOD 1981 TO 2010
CLIMATE RECORD PERIOD 1937 TO 2017


WEATHER ITEM   OBSERVED TIME   RECORD YEAR NORMAL DEPARTURE LAST
                VALUE   (LST)  VALUE       VALUE  FROM      YEAR
                                                  NORMAL
..................................................................
TEMPERATURE (F)
 YESTERDAY
  MAXIMUM         77    301 PM  95    1941  80     -3       86
  MINIMUM         55    456 AM  38    1963  58     -3       50
  AVERAGE         66                        69     -3       68

PRECIPITATION (IN)
  YESTERDAY        T             1.20 1957   0.15  -0.15     0.00
  MONTH TO DATE    3.56                      3.78  -0.22     3.37
  SINCE MAR 1     16.13                     12.47   3.66    15.84
  SINCE JAN 1     20.96                     20.06   0.90    21.30

SNOWFALL (IN)
  YESTERDAY        0.0           0.0  2002   0.0    0.0      0.0
                                      2001
  MONTH TO DATE    0.0                       0.0    0.0      0.0
  SINCE MAR 1      1.0                       0.6    0.4       T
  SINCE JUL 1      1.2                       9.1   -7.9     12.1
  SNOW DEPTH       0

DEGREE DAYS
 HEATING
  YESTERDAY        0                         1     -1        0
  MONTH TO DATE   58                        57      1       91
  SINCE MAR 1    598                       825   -227      630
  SINCE JUL 1   3077                      4121  -1044     3292

 COOLING
  YESTERDAY        1                         5     -4        3
  MONTH TO DATE  105                        80     25       37
  SINCE MAR 1    181                       122     59       73
  SINCE JAN 1    181                       122     59       73
..................................................................


WIND (MPH)
  HIGHEST WIND SPEED    12   HIGHEST WIND DIRECTION    NW (330)
  HIGHEST GUST SPEED    16   HIGHEST GUST DIRECTION    NW (330)
  AVERAGE WIND SPEED     2.9


SKY COVER
  POSSIBLE SUNSHINE  MM
  AVERAGE SKY COVER 0.4


WEATHER CONDITIONS
 THE FOLLOWING WEATHER WAS RECORDED YESTERDAY.
  NO SIGNIFICANT WEATHER WAS OBSERVED.


RELATIVE HUMIDITY (PERCENT)
 HIGHEST    93           200 AM
 LOWEST     33           300 PM
 AVERAGE    63

..........................................................


THE PADUCAH KY CLIMATE NORMALS FOR TODAY
                         NORMAL    RECORD    YEAR
 MAXIMUM TEMPERATURE (F)   80        93      1996
 MINIMUM TEMPERATURE (F)   59        45      1963
                                             1961


SUNRISE AND SUNSET
MAY 24 2017...........SUNRISE   540 AM CDT   SUNSET   804 PM CDT
MAY 25 2017...........SUNRISE   540 AM CDT   SUNSET   805 PM CDT


-  INDICATES NEGATIVE NUMBERS.
R  INDICATES RECORD WAS SET OR TIED.
MM INDICATES DATA IS MISSING.
T  INDICATES TRACE AMOUNT.

&&

***** AGRICULTURAL DATA *****

SOIL TEMPERATURES AT A DEPTH OF FOUR INCHES

UNDER GRASS...  MAX: 70    MIN: 70

$$
