000
CDUS43 KPAH 220628
CLIPAH


CLIMATE REPORT
NATIONAL WEATHER SERVICE PADUCAH KY
127 AM CDT TUE APR 22 2014

...................................

...THE PADUCAH KY CLIMATE SUMMARY FOR APRIL 21 2014...

CLIMATE NORMAL PERIOD 1981 TO 2010
CLIMATE RECORD PERIOD 1937 TO 2014

WEATHER ITEM   OBSERVED TIME   RECORD YEAR NORMAL DEPARTURE LAST
                VALUE   (LST)  VALUE       VALUE  FROM      YEAR
                                                  NORMAL
..................................................................
TEMPERATURE (F)
 YESTERDAY
  MAXIMUM         78   1107 AM  90    1987  71      7       65
                                      1946
  MINIMUM         55    307 AM  30    1943  48      7       39
  AVERAGE         67                        60      7       52

PRECIPITATION (IN)
  YESTERDAY        0.05          2.13 1951   0.18  -0.13     0.00
  MONTH TO DATE    4.78                      3.21   1.57     3.91
  SINCE MAR 1      8.43                      7.14   1.29     7.93
  SINCE JAN 1     13.61                     14.73  -1.12    19.68

SNOWFALL (IN)
  YESTERDAY        0.0           0.0  2002   0.0    0.0      0.0
                                      2001
  MONTH TO DATE    0.0                       0.0    0.0      0.0
  SINCE MAR 1      5.6                       0.6    5.0      0.7
  SINCE JUL 1     18.5                       9.1    9.4      6.8
  SNOW DEPTH       0

DEGREE DAYS
 HEATING
  YESTERDAY        0                         7     -7       13
  MONTH TO DATE  155                       197    -42      210
  SINCE MAR 1    801                       720     81      925
  SINCE JUL 1   4456                      4016    440     4036

 COOLING
  YESTERDAY        2                         1      1        0
  MONTH TO DATE   23                        21      2       31
  SINCE MAR 1     23                        28     -5       31
  SINCE JAN 1     23                        28     -5       31
..................................................................

WIND (MPH)
  HIGHEST WIND SPEED    15   HIGHEST WIND DIRECTION     W (270)
  HIGHEST GUST SPEED    19   HIGHEST GUST DIRECTION     W (260)
  AVERAGE WIND SPEED     5.3

SKY COVER
  POSSIBLE SUNSHINE  MM
  AVERAGE SKY COVER 0.5

WEATHER CONDITIONS
 THE FOLLOWING WEATHER WAS RECORDED YESTERDAY.
  RAIN
  LIGHT RAIN
  FOG

RELATIVE HUMIDITY (PERCENT)
 HIGHEST    78          1100 PM
 LOWEST     40          1100 AM
 AVERAGE    59
..........................................................

THE PADUCAH KY CLIMATE NORMALS FOR TODAY
                         NORMAL    RECORD    YEAR
 MAXIMUM TEMPERATURE (F)   72        88      1980
 MINIMUM TEMPERATURE (F)   49        31      1993

SUNRISE AND SUNSET
APRIL 22 2014.........SUNRISE   612 AM CDT   SUNSET   736 PM CDT
APRIL 23 2014.........SUNRISE   610 AM CDT   SUNSET   737 PM CDT

-  INDICATES NEGATIVE NUMBERS.
R  INDICATES RECORD WAS SET OR TIED.
MM INDICATES DATA IS MISSING.
T  INDICATES TRACE AMOUNT.

$$
