000
CDUS43 KPAH 040632
CLIPAH


CLIMATE REPORT
NATIONAL WEATHER SERVICE PADUCAH KY
129 AM CDT WED MAY 4 2016


...................................

...THE PADUCAH KY CLIMATE SUMMARY FOR MAY 3 2016...

CLIMATE NORMAL PERIOD 1981 TO 2010
CLIMATE RECORD PERIOD 1937 TO 2016


WEATHER ITEM   OBSERVED TIME   RECORD YEAR NORMAL DEPARTURE LAST
                VALUE   (LST)  VALUE       VALUE  FROM      YEAR
                                                  NORMAL
..................................................................
TEMPERATURE (F)
 YESTERDAY
  MAXIMUM         66    307 PM  90    1938  75     -9       81
  MINIMUM         49   1159 PM  37    2005  52     -3       50
                                      1971
                                      1967
  AVERAGE         58                        64     -6       66

PRECIPITATION (IN)
  YESTERDAY        0.00          2.44 1979   0.18  -0.18     0.00
  MONTH TO DATE    0.00                      0.52  -0.52     0.00
  SINCE MAR 1     12.47                      9.21   3.26    14.62
  SINCE JAN 1     17.93                     16.80   1.13    21.91

SNOWFALL (IN)
  YESTERDAY        0.0                       0.0    0.0      0.0
  MONTH TO DATE    0.0                       0.0    0.0      0.0
  SINCE MAR 1      T                         0.6   -0.6     12.1
  SINCE JUL 1     12.1                       9.1    3.0     28.6
  SNOW DEPTH       0

DEGREE DAYS
 HEATING
  YESTERDAY        7                         4      3        0
  MONTH TO DATE   10                        12     -2       15
  SINCE MAR 1    549                       780   -231      771
  SINCE JUL 1   3211                      4076   -865     4440

 COOLING
  YESTERDAY        0                         2     -2        1
  MONTH TO DATE    6                         6      0        1
  SINCE MAR 1     42                        48     -6       43
  SINCE JAN 1     42                        48     -6       43
..................................................................


WIND (MPH)
  HIGHEST WIND SPEED    10   HIGHEST WIND DIRECTION    NW (330)
  HIGHEST GUST SPEED    21   HIGHEST GUST DIRECTION    NW (320)
  AVERAGE WIND SPEED     4.7


SKY COVER
  POSSIBLE SUNSHINE  MM
  AVERAGE SKY COVER 0.9


WEATHER CONDITIONS
 THE FOLLOWING WEATHER WAS RECORDED YESTERDAY.
  NO SIGNIFICANT WEATHER WAS OBSERVED.


RELATIVE HUMIDITY (PERCENT)
 HIGHEST    89           500 AM
 LOWEST     48           300 PM
 AVERAGE    69

..........................................................


THE PADUCAH KY CLIMATE NORMALS FOR TODAY
                         NORMAL    RECORD    YEAR
 MAXIMUM TEMPERATURE (F)   75        89      2012
 MINIMUM TEMPERATURE (F)   53        34      1976
                                             1954


SUNRISE AND SUNSET
MAY  4 2016...........SUNRISE   557 AM CDT   SUNSET   747 PM CDT
MAY  5 2016...........SUNRISE   556 AM CDT   SUNSET   748 PM CDT


-  INDICATES NEGATIVE NUMBERS.
R  INDICATES RECORD WAS SET OR TIED.
MM INDICATES DATA IS MISSING.
T  INDICATES TRACE AMOUNT.

&&
...........................................................
***** AGRICULTURAL DATA *****

SOIL TEMPERATURES AT A DEPTH OF FOUR INCHES

UNDER GRASS...  MAX: 69  MIN: 66

$$
