000
CDUS43 KPAH 220629
CLIPAH


CLIMATE REPORT
NATIONAL WEATHER SERVICE PADUCAH KY
127 AM CDT FRI SEP 22 2017


...................................

...THE PADUCAH KY CLIMATE SUMMARY FOR SEPTEMBER 21 2017...

CLIMATE NORMAL PERIOD 1981 TO 2010
CLIMATE RECORD PERIOD 1937 TO 2017


WEATHER ITEM   OBSERVED TIME   RECORD YEAR NORMAL DEPARTURE LAST
                VALUE   (LST)  VALUE       VALUE  FROM      YEAR
                                                  NORMAL
..................................................................
TEMPERATURE (F)
 YESTERDAY
  MAXIMUM         93    336 PM  98    1940  80     13       89
  MINIMUM         68    548 AM  38    1991  56     12       59
  AVERAGE         81                        68     13       74

PRECIPITATION (IN)
  YESTERDAY        0.00          2.57 1979   0.12  -0.12     0.00
  MONTH TO DATE    2.55                      2.53   0.02     0.66
  SINCE SEP 1      2.55                      2.53   0.02     0.66
  SINCE JAN 1     35.68                     35.01   0.67    43.33

SNOWFALL (IN)
  YESTERDAY        0.0           0.0  2002   0.0    0.0      0.0
                                      2001
  MONTH TO DATE    0.0                       0.0    0.0      0.0
  SINCE SEP 1      0.0                       0.0    0.0      0.0
  SINCE JUL 1      0.0                       0.0    0.0      0.0
  SNOW DEPTH       0

DEGREE DAYS
 HEATING
  YESTERDAY        0                         2     -2        0
  MONTH TO DATE   11                        11      0        0
  SINCE SEP 1     11                        11      0        0
  SINCE JUL 1     11                        12     -1        0

 COOLING
  YESTERDAY       16                         5     11        9
  MONTH TO DATE  133                       155    -22      233
  SINCE SEP 1    133                       155    -22      233
  SINCE JAN 1   1507                      1468     39     1763
..................................................................


WIND (MPH)
  HIGHEST WIND SPEED    10   HIGHEST WIND DIRECTION     W (270)
  HIGHEST GUST SPEED    12   HIGHEST GUST DIRECTION     W (270)
  AVERAGE WIND SPEED     3.1


SKY COVER
  POSSIBLE SUNSHINE  MM
  AVERAGE SKY COVER 0.1


WEATHER CONDITIONS
 THE FOLLOWING WEATHER WAS RECORDED YESTERDAY.
  FOG
  FOG W/VISIBILITY <= 1/4 MILE
  HAZE


RELATIVE HUMIDITY (PERCENT)
 HIGHEST    90           500 AM
 LOWEST     44           200 PM
 AVERAGE    67

..........................................................


THE PADUCAH KY CLIMATE NORMALS FOR TODAY
                         NORMAL    RECORD    YEAR
 MAXIMUM TEMPERATURE (F)   80        98      1940
 MINIMUM TEMPERATURE (F)   55        38      1999


SUNRISE AND SUNSET
SEPTEMBER 22 2017.....SUNRISE   643 AM CDT   SUNSET   652 PM CDT
SEPTEMBER 23 2017.....SUNRISE   644 AM CDT   SUNSET   650 PM CDT


-  INDICATES NEGATIVE NUMBERS.
R  INDICATES RECORD WAS SET OR TIED.
MM INDICATES DATA IS MISSING.
T  INDICATES TRACE AMOUNT.

&&

..............................................

     ***** AGRICULTURAL DATA *****

SOIL TEMPERATURES AT A DEPTH OF FOUR INCHES

UNDER GRASS... MAX: 76     MIN: 75


$$
