000
CDUS43 KPAH 050648
CLIPAH


CLIMATE REPORT
NATIONAL WEATHER SERVICE PADUCAH KY
145 AM CDT SUN JUL 5 2015


...................................

...THE PADUCAH KY CLIMATE SUMMARY FOR JULY 4 2015...

CLIMATE NORMAL PERIOD 1981 TO 2010
CLIMATE RECORD PERIOD 1937 TO 2015


WEATHER ITEM   OBSERVED TIME   RECORD YEAR NORMAL DEPARTURE LAST
                VALUE   (LST)  VALUE       VALUE  FROM      YEAR
                                                  NORMAL
..................................................................
TEMPERATURE (F)
 YESTERDAY
  MAXIMUM         82   1256 PM 101    2012  89     -7       83
  MINIMUM         69   1159 PM  52    1968  69      0       58
  AVERAGE         76                        79     -3       71

PRECIPITATION (IN)
  YESTERDAY        0.00          3.44 1984   0.14  -0.14     0.00
  MONTH TO DATE    2.81                      0.58   2.23     0.93
  SINCE JUN 1      5.25                      4.64   0.61     7.62
  SINCE JAN 1     30.87                     25.86   5.01    27.81

SNOWFALL (IN)
  YESTERDAY        0.0           T    1992   0.0    0.0      0.0
  MONTH TO DATE    0.0                       0.0    0.0      0.0
  SINCE JUN 1      0.0                       0.0    0.0      0.0
  SINCE JUL 1      0.0                       0.0    0.0      0.0
  SNOW DEPTH       0

DEGREE DAYS
 HEATING
  YESTERDAY        0                         0      0        0
  MONTH TO DATE    0                         0      0        0
  SINCE JUN 1      2                         4     -2        0
  SINCE JUL 1      0                         0      0        0

 COOLING
  YESTERDAY       11                        14     -3        6
  MONTH TO DATE   49                        56     -7       38
  SINCE JUN 1    450                       376     74      443
  SINCE JAN 1    661                       548    113      721
..................................................................


WIND (MPH)
  HIGHEST WIND SPEED     8   HIGHEST WIND DIRECTION    NE (40)
  HIGHEST GUST SPEED    10   HIGHEST GUST DIRECTION    NE (40)
  AVERAGE WIND SPEED     2.4


SKY COVER
  POSSIBLE SUNSHINE  MM
  AVERAGE SKY COVER 0.5


WEATHER CONDITIONS
 THE FOLLOWING WEATHER WAS RECORDED YESTERDAY.
  FOG
  FOG W/VISIBILITY <= 1/4 MILE
  HAZE


RELATIVE HUMIDITY (PERCENT)
 HIGHEST    97          1200 AM
 LOWEST     62          1200 PM
 AVERAGE    80

..........................................................


THE PADUCAH KY CLIMATE NORMALS FOR TODAY
                         NORMAL    RECORD    YEAR
 MAXIMUM TEMPERATURE (F)   89       105      2012
 MINIMUM TEMPERATURE (F)   69        53      1968


SUNRISE AND SUNSET
JULY  5 2015..........SUNRISE   541 AM CDT   SUNSET   818 PM CDT
JULY  6 2015..........SUNRISE   541 AM CDT   SUNSET   818 PM CDT


-  INDICATES NEGATIVE NUMBERS.
R  INDICATES RECORD WAS SET OR TIED.
MM INDICATES DATA IS MISSING.
T  INDICATES TRACE AMOUNT.

&&
...........................................................
***** AGRICULTURAL DATA *****

SOIL TEMPERATURES AT A DEPTH OF FOUR INCHES

UNDER GRASS...  MAX: 76  MIN: 76

$$
