000
CDUS43 KPAH 260631
CLIPAH


CLIMATE REPORT
NATIONAL WEATHER SERVICE PADUCAH KY
1230 AM CST FRI DEC 26 2014


...................................

...THE PADUCAH KY CLIMATE SUMMARY FOR DECEMBER 25 2014...

CLIMATE NORMAL PERIOD 1981 TO 2010
CLIMATE RECORD PERIOD 1937 TO 2014


WEATHER ITEM   OBSERVED TIME   RECORD YEAR NORMAL DEPARTURE LAST
                VALUE   (LST)  VALUE       VALUE  FROM      YEAR
                                                  NORMAL
..................................................................
TEMPERATURE (F)
 YESTERDAY
  MAXIMUM         50    329 PM  69    1982  44      6       45
  MINIMUM         35    719 AM  -8    2004  27      8       18
  AVERAGE         43                        35      8       32

PRECIPITATION (IN)
  YESTERDAY        0.00          3.78 1987   0.14  -0.14     0.00
  MONTH TO DATE    2.34                      3.78  -1.44     7.94
  SINCE DEC 1      2.34                      3.78  -1.44     7.94
  SINCE JAN 1     46.29                     48.27  -1.98    60.14

SNOWFALL (IN)
  YESTERDAY        0.0           4.0  1969   0.1   -0.1      0.0
  MONTH TO DATE    0.2                       1.7   -1.5      5.2
  SINCE DEC 1      0.2                       1.7   -1.5      5.2
  SINCE JUL 1      3.0                       1.8    1.2      5.2
  SNOW DEPTH       0

DEGREE DAYS
 HEATING
  YESTERDAY       22                        30     -8       33
  MONTH TO DATE  579                       674    -95      675
  SINCE DEC 1    579                       674    -95      675
  SINCE JUL 1   1516                      1451     65     1477

 COOLING
  YESTERDAY        0                         0      0        0
  MONTH TO DATE    0                         0      0        0
  SINCE DEC 1      0                         0      0        0
  SINCE JAN 1   1722                      1542    180     1478
..................................................................


WIND (MPH)
  HIGHEST WIND SPEED    16   HIGHEST WIND DIRECTION    SW (220)
  HIGHEST GUST SPEED    24   HIGHEST GUST DIRECTION    SW (220)
  AVERAGE WIND SPEED     8.2


SKY COVER
  POSSIBLE SUNSHINE  MM
  AVERAGE SKY COVER 0.3


WEATHER CONDITIONS
 THE FOLLOWING WEATHER WAS RECORDED YESTERDAY.
  NO SIGNIFICANT WEATHER WAS OBSERVED.


RELATIVE HUMIDITY (PERCENT)
 HIGHEST    82           700 AM
 LOWEST     52           300 PM
 AVERAGE    67

..........................................................


THE PADUCAH KY CLIMATE NORMALS FOR TODAY
                         NORMAL    RECORD    YEAR
 MAXIMUM TEMPERATURE (F)   44        68      2008
                                             1971
 MINIMUM TEMPERATURE (F)   27         4      1983


SUNRISE AND SUNSET
DECEMBER 26 2014......SUNRISE   707 AM CST   SUNSET   445 PM CST
DECEMBER 27 2014......SUNRISE   707 AM CST   SUNSET   445 PM CST


-  INDICATES NEGATIVE NUMBERS.
R  INDICATES RECORD WAS SET OR TIED.
MM INDICATES DATA IS MISSING.
T  INDICATES TRACE AMOUNT.

&&
.........................................................

***** AGRICULTURAL DATA *****

SOIL TEMPERATURES AT A DEPTH OF FOUR INCHES

UNDER GRASS.........  MAX: 45  MIN: 44


$$
