000
CDUS43 KPAH 240636
CLIPAH


CLIMATE REPORT
NATIONAL WEATHER SERVICE PADUCAH KY
132 AM CDT FRI MAR 24 2017


...................................

...THE PADUCAH KY CLIMATE SUMMARY FOR MARCH 23 2017...

CLIMATE NORMAL PERIOD 1981 TO 2010
CLIMATE RECORD PERIOD 1937 TO 2017


WEATHER ITEM   OBSERVED TIME   RECORD YEAR NORMAL DEPARTURE LAST
                VALUE   (LST)  VALUE       VALUE  FROM      YEAR
                                                  NORMAL
..................................................................
TEMPERATURE (F)
 YESTERDAY
  MAXIMUM         61    338 PM  81    1987  62     -1       69
  MINIMUM         38    933 AM  19    1960  40     -2       56
  AVERAGE         50                        50      0       63

PRECIPITATION (IN)
  YESTERDAY        0.06          2.78 1958   0.13  -0.07     0.00
  MONTH TO DATE    3.15                      2.81   0.34     5.42
  SINCE MAR 1      3.15                      2.81   0.34     5.42
  SINCE JAN 1      7.98                     10.40  -2.42    10.88

SNOWFALL (IN)
  YESTERDAY        0.0           T    2008   0.0    0.0      0.0
                                      1990
  MONTH TO DATE    1.0                       0.6    0.4       T
  SINCE MAR 1      1.0                       0.6    0.4       T
  SINCE JUL 1      1.2                       9.1   -7.9     12.1
  SNOW DEPTH       0

DEGREE DAYS
 HEATING
  YESTERDAY       15                        15      0        2
  MONTH TO DATE  400                       416    -16      278
  SINCE MAR 1    400                       416    -16      278
  SINCE JUL 1   2879                      3712   -833     2940

 COOLING
  YESTERDAY        0                         0      0        0
  MONTH TO DATE    0                         0      0        1
  SINCE MAR 1      0                         0      0        1
  SINCE JAN 1      0                         0      0        1
..................................................................


WIND (MPH)
  HIGHEST WIND SPEED    14   HIGHEST WIND DIRECTION     E (110)
  HIGHEST GUST SPEED    17   HIGHEST GUST DIRECTION    SE (120)
  AVERAGE WIND SPEED     8.1


SKY COVER
  POSSIBLE SUNSHINE  MM
  AVERAGE SKY COVER 0.4


WEATHER CONDITIONS
 THE FOLLOWING WEATHER WAS RECORDED YESTERDAY.
  THUNDERSTORM
  LIGHT RAIN


RELATIVE HUMIDITY (PERCENT)
 HIGHEST    79          1000 AM
 LOWEST     45           200 AM
 AVERAGE    62

..........................................................


THE PADUCAH KY CLIMATE NORMALS FOR TODAY
                         NORMAL    RECORD    YEAR
 MAXIMUM TEMPERATURE (F)   62        84      1939
 MINIMUM TEMPERATURE (F)   40        15      1974


SUNRISE AND SUNSET
MARCH 24 2017.........SUNRISE   652 AM CDT   SUNSET   711 PM CDT
MARCH 25 2017.........SUNRISE   651 AM CDT   SUNSET   712 PM CDT


-  INDICATES NEGATIVE NUMBERS.
R  INDICATES RECORD WAS SET OR TIED.
MM INDICATES DATA IS MISSING.
T  INDICATES TRACE AMOUNT.

&&
..........................................................

***** AGRICULTURAL DATA *****

SOIL TEMPERATURES AT A DEPTH OF FOUR INCHES

UNDER GRASS...  MAX: 52    MIN: 51




$$
