000
CDUS43 KPAH 250633
CLIPAH


CLIMATE REPORT
NATIONAL WEATHER SERVICE PADUCAH KY
131 AM CDT MON APR 25 2016


...................................

...THE PADUCAH KY CLIMATE SUMMARY FOR APRIL 24 2016...

CLIMATE NORMAL PERIOD 1981 TO 2010
CLIMATE RECORD PERIOD 1937 TO 2016


WEATHER ITEM   OBSERVED TIME   RECORD YEAR NORMAL DEPARTURE LAST
                VALUE   (LST)  VALUE       VALUE  FROM      YEAR
                                                  NORMAL
..................................................................
TEMPERATURE (F)
 YESTERDAY
  MAXIMUM         80    309 PM  88    1965  72      8       64
  MINIMUM         42    536 AM  33    1963  49     -7       42
  AVERAGE         61                        61      0       53

PRECIPITATION (IN)
  YESTERDAY        0.00          3.87 2011   0.18  -0.18      T
  MONTH TO DATE    1.11                      3.73  -2.62     5.88
  SINCE MAR 1     10.32                      7.66   2.66    14.61
  SINCE JAN 1     15.78                     15.25   0.53    21.90

SNOWFALL (IN)
  YESTERDAY        0.0           0.0  2002   0.0    0.0      0.0
                                      2001
  MONTH TO DATE    0.0                       0.0    0.0      0.0
  SINCE MAR 1      T                         0.6   -0.6     12.1
  SINCE JUL 1     12.1                       9.1    3.0     28.6
  SNOW DEPTH       0

DEGREE DAYS
 HEATING
  YESTERDAY        4                         6     -2       12
  MONTH TO DATE  174                       215    -41      121
  SINCE MAR 1    533                       738   -205      716
  SINCE JUL 1   3195                      4034   -839     4385

 COOLING
  YESTERDAY        0                         2     -2        0
  MONTH TO DATE   10                        26    -16       38
  SINCE MAR 1     12                        33    -21       39
  SINCE JAN 1     12                        33    -21       39
..................................................................


WIND (MPH)
  HIGHEST WIND SPEED    13   HIGHEST WIND DIRECTION    SE (150)
  HIGHEST GUST SPEED    19   HIGHEST GUST DIRECTION    SE (140)
  AVERAGE WIND SPEED     4.4


SKY COVER
  POSSIBLE SUNSHINE  MM
  AVERAGE SKY COVER 0.3


WEATHER CONDITIONS
 THE FOLLOWING WEATHER WAS RECORDED YESTERDAY.
  FOG
  FOG W/VISIBILITY <= 1/4 MILE
  HAZE


RELATIVE HUMIDITY (PERCENT)
 HIGHEST   100           600 AM
 LOWEST     35           500 PM
 AVERAGE    68

..........................................................


THE PADUCAH KY CLIMATE NORMALS FOR TODAY
                         NORMAL    RECORD    YEAR
 MAXIMUM TEMPERATURE (F)   72        88      1986
 MINIMUM TEMPERATURE (F)   50        32      2013


SUNRISE AND SUNSET
APRIL 25 2016.........SUNRISE   607 AM CDT   SUNSET   739 PM CDT
APRIL 26 2016.........SUNRISE   606 AM CDT   SUNSET   740 PM CDT


-  INDICATES NEGATIVE NUMBERS.
R  INDICATES RECORD WAS SET OR TIED.
MM INDICATES DATA IS MISSING.
T  INDICATES TRACE AMOUNT.

&&
.........................................................

***** AGRICULTURAL DATA *****

SOIL TEMPERATURES AT A DEPTH OF FOUR INCHES

UNDER GRASS...  MAX: 63  MIN: 62


$$
