000
CDUS43 KPAH 190636
CLIPAH


CLIMATE REPORT
NATIONAL WEATHER SERVICE PADUCAH KY
134 AM CDT FRI MAY 19 2017


...................................

...THE PADUCAH KY CLIMATE SUMMARY FOR MAY 18 2017...

CLIMATE NORMAL PERIOD 1981 TO 2010
CLIMATE RECORD PERIOD 1937 TO 2017


WEATHER ITEM   OBSERVED TIME   RECORD YEAR NORMAL DEPARTURE LAST
                VALUE   (LST)  VALUE       VALUE  FROM      YEAR
                                                  NORMAL
..................................................................
TEMPERATURE (F)
 YESTERDAY
  MAXIMUM         87    332 PM  92    1962  79      8       66
                                      1951
  MINIMUM         71    952 PM  39    2002  57     14       48
  AVERAGE         79                        68     11       57

PRECIPITATION (IN)
  YESTERDAY        T             2.30 1981   0.15  -0.15     0.00
  MONTH TO DATE    3.56                      3.06   0.50     3.24
  SINCE MAR 1     16.13                     11.75   4.38    15.71
  SINCE JAN 1     20.96                     19.34   1.62    21.17

SNOWFALL (IN)
  YESTERDAY        0.0           0.0  2002   0.0    0.0      0.0
                                      2001
  MONTH TO DATE    0.0                       0.0    0.0      0.0
  SINCE MAR 1      1.0                       0.6    0.4       T
  SINCE JUL 1      1.2                       9.1   -7.9     12.1
  SNOW DEPTH       0

DEGREE DAYS
 HEATING
  YESTERDAY        0                         2     -2        8
  MONTH TO DATE   57                        50      7       82
  SINCE MAR 1    597                       818   -221      621
  SINCE JUL 1   3076                      4114  -1038     3283

 COOLING
  YESTERDAY       14                         5      9        0
  MONTH TO DATE   73                        55     18       34
  SINCE MAR 1    149                        97     52       70
  SINCE JAN 1    149                        97     52       70
..................................................................


WIND (MPH)
  HIGHEST WIND SPEED    17   HIGHEST WIND DIRECTION    SW (240)
  HIGHEST GUST SPEED    24   HIGHEST GUST DIRECTION     W (250)
  AVERAGE WIND SPEED     6.9


SKY COVER
  POSSIBLE SUNSHINE  MM
  AVERAGE SKY COVER 0.5


WEATHER CONDITIONS
 THE FOLLOWING WEATHER WAS RECORDED YESTERDAY.
  LIGHT RAIN


RELATIVE HUMIDITY (PERCENT)
 HIGHEST    79          1000 PM
 LOWEST     48           200 PM
 AVERAGE    64

..........................................................


THE PADUCAH KY CLIMATE NORMALS FOR TODAY
                         NORMAL    RECORD    YEAR
 MAXIMUM TEMPERATURE (F)   79        92      1987
 MINIMUM TEMPERATURE (F)   57        39      2002


SUNRISE AND SUNSET
MAY 19 2017...........SUNRISE   544 AM CDT   SUNSET   800 PM CDT
MAY 20 2017...........SUNRISE   543 AM CDT   SUNSET   801 PM CDT


-  INDICATES NEGATIVE NUMBERS.
R  INDICATES RECORD WAS SET OR TIED.
MM INDICATES DATA IS MISSING.
T  INDICATES TRACE AMOUNT.




$$
