000
CDUS43 KPAH 160637
CLIPAH


CLIMATE REPORT
NATIONAL WEATHER SERVICE PADUCAH KY
133 AM CDT WED APR 16 2014


...................................

...THE PADUCAH KY CLIMATE SUMMARY FOR APRIL 15 2014...

CLIMATE NORMAL PERIOD 1981 TO 2010
CLIMATE RECORD PERIOD 1937 TO 2014


WEATHER ITEM   OBSERVED TIME   RECORD YEAR NORMAL DEPARTURE LAST
                VALUE   (LST)  VALUE       VALUE  FROM      YEAR
                                                  NORMAL
..................................................................
TEMPERATURE (F)
 YESTERDAY
  MAXIMUM         51    230 PM  88    1977  69    -18       79
  MINIMUM         34    531 AM  29    2008  46    -12       57
                                      1950
                                      1943
  AVERAGE         43                        58    -15       68

PRECIPITATION (IN)
  YESTERDAY        T             2.05 1972   0.15  -0.15     0.00
  MONTH TO DATE    4.73                      2.18   2.55     1.58
  SINCE MAR 1      8.38                      6.11   2.27     5.60
  SINCE JAN 1     13.56                     13.70  -0.14    17.35

SNOWFALL (IN)
  YESTERDAY        0.0           T    2011   0.0    0.0      0.0
                                      2007
                                      1988
  MONTH TO DATE    0.0                       0.0    0.0      0.0
  SINCE MAR 1      5.6                       0.6    5.0      0.7
  SINCE JUL 1     18.5                       9.1    9.4      6.8
  SNOW DEPTH       0

DEGREE DAYS
 HEATING
  YESTERDAY       22                         8     14        0
  MONTH TO DATE  118                       153    -35      153
  SINCE MAR 1    764                       676     88      868
  SINCE JUL 1   4419                      3972    447     3979

 COOLING
  YESTERDAY        0                         1     -1        3
  MONTH TO DATE   21                        15      6       17
  SINCE MAR 1     21                        22     -1       17
  SINCE JAN 1     21                        22     -1       17
..................................................................


WIND (MPH)
  HIGHEST WIND SPEED    24   HIGHEST WIND DIRECTION     N (350)
  HIGHEST GUST SPEED    30   HIGHEST GUST DIRECTION    NW (330)
  AVERAGE WIND SPEED    10.1


SKY COVER
  POSSIBLE SUNSHINE  MM
  AVERAGE SKY COVER 0.1


WEATHER CONDITIONS
 THE FOLLOWING WEATHER WAS RECORDED YESTERDAY.
  LIGHT RAIN


RELATIVE HUMIDITY (PERCENT)
 HIGHEST    70          1100 PM
 LOWEST     32           300 PM
 AVERAGE    51

..........................................................


THE PADUCAH KY CLIMATE NORMALS FOR TODAY
                         NORMAL    RECORD    YEAR
 MAXIMUM TEMPERATURE (F)   70        87      1977
 MINIMUM TEMPERATURE (F)   47        27      1962


SUNRISE AND SUNSET
APRIL 16 2014.........SUNRISE   619 AM CDT   SUNSET   731 PM CDT
APRIL 17 2014.........SUNRISE   618 AM CDT   SUNSET   732 PM CDT


-  INDICATES NEGATIVE NUMBERS.
R  INDICATES RECORD WAS SET OR TIED.
MM INDICATES DATA IS MISSING.
T  INDICATES TRACE AMOUNT.

&&
.......................................................
***** AGRICULTURAL DATA *****

SOIL TEMPERATURES AT A DEPTH OF FOUR INCHES

UNDER BARE GROUND...  MAX: MM  MIN: MM
UNDER GRASS.........  MAX: 58  MIN: 55

$$
