000
CDUS43 KPAH 120636
CLIPAH


CLIMATE REPORT
NATIONAL WEATHER SERVICE PADUCAH KY
1232 AM CST THU JAN 12 2017


...................................

...THE PADUCAH KY CLIMATE SUMMARY FOR JANUARY 11 2017...

CLIMATE NORMAL PERIOD 1981 TO 2010
CLIMATE RECORD PERIOD 1937 TO 2017


WEATHER ITEM   OBSERVED TIME   RECORD YEAR NORMAL DEPARTURE LAST
                VALUE   (LST)  VALUE       VALUE  FROM      YEAR
                                                  NORMAL
..................................................................
TEMPERATURE (F)
 YESTERDAY
  MAXIMUM         68R  1129 PM  68    1995  43     25       37
  MINIMUM         44    203 AM -11    1977  26     18       10
  AVERAGE         56                        34     22       24

PRECIPITATION (IN)
  YESTERDAY        0.09          0.96 1980   0.11  -0.02     0.00
  MONTH TO DATE    0.39                      1.32  -0.93     2.13
  SINCE DEC 1      6.40                      5.91   0.49     9.55
  SINCE JAN 1      0.39                      1.32  -0.93     2.13

SNOWFALL (IN)
  YESTERDAY        0.0           1.0  1970   0.1   -0.1      0.0
  MONTH TO DATE    0.2                       1.0   -0.8      1.3
  SINCE DEC 1      0.2                       3.2   -3.0      1.3
  SINCE JUL 1      0.2                       3.3   -3.1      1.3
  SNOW DEPTH       0

DEGREE DAYS
 HEATING
  YESTERDAY        9                        31    -22       41
  MONTH TO DATE  320                       338    -18      330
  SINCE DEC 1   1146                      1192    -46      829
  SINCE JUL 1   1647                      1969   -322     1373

 COOLING
  YESTERDAY        0                         0      0        0
  MONTH TO DATE    0                         0      0        0
  SINCE DEC 1      0                         0      0        6
  SINCE JAN 1      0                         0      0        0
..................................................................


WIND (MPH)
  HIGHEST WIND SPEED    22   HIGHEST WIND DIRECTION    SW (210)
  HIGHEST GUST SPEED    34   HIGHEST GUST DIRECTION    SW (230)
  AVERAGE WIND SPEED    11.2


SKY COVER
  POSSIBLE SUNSHINE  MM
  AVERAGE SKY COVER 0.7


WEATHER CONDITIONS
 THE FOLLOWING WEATHER WAS RECORDED YESTERDAY.
  RAIN
  LIGHT RAIN
  FOG


RELATIVE HUMIDITY (PERCENT)
 HIGHEST    93           800 AM
 LOWEST     63           600 PM
 AVERAGE    78

..........................................................


THE PADUCAH KY CLIMATE NORMALS FOR TODAY
                         NORMAL    RECORD    YEAR
 MAXIMUM TEMPERATURE (F)   43        69      2013
                                             2005
                                             1995
 MINIMUM TEMPERATURE (F)   26        -2      1977


SUNRISE AND SUNSET
JANUARY 12 2017.......SUNRISE   708 AM CST   SUNSET   459 PM CST
JANUARY 13 2017.......SUNRISE   708 AM CST   SUNSET   500 PM CST


-  INDICATES NEGATIVE NUMBERS.
R  INDICATES RECORD WAS SET OR TIED.
MM INDICATES DATA IS MISSING.
T  INDICATES TRACE AMOUNT.

&&

.........................................................
***** AGRICULTURAL DATA *****

SOIL TEMPERATURES AT A DEPTH OF FOUR INCHES

UNDER GRASS...  MAX: 43    MIN: 39


$$
