000
CDUS43 KPAH 300630
CLIPAH

CLIMATE REPORT
NATIONAL WEATHER SERVICE PADUCAH KY
126 AM CDT WED JUL 30 2014

...................................

...THE PADUCAH KY CLIMATE SUMMARY FOR JULY 29 2014...

CLIMATE NORMAL PERIOD 1981 TO 2010
CLIMATE RECORD PERIOD 1937 TO 2014

WEATHER ITEM   OBSERVED TIME   RECORD YEAR NORMAL DEPARTURE LAST
                VALUE   (LST)  VALUE       VALUE  FROM      YEAR
                                                  NORMAL
..................................................................
TEMPERATURE (F)
 YESTERDAY
  MAXIMUM         82    324 PM 100    1999  89     -7       78
                                      1940
  MINIMUM         56R   518 AM  56    1994  68    -12       58
  AVERAGE         69                        79    -10       68

PRECIPITATION (IN)
  YESTERDAY        0.00          4.43 2000   0.13  -0.13     0.00
  MONTH TO DATE    2.04                      4.19  -2.15     1.93
  SINCE JUN 1      8.73                      8.25   0.48    11.04
  SINCE JAN 1     28.92                     29.47  -0.55    36.51

SNOWFALL (IN)
  YESTERDAY        0.0           0.0  2002   0.0    0.0      0.0
                                      2001
  MONTH TO DATE    0.0                       0.0    0.0      0.0
  SINCE JUN 1      0.0                       0.0    0.0      0.0
  SINCE JUL 1      0.0                       0.0    0.0      0.0
  SNOW DEPTH       0

DEGREE DAYS
 HEATING
  YESTERDAY        0                         0      0        0
  MONTH TO DATE    0                         0      0        0
  SINCE JUN 1      0                         4     -4        0
  SINCE JUL 1      0                         0      0        0

 COOLING
  YESTERDAY        4                        14    -10        3
  MONTH TO DATE  305                       406   -101      305
  SINCE JUN 1    710                       726    -16      622
  SINCE JAN 1    988                       898     90      800
..................................................................

WIND (MPH)
  HIGHEST WIND SPEED    10   HIGHEST WIND DIRECTION    NW (310)
  HIGHEST GUST SPEED    15   HIGHEST GUST DIRECTION     N (360)
  AVERAGE WIND SPEED     3.8

SKY COVER
  POSSIBLE SUNSHINE  MM
  AVERAGE SKY COVER 0.1

WEATHER CONDITIONS
 THE FOLLOWING WEATHER WAS RECORDED YESTERDAY.
  NO SIGNIFICANT WEATHER WAS OBSERVED.

RELATIVE HUMIDITY (PERCENT)
 HIGHEST    87           600 AM
 LOWEST     36           300 PM
 AVERAGE    62
..........................................................

THE PADUCAH KY CLIMATE NORMALS FOR TODAY
                         NORMAL    RECORD    YEAR
 MAXIMUM TEMPERATURE (F)   89       102      1941
 MINIMUM TEMPERATURE (F)   68        54      1965

SUNRISE AND SUNSET
JULY 30 2014..........SUNRISE   558 AM CDT   SUNSET   804 PM CDT
JULY 31 2014..........SUNRISE   559 AM CDT   SUNSET   803 PM CDT

-  INDICATES NEGATIVE NUMBERS.
R  INDICATES RECORD WAS SET OR TIED.
MM INDICATES DATA IS MISSING.
T  INDICATES TRACE AMOUNT.

&&
.........................................................
***** AGRICULTURAL DATA *****

SOIL TEMPERATURES AT A DEPTH OF FOUR INCHES

UNDER BARE GROUND...  MAX: MM  MIN: MM
UNDER GRASS.........  MAX: 77  MIN: 75

$$
