000
CDUS43 KPAH 280632
CLIPAH


CLIMATE REPORT
NATIONAL WEATHER SERVICE PADUCAH KY
130 AM CDT THU APR 28 2016


...................................

...THE PADUCAH KY CLIMATE SUMMARY FOR APRIL 27 2016...

CLIMATE NORMAL PERIOD 1981 TO 2010
CLIMATE RECORD PERIOD 1937 TO 2016


WEATHER ITEM   OBSERVED TIME   RECORD YEAR NORMAL DEPARTURE LAST
                VALUE   (LST)  VALUE       VALUE  FROM      YEAR
                                                  NORMAL
..................................................................
TEMPERATURE (F)
 YESTERDAY
  MAXIMUM         78    136 PM  89    1989  73      5       67
  MINIMUM         58    419 AM  36    1946  50      8       43
  AVERAGE         68                        62      6       55

PRECIPITATION (IN)
  YESTERDAY        0.93          2.83 1985   0.17   0.76     0.00
  MONTH TO DATE    2.34                      4.25  -1.91     5.89
  SINCE MAR 1     11.55                      8.18   3.37    14.62
  SINCE JAN 1     17.01                     15.77   1.24    21.91

SNOWFALL (IN)
  YESTERDAY        0.0           0.0  2002   0.0    0.0      0.0
                                      2001
  MONTH TO DATE    0.0                       0.0    0.0      0.0
  SINCE MAR 1      T                         0.6   -0.6     12.1
  SINCE JUL 1     12.1                       9.1    3.0     28.6
  SNOW DEPTH       0

DEGREE DAYS
 HEATING
  YESTERDAY        0                         5     -5       10
  MONTH TO DATE  174                       230    -56      138
  SINCE MAR 1    533                       753   -220      733
  SINCE JUL 1   3195                      4049   -854     4402

 COOLING
  YESTERDAY        3                         2      1        0
  MONTH TO DATE   29                        32     -3       41
  SINCE MAR 1     31                        39     -8       42
  SINCE JAN 1     31                        39     -8       42
..................................................................


WIND (MPH)
  HIGHEST WIND SPEED    13   HIGHEST WIND DIRECTION    SW (210)
  HIGHEST GUST SPEED    19   HIGHEST GUST DIRECTION    SW (220)
  AVERAGE WIND SPEED     5.8


SKY COVER
  POSSIBLE SUNSHINE  MM
  AVERAGE SKY COVER 0.3


WEATHER CONDITIONS
 THE FOLLOWING WEATHER WAS RECORDED YESTERDAY.
  THUNDERSTORM
  HEAVY RAIN
  RAIN
  LIGHT RAIN
  FOG


RELATIVE HUMIDITY (PERCENT)
 HIGHEST    93           400 AM
 LOWEST     69           200 PM
 AVERAGE    81

..........................................................


THE PADUCAH KY CLIMATE NORMALS FOR TODAY
                         NORMAL    RECORD    YEAR
 MAXIMUM TEMPERATURE (F)   73        87      1943
 MINIMUM TEMPERATURE (F)   51        32      1992


SUNRISE AND SUNSET
APRIL 28 2016.........SUNRISE   604 AM CDT   SUNSET   742 PM CDT
APRIL 29 2016.........SUNRISE   602 AM CDT   SUNSET   743 PM CDT


-  INDICATES NEGATIVE NUMBERS.
R  INDICATES RECORD WAS SET OR TIED.
MM INDICATES DATA IS MISSING.
T  INDICATES TRACE AMOUNT.

&&
.........................................................

***** AGRICULTURAL DATA *****

SOIL TEMPERATURES AT A DEPTH OF FOUR INCHES

UNDER GRASS...  MAX: 65  MIN: 63


$$
