000
CDUS43 KPAH 210629
CLIPAH


CLIMATE REPORT
NATIONAL WEATHER SERVICE PADUCAH KY
127 AM CDT WED JUN 21 2017


...................................

...THE PADUCAH KY CLIMATE SUMMARY FOR JUNE 20 2017...

CLIMATE NORMAL PERIOD 1981 TO 2010
CLIMATE RECORD PERIOD 1937 TO 2017


WEATHER ITEM   OBSERVED TIME   RECORD YEAR NORMAL DEPARTURE LAST
                VALUE   (LST)  VALUE       VALUE  FROM      YEAR
                                                  NORMAL
..................................................................
TEMPERATURE (F)
 YESTERDAY
  MAXIMUM         90    410 PM  99    1953  88      2       90
  MINIMUM         66    448 AM  52    1980  66      0       73
  AVERAGE         78                        77      1       82

PRECIPITATION (IN)
  YESTERDAY        0.00          3.00 1979   0.14  -0.14     0.00
  MONTH TO DATE    4.67                      2.68   1.99     1.59
  SINCE JUN 1      4.67                      2.68   1.99     1.59
  SINCE JAN 1     27.02                     23.90   3.12    24.79

SNOWFALL (IN)
  YESTERDAY        0.0           0.0  2002   0.0    0.0      0.0
                                      2001
  MONTH TO DATE    0.0                       0.0    0.0      0.0
  SINCE JUN 1      0.0                       0.0    0.0      0.0
  SINCE JUL 1      1.2                       9.1   -7.9     12.1
  SNOW DEPTH       0

DEGREE DAYS
 HEATING
  YESTERDAY        0                         0      0        0
  MONTH TO DATE    0                         0      0        0
  SINCE JUN 1      0                         0      0        0
  SINCE JUL 1   3078                      4128  -1050     3292

 COOLING
  YESTERDAY       13                        12      1       17
  MONTH TO DATE  225                       190     35      248
  SINCE JUN 1    225                       190     35      248
  SINCE JAN 1    456                       362     94      398
..................................................................


WIND (MPH)
  HIGHEST WIND SPEED     9   HIGHEST WIND DIRECTION    NW (310)
  HIGHEST GUST SPEED    12   HIGHEST GUST DIRECTION    NW (310)
  AVERAGE WIND SPEED     3.5


SKY COVER
  POSSIBLE SUNSHINE  MM
  AVERAGE SKY COVER 0.1


WEATHER CONDITIONS
 THE FOLLOWING WEATHER WAS RECORDED YESTERDAY.
  NO SIGNIFICANT WEATHER WAS OBSERVED.


RELATIVE HUMIDITY (PERCENT)
 HIGHEST    81           400 AM
 LOWEST     29           400 PM
 AVERAGE    55

..........................................................


THE PADUCAH KY CLIMATE NORMALS FOR TODAY
                         NORMAL    RECORD    YEAR
 MAXIMUM TEMPERATURE (F)   88        99      1988
 MINIMUM TEMPERATURE (F)   67        50      1992


SUNRISE AND SUNSET
JUNE 21 2017..........SUNRISE   536 AM CDT   SUNSET   818 PM CDT
JUNE 22 2017..........SUNRISE   536 AM CDT   SUNSET   818 PM CDT


-  INDICATES NEGATIVE NUMBERS.
R  INDICATES RECORD WAS SET OR TIED.
MM INDICATES DATA IS MISSING.
T  INDICATES TRACE AMOUNT.

&&

***** AGRICULTURAL DATA *****

SOIL TEMPERATURES AT A DEPTH OF FOUR INCHES
UNDER GRASS...  MAX: 78    MIN: 77


$$
