000
CDUS43 KPAH 272139
CLIPAH


CLIMATE REPORT
NATIONAL WEATHER SERVICE PADUCAH KY
437 PM CDT MON OCT 27 2014


...................................

...THE PADUCAH KY CLIMATE SUMMARY FOR OCTOBER 27 2014...
VALID TODAY AS OF 0400 PM LOCAL TIME.

CLIMATE NORMAL PERIOD 1981 TO 2010
CLIMATE RECORD PERIOD 1937 TO 2014


WEATHER ITEM   OBSERVED TIME   RECORD YEAR NORMAL DEPARTURE LAST
                VALUE   (LST)  VALUE       VALUE  FROM      YEAR
                                                  NORMAL
..................................................................
TEMPERATURE (F)
 TODAY
  MAXIMUM         82    156 PM  88    1940  67     15       67
  MINIMUM         66    654 AM  28    1997  44     22       35
                                      1957
                                      1942
  AVERAGE                                   56              51

PRECIPITATION (IN)
  TODAY            T             2.85 1947   0.13  -0.13     0.00
  MONTH TO DATE    3.14                      3.48  -0.34     4.92
  SINCE SEP 1      4.11                      7.23  -3.12     8.02
  SINCE JAN 1     40.88                     39.71   1.17    48.79

SNOWFALL (IN)
  TODAY            0.0                                       0.0
  MONTH TO DATE    0.0                                       0.0
  SINCE JUL 1      0.0                                       0.0
  SNOW DEPTH       0

..................................................................


WIND (MPH)
  HIGHEST WIND SPEED    23   HIGHEST WIND DIRECTION    SW (220)
  HIGHEST GUST SPEED    32   HIGHEST GUST DIRECTION    SW (210)




RELATIVE HUMIDITY (PERCENT)
 HIGHEST    87
 LOWEST     33

..........................................................


THE PADUCAH KY CLIMATE NORMALS FOR TOMORROW
                         NORMAL    RECORD    YEAR
 MAXIMUM TEMPERATURE (F)   67        86      1940
 MINIMUM TEMPERATURE (F)   44        24      1976


SUNRISE AND SUNSET
OCTOBER 27 2014.......SUNRISE   714 AM CDT   SUNSET   603 PM CDT
OCTOBER 28 2014.......SUNRISE   715 AM CDT   SUNSET   602 PM CDT


-  INDICATES NEGATIVE NUMBERS.
R  INDICATES RECORD WAS SET OR TIED.
MM INDICATES DATA IS MISSING.
T  INDICATES TRACE AMOUNT.




$$
