000
CDUS43 KPAH 030632
CLIPAH


CLIMATE REPORT
NATIONAL WEATHER SERVICE PADUCAH KY
129 AM CDT TUE MAY 3 2016


...................................

...THE PADUCAH KY CLIMATE SUMMARY FOR MAY 2 2016...

CLIMATE NORMAL PERIOD 1981 TO 2010
CLIMATE RECORD PERIOD 1937 TO 2016


WEATHER ITEM   OBSERVED TIME   RECORD YEAR NORMAL DEPARTURE LAST
                VALUE   (LST)  VALUE       VALUE  FROM      YEAR
                                                  NORMAL
..................................................................
TEMPERATURE (F)
 YESTERDAY
  MAXIMUM         69    213 PM  90    2012  74     -5       76
                                      1952
  MINIMUM         55    411 AM  35    1961  52      3       43
                                      1960
  AVERAGE         62                        63     -1       60

PRECIPITATION (IN)
  YESTERDAY        0.00          4.05 1983   0.17  -0.17     0.00
  MONTH TO DATE    0.00                      0.34  -0.34     0.00
  SINCE MAR 1     12.47                      9.03   3.44    14.62
  SINCE JAN 1     17.93                     16.62   1.31    21.91

SNOWFALL (IN)
  YESTERDAY        0.0                       0.0    0.0      0.0
  MONTH TO DATE    0.0                       0.0    0.0      0.0
  SINCE MAR 1      T                         0.6   -0.6     12.1
  SINCE JUL 1     12.1                       9.1    3.0     28.6
  SNOW DEPTH       0

DEGREE DAYS
 HEATING
  YESTERDAY        3                         4     -1        5
  MONTH TO DATE    3                         8     -5       15
  SINCE MAR 1    542                       776   -234      771
  SINCE JUL 1   3204                      4072   -868     4440

 COOLING
  YESTERDAY        0                         2     -2        0
  MONTH TO DATE    6                         4      2        0
  SINCE MAR 1     42                        46     -4       42
  SINCE JAN 1     42                        46     -4       42
..................................................................


WIND (MPH)
  HIGHEST WIND SPEED    14   HIGHEST WIND DIRECTION     N (360)
  HIGHEST GUST SPEED    20   HIGHEST GUST DIRECTION     N (20)
  AVERAGE WIND SPEED     5.7


SKY COVER
  POSSIBLE SUNSHINE  MM
  AVERAGE SKY COVER 0.6


WEATHER CONDITIONS
 THE FOLLOWING WEATHER WAS RECORDED YESTERDAY.
  NO SIGNIFICANT WEATHER WAS OBSERVED.


RELATIVE HUMIDITY (PERCENT)
 HIGHEST    86           400 AM
 LOWEST     53           100 PM
 AVERAGE    70

..........................................................


THE PADUCAH KY CLIMATE NORMALS FOR TODAY
                         NORMAL    RECORD    YEAR
 MAXIMUM TEMPERATURE (F)   75        90      1938
 MINIMUM TEMPERATURE (F)   52        37      2005
                                             1971
                                             1967


SUNRISE AND SUNSET
MAY  3 2016...........SUNRISE   558 AM CDT   SUNSET   746 PM CDT
MAY  4 2016...........SUNRISE   557 AM CDT   SUNSET   747 PM CDT


-  INDICATES NEGATIVE NUMBERS.
R  INDICATES RECORD WAS SET OR TIED.
MM INDICATES DATA IS MISSING.
T  INDICATES TRACE AMOUNT.

&&
..........................................................
***** AGRICULTURAL DATA *****

SOIL TEMPERATURES AT A DEPTH OF FOUR INCHES

UNDER GRASS...  MAX: 66  MINl 65

$$
