000
CDUS43 KPAH 180628
CLIPAH


CLIMATE REPORT
NATIONAL WEATHER SERVICE PADUCAH KY
1227 AM CST THU DEC 18 2014

...................................

...THE PADUCAH KY CLIMATE SUMMARY FOR DECEMBER 17 2014...

CLIMATE NORMAL PERIOD 1981 TO 2010
CLIMATE RECORD PERIOD 1937 TO 2014

WEATHER ITEM   OBSERVED TIME   RECORD YEAR NORMAL DEPARTURE LAST
                VALUE   (LST)  VALUE       VALUE  FROM      YEAR
                                                  NORMAL
..................................................................
TEMPERATURE (F)
 YESTERDAY
  MAXIMUM         40    152 PM  66    2006  46     -6       46
                                      2002
                                      1984
  MINIMUM         32    814 AM   6    2000  28      4       26
                                      1989
                                      1943
  AVERAGE         36                        37     -1       36

PRECIPITATION (IN)
  YESTERDAY        0.00          2.70 2001   0.15  -0.15     0.00
  MONTH TO DATE    1.67                      2.62  -0.95     2.49
  SINCE DEC 1      1.67                      2.62  -0.95     2.49
  SINCE JAN 1     45.62                     47.11  -1.49    54.69

SNOWFALL (IN)
  YESTERDAY        0.0           1.0  1951   0.1   -0.1      0.0
  MONTH TO DATE    0.0                       1.0   -1.0      5.2
  SINCE DEC 1      0.0                       1.0   -1.0      5.2
  SINCE JUL 1      2.8                       1.1    1.7      5.2
  SNOW DEPTH       0

DEGREE DAYS
 HEATING
  YESTERDAY       29                        28      1       29
  MONTH TO DATE  391                       442    -51      489
  SINCE DEC 1    391                       442    -51      489
  SINCE JUL 1   1328                      1219    109     1291

 COOLING
  YESTERDAY        0                         0      0        0
  MONTH TO DATE    0                         0      0        0
  SINCE DEC 1      0                         0      0        0
  SINCE JAN 1   1722                      1542    180     1478
..................................................................

WIND (MPH)
  HIGHEST WIND SPEED    10   HIGHEST WIND DIRECTION    NE (50)
  HIGHEST GUST SPEED    13   HIGHEST GUST DIRECTION     N (360)
  AVERAGE WIND SPEED     4.7

SKY COVER
  POSSIBLE SUNSHINE  MM
  AVERAGE SKY COVER 0.6

WEATHER CONDITIONS
 THE FOLLOWING WEATHER WAS RECORDED YESTERDAY.
  NO SIGNIFICANT WEATHER WAS OBSERVED.

RELATIVE HUMIDITY (PERCENT)
 HIGHEST    82           700 PM
 LOWEST     59           100 PM
 AVERAGE    71
..........................................................

THE PADUCAH KY CLIMATE NORMALS FOR TODAY
                         NORMAL    RECORD    YEAR
 MAXIMUM TEMPERATURE (F)   45        67      1976
 MINIMUM TEMPERATURE (F)   28         5      1963

SUNRISE AND SUNSET
DECEMBER 18 2014......SUNRISE   703 AM CST   SUNSET   440 PM CST
DECEMBER 19 2014......SUNRISE   704 AM CST   SUNSET   441 PM CST

-  INDICATES NEGATIVE NUMBERS.
R  INDICATES RECORD WAS SET OR TIED.
MM INDICATES DATA IS MISSING.
T  INDICATES TRACE AMOUNT.

$$
