000
CDUS43 KPAH 040633
CLIPAH


CLIMATE REPORT
NATIONAL WEATHER SERVICE PADUCAH KY
1230 AM CST THU FEB 4 2016


...................................

...THE PADUCAH KY CLIMATE SUMMARY FOR FEBRUARY 3 2016...

CLIMATE NORMAL PERIOD 1981 TO 2010
CLIMATE RECORD PERIOD 1937 TO 2016


WEATHER ITEM   OBSERVED TIME   RECORD YEAR NORMAL DEPARTURE LAST
                VALUE   (LST)  VALUE       VALUE  FROM      YEAR
                                                  NORMAL
..................................................................
TEMPERATURE (F)
 YESTERDAY
  MAXIMUM         57   1209 AM  70    1992  46     11       43
  MINIMUM         32   1159 PM  -8    1985  27      5       19
  AVERAGE         45                        36      9       31

PRECIPITATION (IN)
  YESTERDAY        0.00          1.68 1939   0.15  -0.15     0.00
  MONTH TO DATE    0.36                      0.44  -0.08     0.89
  SINCE DEC 1     10.33                      8.71   1.62     6.34
  SINCE JAN 1      2.91                      4.12  -1.21     3.45

SNOWFALL (IN)
  YESTERDAY        0.0           3.0  1982   0.1   -0.1      0.0
  MONTH TO DATE    0.0                       0.4   -0.4       T
  SINCE DEC 1      8.4                       5.6    2.8      0.7
  SINCE JUL 1      8.4                       5.7    2.7      3.5
  SNOW DEPTH       0

DEGREE DAYS
 HEATING
  YESTERDAY       20                        29     -9       34
  MONTH TO DATE   40                        87    -47       93
  SINCE DEC 1   1469                      1883   -414     1789
  SINCE JUL 1   2013                      2660   -647     2726

 COOLING
  YESTERDAY        0                         0      0        0
  MONTH TO DATE    0                         0      0        0
  SINCE DEC 1      6                         0      6        0
  SINCE JAN 1      0                         0      0        0
..................................................................


WIND (MPH)
  HIGHEST WIND SPEED    24   HIGHEST WIND DIRECTION     W (250)
  HIGHEST GUST SPEED    32   HIGHEST GUST DIRECTION     W (250)
  AVERAGE WIND SPEED    12.3


SKY COVER
  POSSIBLE SUNSHINE  MM
  AVERAGE SKY COVER 0.4


WEATHER CONDITIONS
 THE FOLLOWING WEATHER WAS RECORDED YESTERDAY.
  NO SIGNIFICANT WEATHER WAS OBSERVED.


RELATIVE HUMIDITY (PERCENT)
 HIGHEST    64           900 PM
 LOWEST     48           300 AM
 AVERAGE    56

..........................................................


THE PADUCAH KY CLIMATE NORMALS FOR TODAY
                         NORMAL    RECORD    YEAR
 MAXIMUM TEMPERATURE (F)   46        73      1962
 MINIMUM TEMPERATURE (F)   27        -3      1996


SUNRISE AND SUNSET
FEBRUARY  4 2016......SUNRISE   656 AM CST   SUNSET   523 PM CST
FEBRUARY  5 2016......SUNRISE   655 AM CST   SUNSET   524 PM CST


-  INDICATES NEGATIVE NUMBERS.
R  INDICATES RECORD WAS SET OR TIED.
MM INDICATES DATA IS MISSING.
T  INDICATES TRACE AMOUNT.

&&
........................................................
***** AGRICULTUTAL DATS *****

SOIL TEMPERATURES AT A DEPTH OF FOUR INCHES

UNDER GRASS...   MAX: 47  MIN: 45

$$
