000
CDUS43 KPAH 180637
CLIPAH


CLIMATE REPORT
NATIONAL WEATHER SERVICE PADUCAH KY
133 AM CDT MON AUG 18 2014


...................................

...THE PADUCAH KY CLIMATE SUMMARY FOR AUGUST 17 2014...

CLIMATE NORMAL PERIOD 1981 TO 2010
CLIMATE RECORD PERIOD 1937 TO 2014


WEATHER ITEM   OBSERVED TIME   RECORD YEAR NORMAL DEPARTURE LAST
                VALUE   (LST)  VALUE       VALUE  FROM      YEAR
                                                  NORMAL
..................................................................
TEMPERATURE (F)
 YESTERDAY
  MAXIMUM         90    253 PM 104    1988  89      1       79
  MINIMUM         73   1159 PM  51    2004  66      7       65
  AVERAGE         82                        78      4       72

PRECIPITATION (IN)
  YESTERDAY        0.91          1.59 1959   0.08   0.83     0.57
  MONTH TO DATE    2.54                      1.59   0.95     3.70
  SINCE JUN 1     11.27                     10.09   1.18    15.29
  SINCE JAN 1     31.46                     31.31   0.15    40.76

SNOWFALL (IN)
  YESTERDAY        0.0                       0.0    0.0      0.0
  MONTH TO DATE    0.0                       0.0    0.0      0.0
  SINCE JUN 1      0.0                       0.0    0.0      0.0
  SINCE JUL 1      0.0                       0.0    0.0      0.0
  SNOW DEPTH       0

DEGREE DAYS
 HEATING
  YESTERDAY        0                         0      0        0
  MONTH TO DATE    0                         0      0        0
  SINCE JUN 1      0                         4     -4        0
  SINCE JUL 1      0                         0      0        0

 COOLING
  YESTERDAY       17                        13      4        7
  MONTH TO DATE  211                       222    -11      150
  SINCE JUN 1    932                       973    -41      790
  SINCE JAN 1   1210                      1145     65      968
..................................................................


WIND (MPH)
  HIGHEST WIND SPEED    17   HIGHEST WIND DIRECTION     N (340)
  HIGHEST GUST SPEED    23   HIGHEST GUST DIRECTION     N (340)
  AVERAGE WIND SPEED     6.2


SKY COVER
  POSSIBLE SUNSHINE  MM
  AVERAGE SKY COVER 0.4


WEATHER CONDITIONS
 THE FOLLOWING WEATHER WAS RECORDED YESTERDAY.
  THUNDERSTORM
  HEAVY RAIN
  LIGHT RAIN
  FOG
  HAZE


RELATIVE HUMIDITY (PERCENT)
 HIGHEST    93          1000 PM
 LOWEST     55           200 PM
 AVERAGE    74

..........................................................


THE PADUCAH KY CLIMATE NORMALS FOR TODAY
                         NORMAL    RECORD    YEAR
 MAXIMUM TEMPERATURE (F)   89       103      1988
 MINIMUM TEMPERATURE (F)   66        55      2012


SUNRISE AND SUNSET
AUGUST 18 2014........SUNRISE   614 AM CDT   SUNSET   743 PM CDT
AUGUST 19 2014........SUNRISE   615 AM CDT   SUNSET   742 PM CDT


-  INDICATES NEGATIVE NUMBERS.
R  INDICATES RECORD WAS SET OR TIED.
MM INDICATES DATA IS MISSING.
T  INDICATES TRACE AMOUNT.

&&
..........................................................
***** AGRICULTURAL DATA *****

SOIL TEMPERATURES AT A DEPTH OF FOUR INCHES

UNDER BARE GROUND...  MAX: MM  MIN: MM
UNDER GRASS.........  MAX: 77  MIN: 75

$$
