000
CDUS43 KPAH 150632
CLIPAH


CLIMATE REPORT
NATIONAL WEATHER SERVICE PADUCAH KY
129 AM CDT SUN OCT 15 2017


...................................

...THE PADUCAH KY CLIMATE SUMMARY FOR OCTOBER 14 2017...

CLIMATE NORMAL PERIOD 1981 TO 2010
CLIMATE RECORD PERIOD 1937 TO 2017


WEATHER ITEM   OBSERVED TIME   RECORD YEAR NORMAL DEPARTURE LAST
                VALUE   (LST)  VALUE       VALUE  FROM      YEAR
                                                  NORMAL
..................................................................
TEMPERATURE (F)
 YESTERDAY
  MAXIMUM         88R   238 PM  88    1940  72     16       63
  MINIMUM         56    421 AM  30    1979  47      9       47
                                      1944
  AVERAGE         72                        59     13       55

PRECIPITATION (IN)
  YESTERDAY        0.00          1.97 1974   0.12  -0.12     0.01
  MONTH TO DATE    2.24                      1.82   0.42     0.10
  SINCE SEP 1      4.79                      5.57  -0.78     0.93
  SINCE JAN 1     37.92                     38.05  -0.13    43.60

SNOWFALL (IN)
  YESTERDAY        0.0           0.0  2002   0.0    0.0      0.0
                                      2001
  MONTH TO DATE    0.0                       0.0    0.0      0.0
  SINCE SEP 1      0.0                       0.0    0.0      0.0
  SINCE JUL 1      0.0                       0.0    0.0      0.0
  SNOW DEPTH       0

DEGREE DAYS
 HEATING
  YESTERDAY        0                         7     -7       10
  MONTH TO DATE   11                        76    -65       34
  SINCE SEP 1     22                       114    -92       48
  SINCE JUL 1     22                       115    -93       48

 COOLING
  YESTERDAY        7                         1      6        0
  MONTH TO DATE   90                        25     65       43
  SINCE SEP 1    306                       212     94      327
  SINCE JAN 1   1680                      1525    155     1857
..................................................................


WIND (MPH)
  HIGHEST WIND SPEED    16   HIGHEST WIND DIRECTION    SW (230)
  HIGHEST GUST SPEED    22   HIGHEST GUST DIRECTION    SW (220)
  AVERAGE WIND SPEED     5.8


SKY COVER
  POSSIBLE SUNSHINE  MM
  AVERAGE SKY COVER 0.0


WEATHER CONDITIONS
 THE FOLLOWING WEATHER WAS RECORDED YESTERDAY.
  NO SIGNIFICANT WEATHER WAS OBSERVED.


RELATIVE HUMIDITY (PERCENT)
 HIGHEST    93           200 AM
 LOWEST     35           100 PM
 AVERAGE    64

..........................................................


THE PADUCAH KY CLIMATE NORMALS FOR TODAY
                         NORMAL    RECORD    YEAR
 MAXIMUM TEMPERATURE (F)   71        87      1950
                                             1938
 MINIMUM TEMPERATURE (F)   47        32      1991


SUNRISE AND SUNSET
OCTOBER 15 2017.......SUNRISE   703 AM CDT   SUNSET   618 PM CDT
OCTOBER 16 2017.......SUNRISE   704 AM CDT   SUNSET   617 PM CDT


-  INDICATES NEGATIVE NUMBERS.
R  INDICATES RECORD WAS SET OR TIED.
MM INDICATES DATA IS MISSING.
T  INDICATES TRACE AMOUNT.

&&
..............................................

     ***** AGRICULTURAL DATA *****

SOIL TEMPERATURES AT A DEPTH OF FOUR INCHES

UNDER GRASS... MAX: 70     MIN: 70


$$
