000
CDUS43 KPAH 250652
CLIPAH


CLIMATE REPORT
NATIONAL WEATHER SERVICE PADUCAH KY
138 AM CDT TUE APR 25 2017


...................................

...THE PADUCAH KY CLIMATE SUMMARY FOR APRIL 24 2017...

CLIMATE NORMAL PERIOD 1981 TO 2010
CLIMATE RECORD PERIOD 1937 TO 2017


WEATHER ITEM   OBSERVED TIME   RECORD YEAR NORMAL DEPARTURE LAST
                VALUE   (LST)  VALUE       VALUE  FROM      YEAR
                                                  NORMAL
..................................................................
TEMPERATURE (F)
 YESTERDAY
  MAXIMUM         78    319 PM  88    1965  72      6       80
  MINIMUM         47   1222 AM  33    1963  49     -2       42
  AVERAGE         63                        61      2       61

PRECIPITATION (IN)
  YESTERDAY        0.00          3.87 2011   0.18  -0.18     0.00
  MONTH TO DATE    3.28                      3.73  -0.45     1.11
  SINCE MAR 1      7.67                      7.66   0.01    10.32
  SINCE JAN 1     12.50                     15.25  -2.75    15.78

SNOWFALL (IN)
  YESTERDAY        0.0           0.0  2002   0.0    0.0      0.0
                                      2001
  MONTH TO DATE    0.0                       0.0    0.0      0.0
  SINCE MAR 1      1.0                       0.6    0.4       T
  SINCE JUL 1      1.2                       9.1   -7.9     12.1
  SNOW DEPTH       0

DEGREE DAYS
 HEATING
  YESTERDAY        2                         6     -4        4
  MONTH TO DATE   96                       215   -119      174
  SINCE MAR 1    532                       738   -206      533
  SINCE JUL 1   3011                      4034  -1023     3195

 COOLING
  YESTERDAY        0                         2     -2        0
  MONTH TO DATE   54                        26     28       10
  SINCE MAR 1     55                        33     22       12
  SINCE JAN 1     55                        33     22       12
..................................................................


WIND (MPH)
  HIGHEST WIND SPEED    14   HIGHEST WIND DIRECTION     N (20)
  HIGHEST GUST SPEED    18   HIGHEST GUST DIRECTION    NE (40)
  AVERAGE WIND SPEED     5.4


SKY COVER
  POSSIBLE SUNSHINE  MM
  AVERAGE SKY COVER 0.0


WEATHER CONDITIONS
 THE FOLLOWING WEATHER WAS RECORDED YESTERDAY.
  NO SIGNIFICANT WEATHER WAS OBSERVED.


RELATIVE HUMIDITY (PERCENT)
 HIGHEST    80           200 AM
 LOWEST     36           200 PM
 AVERAGE    58

..........................................................


THE PADUCAH KY CLIMATE NORMALS FOR TODAY
                         NORMAL    RECORD    YEAR
 MAXIMUM TEMPERATURE (F)   72        88      1986
 MINIMUM TEMPERATURE (F)   50        32      2013


SUNRISE AND SUNSET
APRIL 25 2017.........SUNRISE   607 AM CDT   SUNSET   739 PM CDT
APRIL 26 2017.........SUNRISE   606 AM CDT   SUNSET   740 PM CDT


-  INDICATES NEGATIVE NUMBERS.
R  INDICATES RECORD WAS SET OR TIED.
MM INDICATES DATA IS MISSING.
T  INDICATES TRACE AMOUNT.


..........................................................

***** AGRICULTURAL DATA *****

SOIL TEMPERATURES AT A DEPTH OF FOUR INCHES

UNDER GRASS...  MAX: 62    MIN: 62



$$
