000
CDUS43 KPAH 150628
CLIPAH


CLIMATE REPORT
NATIONAL WEATHER SERVICE PADUCAH KY
1226 AM CST FRI DEC 15 2017


...................................

...THE PADUCAH KY CLIMATE SUMMARY FOR DECEMBER 14 2017...

CLIMATE NORMAL PERIOD 1981 TO 2010
CLIMATE RECORD PERIOD 1937 TO 2017


WEATHER ITEM   OBSERVED TIME   RECORD YEAR NORMAL DEPARTURE LAST
                VALUE   (LST)  VALUE       VALUE  FROM      YEAR
                                                  NORMAL
..................................................................
TEMPERATURE (F)
 YESTERDAY
  MAXIMUM         42   1216 AM  68    1971  46     -4       38
  MINIMUM         32   1159 PM   4    2010  29      3       20
  AVERAGE         37                        38     -1       29

PRECIPITATION (IN)
  YESTERDAY        0.00          1.86 1987   0.15  -0.15     0.00
  MONTH TO DATE    0.69                      2.18  -1.49     1.12
  SINCE DEC 1      0.69                      2.18  -1.49     1.12
  SINCE JAN 1     43.83                     46.67  -2.84    47.61

SNOWFALL (IN)
  YESTERDAY        0.0           T    2013   0.1   -0.1      0.0
                                      1990
  MONTH TO DATE    T                         0.8   -0.8      0.0
  SINCE DEC 1      T                         0.8   -0.8      0.0
  SINCE JUL 1      T                         0.9   -0.9      0.0
  SNOW DEPTH       0

DEGREE DAYS
 HEATING
  YESTERDAY       28                        28      0       36
  MONTH TO DATE  341                       358    -17      391
  SINCE DEC 1    341                       358    -17      391
  SINCE JUL 1   1024                      1135   -111      892

 COOLING
  YESTERDAY        0                         0      0        0
  MONTH TO DATE    0                         0      0        0
  SINCE DEC 1      0                         0      0        0
  SINCE JAN 1   1692                      1542    150     1953
..................................................................


WIND (MPH)
  HIGHEST WIND SPEED    17   HIGHEST WIND DIRECTION     N (340)
  HIGHEST GUST SPEED    24   HIGHEST GUST DIRECTION     N (340)
  AVERAGE WIND SPEED     7.9


SKY COVER
  POSSIBLE SUNSHINE  MM
  AVERAGE SKY COVER 0.8


WEATHER CONDITIONS
 THE FOLLOWING WEATHER WAS RECORDED YESTERDAY.
  NO SIGNIFICANT WEATHER WAS OBSERVED.


RELATIVE HUMIDITY (PERCENT)
 HIGHEST    61           600 PM
 LOWEST     52           500 PM
 AVERAGE    57

..........................................................


THE PADUCAH KY CLIMATE NORMALS FOR TODAY
                         NORMAL    RECORD    YEAR
 MAXIMUM TEMPERATURE (F)   46        71      1984
 MINIMUM TEMPERATURE (F)   28         2      1989


SUNRISE AND SUNSET
DECEMBER 15 2017......SUNRISE   701 AM CST   SUNSET   439 PM CST
DECEMBER 16 2017......SUNRISE   702 AM CST   SUNSET   440 PM CST


-  INDICATES NEGATIVE NUMBERS.
R  INDICATES RECORD WAS SET OR TIED.
MM INDICATES DATA IS MISSING.
T  INDICATES TRACE AMOUNT.

.............................................

***** AGRICULTURAL DATA *****

SOIL TEMPERATURES AT A DEPTH OF FOUR INCHES

UNDER GRASS... MAX: 43    MIN: 42


$$
