000
CDUS43 KPAH 200628
CLIPAH


CLIMATE REPORT
NATIONAL WEATHER SERVICE PADUCAH KY
1226 AM CST MON FEB 20 2017


...................................

...THE PADUCAH KY CLIMATE SUMMARY FOR FEBRUARY 19 2017...

CLIMATE NORMAL PERIOD 1981 TO 2010
CLIMATE RECORD PERIOD 1937 TO 2017


WEATHER ITEM   OBSERVED TIME   RECORD YEAR NORMAL DEPARTURE LAST
                VALUE   (LST)  VALUE       VALUE  FROM      YEAR
                                                  NORMAL
..................................................................
TEMPERATURE (F)
 YESTERDAY
  MAXIMUM         65    413 PM  71    1994  50     15       65
  MINIMUM         41    418 AM -10    2015  31     10       55
  AVERAGE         53                        40     13       60

PRECIPITATION (IN)
  YESTERDAY        0.00          0.88 2002   0.14  -0.14     0.00
  MONTH TO DATE    1.15                      2.66  -1.51     1.35
  SINCE DEC 1      9.66                     10.93  -1.27    11.32
  SINCE JAN 1      3.65                      6.34  -2.69     3.90

SNOWFALL (IN)
  YESTERDAY        0.0           1.9  2006   0.2   -0.2      0.0
  MONTH TO DATE    T                         2.4   -2.4      3.7
  SINCE DEC 1      0.2                       7.6   -7.4     12.1
  SINCE JUL 1      0.2                       7.7   -7.5     12.1
  SNOW DEPTH       0

DEGREE DAYS
 HEATING
  YESTERDAY       12                        25    -13        5
  MONTH TO DATE  377                       515   -138      514
  SINCE DEC 1   1897                      2311   -414     1943
  SINCE JUL 1   2398                      3088   -690     2487

 COOLING
  YESTERDAY        0                         0      0        0
  MONTH TO DATE    0                         0      0        0
  SINCE DEC 1      0                         0      0        6
  SINCE JAN 1      0                         0      0        0
..................................................................


WIND (MPH)
  HIGHEST WIND SPEED     8   HIGHEST WIND DIRECTION    NE (60)
  HIGHEST GUST SPEED    12   HIGHEST GUST DIRECTION    NE (50)
  AVERAGE WIND SPEED     2.1


SKY COVER
  POSSIBLE SUNSHINE  MM
  AVERAGE SKY COVER 0.6


WEATHER CONDITIONS
 THE FOLLOWING WEATHER WAS RECORDED YESTERDAY.
  FOG
  FOG W/VISIBILITY <= 1/4 MILE
  HAZE


RELATIVE HUMIDITY (PERCENT)
 HIGHEST    96           800 PM
 LOWEST     67           400 PM
 AVERAGE    82

..........................................................


THE PADUCAH KY CLIMATE NORMALS FOR TODAY
                         NORMAL    RECORD    YEAR
 MAXIMUM TEMPERATURE (F)   51        74      2011
                                             1986
 MINIMUM TEMPERATURE (F)   31         9      2015


SUNRISE AND SUNSET
FEBRUARY 20 2017......SUNRISE   637 AM CST   SUNSET   541 PM CST
FEBRUARY 21 2017......SUNRISE   636 AM CST   SUNSET   542 PM CST


-  INDICATES NEGATIVE NUMBERS.
R  INDICATES RECORD WAS SET OR TIED.
MM INDICATES DATA IS MISSING.
T  INDICATES TRACE AMOUNT.

.........................................................

***** AGRICULTURAL DATA *****

SOIL TEMPERATURES AT A DEPTH OF FOUR INCHES

UNDER GRASS...  MAX: 47    MIN: 47


$$
