000
CDUS43 KPAH 260636
CLIPAH


CLIMATE REPORT
NATIONAL WEATHER SERVICE PADUCAH KY
1234 AM CST MON JAN 26 2015


...................................

...THE PADUCAH KY CLIMATE SUMMARY FOR JANUARY 25 2015...

CLIMATE NORMAL PERIOD 1981 TO 2010
CLIMATE RECORD PERIOD 1937 TO 2015


WEATHER ITEM   OBSERVED TIME   RECORD YEAR NORMAL DEPARTURE LAST
                VALUE   (LST)  VALUE       VALUE  FROM      YEAR
                                                  NORMAL
..................................................................
TEMPERATURE (F)
 YESTERDAY
  MAXIMUM         44    808 PM  77    1943  44      0       50
  MINIMUM         36   1159 PM  -2    1940  26     10       20
  AVERAGE         40                        35      5       35

PRECIPITATION (IN)
  YESTERDAY        1.06          3.85 1949   0.11   0.95     0.01
  MONTH TO DATE    2.56                      2.94  -0.38     1.95
  SINCE DEC 1      5.45                      7.53  -2.08    10.09
  SINCE JAN 1      2.56                      2.94  -0.38     1.95

SNOWFALL (IN)
  YESTERDAY        0.0           6.0  1978   0.1   -0.1       T
  MONTH TO DATE    0.5                       2.3   -1.8      1.1
  SINCE DEC 1      0.7                       4.5   -3.8      6.3
  SINCE JUL 1      3.5                       4.6   -1.1      6.3
  SNOW DEPTH       0

DEGREE DAYS
 HEATING
  YESTERDAY       25                        30     -5       30
  MONTH TO DATE  786                       767     19      854
  SINCE DEC 1   1532                      1621    -89     1712
  SINCE JUL 1   2469                      2398     71     2514

 COOLING
  YESTERDAY        0                         0      0        0
  MONTH TO DATE    0                         0      0        0
  SINCE DEC 1      0                         0      0        0
  SINCE JAN 1      0                         0      0        0
..................................................................


WIND (MPH)
  HIGHEST WIND SPEED    24   HIGHEST WIND DIRECTION     N (340)
  HIGHEST GUST SPEED    33   HIGHEST GUST DIRECTION    NW (330)
  AVERAGE WIND SPEED    11.2


SKY COVER
  POSSIBLE SUNSHINE  MM
  AVERAGE SKY COVER 0.7


WEATHER CONDITIONS
 THE FOLLOWING WEATHER WAS RECORDED YESTERDAY.
  RAIN
  LIGHT RAIN
  FOG


RELATIVE HUMIDITY (PERCENT)
 HIGHEST    96           500 PM
 LOWEST     62          1200 AM
 AVERAGE    79

..........................................................


THE PADUCAH KY CLIMATE NORMALS FOR TODAY
                         NORMAL    RECORD    YEAR
 MAXIMUM TEMPERATURE (F)   44        72      1952
                                             1950
 MINIMUM TEMPERATURE (F)   26        -8      1940


SUNRISE AND SUNSET
JANUARY 26 2015.......SUNRISE   702 AM CST   SUNSET   513 PM CST
JANUARY 27 2015.......SUNRISE   702 AM CST   SUNSET   514 PM CST


-  INDICATES NEGATIVE NUMBERS.
R  INDICATES RECORD WAS SET OR TIED.
MM INDICATES DATA IS MISSING.
T  INDICATES TRACE AMOUNT.

&&
.........................................................
***** AGRICULTURAL DATA *****

SOIL TEMPERATURES AT A DEPTH OF FOUR INCHES

UNDER BARE GROUND...  MAX: MM  MIN: MM
UNDER GRASS.........  MAX: 39  MIN: 39


$$
