288
CDUS43 KPAH 100628
CLIPAH


CLIMATE REPORT
NATIONAL WEATHER SERVICE PADUCAH KY
1226 AM CST SUN DEC 10 2017


...................................

...THE PADUCAH KY CLIMATE SUMMARY FOR DECEMBER 9 2017...

CLIMATE NORMAL PERIOD 1981 TO 2010
CLIMATE RECORD PERIOD 1937 TO 2017


WEATHER ITEM   OBSERVED TIME   RECORD YEAR NORMAL DEPARTURE LAST
                VALUE   (LST)  VALUE       VALUE  FROM      YEAR
                                                  NORMAL
..................................................................
TEMPERATURE (F)
 YESTERDAY
  MAXIMUM         38   1208 PM  66    1952  48    -10       35
  MINIMUM         21   1224 AM   7    1995  30     -9       17
  AVERAGE         30                        39     -9       26

PRECIPITATION (IN)
  YESTERDAY        T             2.03 1961   0.16  -0.16     0.00
  MONTH TO DATE    0.69                      1.41  -0.72     0.82
  SINCE DEC 1      0.69                      1.41  -0.72     0.82
  SINCE JAN 1     43.83                     45.90  -2.07    47.31

SNOWFALL (IN)
  YESTERDAY        T   R         T    2013   0.0    0.0      0.0
                                      2008
                                      1992
  MONTH TO DATE    T                         0.4   -0.4      0.0
  SINCE DEC 1      T                         0.4   -0.4      0.0
  SINCE JUL 1      T                         0.5   -0.5      0.0
  SNOW DEPTH       0

DEGREE DAYS
 HEATING
  YESTERDAY       35                        26      9       39
  MONTH TO DATE  204                       223    -19      246
  SINCE DEC 1    204                       223    -19      246
  SINCE JUL 1    887                      1000   -113      747

 COOLING
  YESTERDAY        0                         0      0        0
  MONTH TO DATE    0                         0      0        0
  SINCE DEC 1      0                         0      0        0
  SINCE JAN 1   1692                      1542    150     1953
..................................................................


WIND (MPH)
  HIGHEST WIND SPEED    20   HIGHEST WIND DIRECTION    NW (330)
  HIGHEST GUST SPEED    28   HIGHEST GUST DIRECTION    NW (320)
  AVERAGE WIND SPEED     7.7


SKY COVER
  POSSIBLE SUNSHINE  MM
  AVERAGE SKY COVER 0.5


WEATHER CONDITIONS
 THE FOLLOWING WEATHER WAS RECORDED YESTERDAY.
  LIGHT SNOW


RELATIVE HUMIDITY (PERCENT)
 HIGHEST    68          1200 AM
 LOWEST     44           200 PM
 AVERAGE    56

..........................................................


THE PADUCAH KY CLIMATE NORMALS FOR TODAY
                         NORMAL    RECORD    YEAR
 MAXIMUM TEMPERATURE (F)   48        72      1971
 MINIMUM TEMPERATURE (F)   30         2      1995


SUNRISE AND SUNSET
DECEMBER 10 2017......SUNRISE   658 AM CST   SUNSET   438 PM CST
DECEMBER 11 2017......SUNRISE   659 AM CST   SUNSET   438 PM CST


-  INDICATES NEGATIVE NUMBERS.
R  INDICATES RECORD WAS SET OR TIED.
MM INDICATES DATA IS MISSING.
T  INDICATES TRACE AMOUNT.

.............................................

***** AGRICULTURAL DATA *****

SOIL TEMPERATURES AT A DEPTH OF FOUR INCHES

UNDER GRASS... MAX: 47    MIN: 44


$$
