000
CDUS43 KPAH 200630
CLIPAH

CLIMATE REPORT
NATIONAL WEATHER SERVICE PADUCAH KY
1228 AM CST SAT DEC 20 2014

...................................

...THE PADUCAH KY CLIMATE SUMMARY FOR DECEMBER 19 2014...

CLIMATE NORMAL PERIOD 1981 TO 2010
CLIMATE RECORD PERIOD 1937 TO 2014

WEATHER ITEM   OBSERVED TIME   RECORD YEAR NORMAL DEPARTURE LAST
                VALUE   (LST)  VALUE       VALUE  FROM      YEAR
                                                  NORMAL
..................................................................
TEMPERATURE (F)
 YESTERDAY
  MAXIMUM         42    131 PM  67    1939  45     -3       61
  MINIMUM         33    853 AM   3    1963  28      5       46
  AVERAGE         38                        36      2       54

PRECIPITATION (IN)
  YESTERDAY        0.00          1.32 1957   0.14  -0.14     0.00
  MONTH TO DATE    1.82                      2.90  -1.08     2.49
  SINCE DEC 1      1.82                      2.90  -1.08     2.49
  SINCE JAN 1     45.77                     47.39  -1.62    54.69

SNOWFALL (IN)
  YESTERDAY        0.0           1.0  1973   0.1   -0.1      0.0
  MONTH TO DATE    0.2                       1.2   -1.0      5.2
  SINCE DEC 1      0.2                       1.2   -1.0      5.2
  SINCE JUL 1      3.0                       1.3    1.7      5.2
  SNOW DEPTH       0

DEGREE DAYS
 HEATING
  YESTERDAY       27                        29     -2       11
  MONTH TO DATE  448                       499    -51      528
  SINCE DEC 1    448                       499    -51      528
  SINCE JUL 1   1385                      1276    109     1330

 COOLING
  YESTERDAY        0                         0      0        0
  MONTH TO DATE    0                         0      0        0
  SINCE DEC 1      0                         0      0        0
  SINCE JAN 1   1722                      1542    180     1478
..................................................................

WIND (MPH)
  HIGHEST WIND SPEED    12   HIGHEST WIND DIRECTION    NE (60)
  HIGHEST GUST SPEED    13   HIGHEST GUST DIRECTION    NE (60)
  AVERAGE WIND SPEED     5.3

SKY COVER
  POSSIBLE SUNSHINE  MM
  AVERAGE SKY COVER 0.7

WEATHER CONDITIONS
 THE FOLLOWING WEATHER WAS RECORDED YESTERDAY.
  HAZE

RELATIVE HUMIDITY (PERCENT)
 HIGHEST    89           200 AM
 LOWEST     60           200 PM
 AVERAGE    75
..........................................................

THE PADUCAH KY CLIMATE NORMALS FOR TODAY
                         NORMAL    RECORD    YEAR
 MAXIMUM TEMPERATURE (F)   45        68      1949
 MINIMUM TEMPERATURE (F)   28         4      1989
                                             1945

SUNRISE AND SUNSET
DECEMBER 20 2014......SUNRISE   704 AM CST   SUNSET   441 PM CST
DECEMBER 21 2014......SUNRISE   705 AM CST   SUNSET   442 PM CST

-  INDICATES NEGATIVE NUMBERS.
R  INDICATES RECORD WAS SET OR TIED.
MM INDICATES DATA IS MISSING.
T  INDICATES TRACE AMOUNT.

&&
.........................................................
***** AGRICULTURAL DATA *****

SOIL TEMPERATURES AT A DEPTH OF FOUR INCHES

UNDER BARE GROUND...  MAX: MM  MIN: MM
UNDER GRASS.........  MAX: 46  MIN: 45

$$
