000
CDUS43 KPAH 050633
CLIPAH

CLIMATE REPORT
NATIONAL WEATHER SERVICE PADUCAH KY
128 AM CDT THU MAY 5 2016

...................................

...THE PADUCAH KY CLIMATE SUMMARY FOR MAY 4 2016...

CLIMATE NORMAL PERIOD 1981 TO 2010
CLIMATE RECORD PERIOD 1937 TO 2016

WEATHER ITEM   OBSERVED TIME   RECORD YEAR NORMAL DEPARTURE LAST
                VALUE   (LST)  VALUE       VALUE  FROM      YEAR
                                                  NORMAL
..................................................................
TEMPERATURE (F)
 YESTERDAY
  MAXIMUM         72    101 PM  89    2012  75     -3       85
  MINIMUM         45   1159 PM  34    1976  53     -8       65
                                      1954
  AVERAGE         59                        64     -5       75

PRECIPITATION (IN)
  YESTERDAY        0.01          1.29 1942   0.18  -0.17     0.00
  MONTH TO DATE    0.01                      0.70  -0.69     0.00
  SINCE MAR 1     12.48                      9.39   3.09    14.62
  SINCE JAN 1     17.94                     16.98   0.96    21.91

SNOWFALL (IN)
  YESTERDAY        0.0           0.0  2002   0.0    0.0      0.0
                                      2001
  MONTH TO DATE    0.0                       0.0    0.0      0.0
  SINCE MAR 1      T                         0.6   -0.6     12.1
  SINCE JUL 1     12.1                       9.1    3.0     28.6
  SNOW DEPTH       0

DEGREE DAYS
 HEATING
  YESTERDAY        6                         3      3        0
  MONTH TO DATE   16                        15      1       15
  SINCE MAR 1    555                       783   -228      771
  SINCE JUL 1   3217                      4079   -862     4440

 COOLING
  YESTERDAY        0                         2     -2       10
  MONTH TO DATE    6                         8     -2       11
  SINCE MAR 1     42                        50     -8       53
  SINCE JAN 1     42                        50     -8       53
..................................................................

WIND (MPH)
  HIGHEST WIND SPEED    23   HIGHEST WIND DIRECTION     N (340)
  HIGHEST GUST SPEED    31   HIGHEST GUST DIRECTION    NW (320)
  AVERAGE WIND SPEED     9.9

SKY COVER
  POSSIBLE SUNSHINE  MM
  AVERAGE SKY COVER 0.4

WEATHER CONDITIONS
 THE FOLLOWING WEATHER WAS RECORDED YESTERDAY.
  LIGHT RAIN

RELATIVE HUMIDITY (PERCENT)
 HIGHEST    86          1200 AM
 LOWEST     34           400 PM
 AVERAGE    60
..........................................................

THE PADUCAH KY CLIMATE NORMALS FOR TODAY
                         NORMAL    RECORD    YEAR
 MAXIMUM TEMPERATURE (F)   75        92      1959
 MINIMUM TEMPERATURE (F)   53        39      2011

SUNRISE AND SUNSET
MAY  5 2016...........SUNRISE   556 AM CDT   SUNSET   748 PM CDT
MAY  6 2016...........SUNRISE   555 AM CDT   SUNSET   749 PM CDT

-  INDICATES NEGATIVE NUMBERS.
R  INDICATES RECORD WAS SET OR TIED.
MM INDICATES DATA IS MISSING.
T  INDICATES TRACE AMOUNT.

&&
...........................................................
***** AGRICULTURAL DATA *****

SOIL TEMPERATURES AT A DEPTH OF FOUR INCHES

UNDER GRASS...  MAX: 68  MIN: 65

$$
