000
CDUS43 KPAH 170634
CLIPAH


CLIMATE REPORT
NATIONAL WEATHER SERVICE PADUCAH KY
1229 AM CST SAT FEB 17 2018

...................................

...THE PADUCAH KY CLIMATE SUMMARY FOR FEBRUARY 16 2018...

CLIMATE NORMAL PERIOD 1981 TO 2010
CLIMATE RECORD PERIOD 1937 TO 2018

WEATHER ITEM   OBSERVED TIME   RECORD YEAR NORMAL DEPARTURE LAST
                VALUE   (LST)  VALUE       VALUE  FROM      YEAR
                                                  NORMAL
..................................................................
TEMPERATURE (F)
 YESTERDAY
  MAXIMUM         69    101 AM  71    1961  49     20       61
  MINIMUM         39   1159 PM   1    1958  30      9       25
  AVERAGE         54                        39     15       43

PRECIPITATION (IN)
  YESTERDAY        0.26          1.35 1954   0.14   0.12     0.00
  MONTH TO DATE    1.66                      2.25  -0.59     0.83
  SINCE DEC 1      8.93                     10.52  -1.59     9.34
  SINCE JAN 1      5.66                      5.93  -0.27     3.33

SNOWFALL (IN)
  YESTERDAY        0.0          10.8  2015   0.1   -0.1      0.0
  MONTH TO DATE    0.1                       2.0   -1.9       T
  SINCE DEC 1     12.5                       7.2    5.3      0.2
  SINCE JUL 1     12.5                       7.3    5.2      0.2
  SNOW DEPTH       0

DEGREE DAYS
 HEATING
  YESTERDAY       11                        26    -15       22
  MONTH TO DATE  434                       440     -6      343
  SINCE DEC 1   2325                      2236     89     1863
  SINCE JUL 1   3008                      3013     -5     2364

 COOLING
  YESTERDAY        0                         0      0        0
  MONTH TO DATE    3                         0      3        0
  SINCE DEC 1      3                         0      3        0
  SINCE JAN 1      3                         0      3        0
..................................................................

WIND (MPH)
  HIGHEST WIND SPEED    32   HIGHEST WIND DIRECTION     N (350)
  HIGHEST GUST SPEED    44   HIGHEST GUST DIRECTION     N (350)
  AVERAGE WIND SPEED    12.0

SKY COVER
  POSSIBLE SUNSHINE  MM
  AVERAGE SKY COVER 0.9

WEATHER CONDITIONS
 THE FOLLOWING WEATHER WAS RECORDED YESTERDAY.
  RAIN
  LIGHT RAIN
  FOG
  HAZE

RELATIVE HUMIDITY (PERCENT)
 HIGHEST    86           500 AM
 LOWEST     65           600 PM
 AVERAGE    76
..........................................................

THE PADUCAH KY CLIMATE NORMALS FOR TODAY
                         NORMAL    RECORD    YEAR
 MAXIMUM TEMPERATURE (F)   50        70      1986
 MINIMUM TEMPERATURE (F)   30        -5      2015
                                             1958

SUNRISE AND SUNSET
FEBRUARY 17 2018......SUNRISE   641 AM CST   SUNSET   537 PM CST
FEBRUARY 18 2018......SUNRISE   640 AM CST   SUNSET   538 PM CST

-  INDICATES NEGATIVE NUMBERS.
R  INDICATES RECORD WAS SET OR TIED.
MM INDICATES DATA IS MISSING.
T  INDICATES TRACE AMOUNT.

$$
