000
CDUS43 KPAH 190641
CLIPAH


CLIMATE REPORT
NATIONAL WEATHER SERVICE PADUCAH KY
129 AM CDT SAT AUG 19 2017


...................................

...THE PADUCAH KY CLIMATE SUMMARY FOR AUGUST 18 2017...

CLIMATE NORMAL PERIOD 1981 TO 2010
CLIMATE RECORD PERIOD 1937 TO 2017


WEATHER ITEM   OBSERVED TIME   RECORD YEAR NORMAL DEPARTURE LAST
                VALUE   (LST)  VALUE       VALUE  FROM      YEAR
                                                  NORMAL
..................................................................
TEMPERATURE (F)
 YESTERDAY
  MAXIMUM         89    344 PM 103    1988  89      0       84
  MINIMUM         67    534 AM  55    2012  66      1       72
  AVERAGE         78                        78      0       78

PRECIPITATION (IN)
  YESTERDAY        0.00          1.42 1946   0.08  -0.08     0.00
  MONTH TO DATE    0.90                      1.67  -0.77     8.05
  SINCE JUN 1      9.72                     10.17  -0.45    17.92
  SINCE JAN 1     32.07                     31.39   0.68    41.12

SNOWFALL (IN)
  YESTERDAY        0.0           0.0  2002   0.0    0.0      0.0
                                      2001
  MONTH TO DATE    0.0                       0.0    0.0      0.0
  SINCE JUN 1      0.0                       0.0    0.0      0.0
  SINCE JUL 1      0.0                       0.0    0.0      0.0
  SNOW DEPTH       0

DEGREE DAYS
 HEATING
  YESTERDAY        0                         0      0        0
  MONTH TO DATE    0                         0      0        0
  SINCE JUN 1      0                         4     -4        0
  SINCE JUL 1      0                         0      0        0

 COOLING
  YESTERDAY       13                        13      0       13
  MONTH TO DATE  188                       235    -47      274
  SINCE JUN 1   1007                       986     21     1195
  SINCE JAN 1   1238                      1158     80     1345
..................................................................


WIND (MPH)
  HIGHEST WIND SPEED    14   HIGHEST WIND DIRECTION     W (270)
  HIGHEST GUST SPEED    28   HIGHEST GUST DIRECTION    NW (330)
  AVERAGE WIND SPEED     5.4


SKY COVER
  POSSIBLE SUNSHINE  MM
  AVERAGE SKY COVER 0.0


WEATHER CONDITIONS
 THE FOLLOWING WEATHER WAS RECORDED YESTERDAY.
  NO SIGNIFICANT WEATHER WAS OBSERVED.


RELATIVE HUMIDITY (PERCENT)
 HIGHEST    93           200 AM
 LOWEST     40           400 PM
 AVERAGE    67

..........................................................


THE PADUCAH KY CLIMATE NORMALS FOR TODAY
                         NORMAL    RECORD    YEAR
 MAXIMUM TEMPERATURE (F)   89        98      1995
                                             1962
                                             1941
 MINIMUM TEMPERATURE (F)   66        57      2012
                                             1982


SUNRISE AND SUNSET
AUGUST 19 2017........SUNRISE   615 AM CDT   SUNSET   741 PM CDT
AUGUST 20 2017........SUNRISE   616 AM CDT   SUNSET   740 PM CDT


-  INDICATES NEGATIVE NUMBERS.
R  INDICATES RECORD WAS SET OR TIED.
MM INDICATES DATA IS MISSING.
T  INDICATES TRACE AMOUNT.


&&

..............................................

     ***** AGRICULTURAL DATA *****

SOIL TEMPERATURES AT A DEPTH OF FOUR INCHES

UNDER GRASS... MAX: 78     MIN: 78


$$
