000
CDUS43 KPAH 180630
CLIPAH


CLIMATE REPORT
NATIONAL WEATHER SERVICE PADUCAH KY
128 AM CDT FRI APR 18 2014

...................................

...THE PADUCAH KY CLIMATE SUMMARY FOR APRIL 17 2014...

CLIMATE NORMAL PERIOD 1981 TO 2010
CLIMATE RECORD PERIOD 1937 TO 2014

WEATHER ITEM   OBSERVED TIME   RECORD YEAR NORMAL DEPARTURE LAST
                VALUE   (LST)  VALUE       VALUE  FROM      YEAR
                                                  NORMAL
..................................................................
TEMPERATURE (F)
 YESTERDAY
  MAXIMUM         70    320 PM  87    1977  70      0       82
  MINIMUM         37    416 AM  29    1951  47    -10       59
  AVERAGE         54                        58     -4       71

PRECIPITATION (IN)
  YESTERDAY        0.00          2.00 1939   0.17  -0.17     0.06
  MONTH TO DATE    4.73                      2.52   2.21     1.64
  SINCE MAR 1      8.38                      6.45   1.93     5.66
  SINCE JAN 1     13.56                     14.04  -0.48    17.41

SNOWFALL (IN)
  YESTERDAY        0.0           T    2001   0.0    0.0      0.0
                                      1983
  MONTH TO DATE    0.0                       0.0    0.0      0.0
  SINCE MAR 1      5.6                       0.6    5.0      0.7
  SINCE JUL 1     18.5                       9.1    9.4      6.8
  SNOW DEPTH       0

DEGREE DAYS
 HEATING
  YESTERDAY       11                         8      3        0
  MONTH TO DATE  148                       169    -21      153
  SINCE MAR 1    794                       692    102      868
  SINCE JUL 1   4449                      3988    461     3979

 COOLING
  YESTERDAY        0                         1     -1        6
  MONTH TO DATE   21                        17      4       31
  SINCE MAR 1     21                        24     -3       31
  SINCE JAN 1     21                        24     -3       31
..................................................................

WIND (MPH)
  HIGHEST WIND SPEED    16   HIGHEST WIND DIRECTION     S (190)
  HIGHEST GUST SPEED    24   HIGHEST GUST DIRECTION     S (200)
  AVERAGE WIND SPEED     5.5

SKY COVER
  POSSIBLE SUNSHINE  MM
  AVERAGE SKY COVER 0.0

WEATHER CONDITIONS
 THE FOLLOWING WEATHER WAS RECORDED YESTERDAY.
  NO SIGNIFICANT WEATHER WAS OBSERVED.

RELATIVE HUMIDITY (PERCENT)
 HIGHEST    80          1100 PM
 LOWEST     33           200 PM
 AVERAGE    57
..........................................................

THE PADUCAH KY CLIMATE NORMALS FOR TODAY
                         NORMAL    RECORD    YEAR
 MAXIMUM TEMPERATURE (F)   70        86      2006
                                             2002
 MINIMUM TEMPERATURE (F)   47        29      2001

SUNRISE AND SUNSET
APRIL 18 2014.........SUNRISE   617 AM CDT   SUNSET   733 PM CDT
APRIL 19 2014.........SUNRISE   615 AM CDT   SUNSET   733 PM CDT

-  INDICATES NEGATIVE NUMBERS.
R  INDICATES RECORD WAS SET OR TIED.
MM INDICATES DATA IS MISSING.
T  INDICATES TRACE AMOUNT.

$$
