000
CDUS43 KPAH 010630
CLIPAH


CLIMATE REPORT
NATIONAL WEATHER SERVICE PADUCAH KY
127 AM CDT SAT AUG 1 2015

...................................

...THE PADUCAH KY CLIMATE SUMMARY FOR JULY 31 2015...

CLIMATE NORMAL PERIOD 1981 TO 2010
CLIMATE RECORD PERIOD 1937 TO 2015

WEATHER ITEM   OBSERVED TIME   RECORD YEAR NORMAL DEPARTURE LAST
                VALUE   (LST)  VALUE       VALUE  FROM      YEAR
                                                  NORMAL
..................................................................
TEMPERATURE (F)
 YESTERDAY
  MAXIMUM         91    217 PM 102    1947  89      2       85
                                      1941
  MINIMUM         65    529 AM  52    1971  68     -3       59
  AVERAGE         78                        79     -1       72

PRECIPITATION (IN)
  YESTERDAY        0.00          2.55 1938   0.13  -0.13     0.00
  MONTH TO DATE   10.42                      4.44   5.98     2.04
  SINCE JUN 1     12.86                      8.50   4.36     8.73
  SINCE JAN 1     38.48                     29.72   8.76    28.92

SNOWFALL (IN)
  YESTERDAY        0.0           0.0  2002   0.0    0.0      0.0
                                      2001
  MONTH TO DATE    0.0                       0.0    0.0      0.0
  SINCE JUN 1      0.0                       0.0    0.0      0.0
  SINCE JUL 1      0.0                       0.0    0.0      0.0
  SNOW DEPTH       0

DEGREE DAYS
 HEATING
  YESTERDAY        0                         0      0        0
  MONTH TO DATE    0                         0      0        0
  SINCE JUN 1      2                         4     -2        0
  SINCE JUL 1      0                         0      0        0

 COOLING
  YESTERDAY       13                        14     -1        7
  MONTH TO DATE  488                       431     57      316
  SINCE JUN 1    889                       751    138      721
  SINCE JAN 1   1100                       923    177      999
..................................................................

WIND (MPH)
  HIGHEST WIND SPEED    13   HIGHEST WIND DIRECTION     N (10)
  HIGHEST GUST SPEED    18   HIGHEST GUST DIRECTION     N (360)
  AVERAGE WIND SPEED     4.6

SKY COVER
  POSSIBLE SUNSHINE  MM
  AVERAGE SKY COVER 0.0

WEATHER CONDITIONS
 THE FOLLOWING WEATHER WAS RECORDED YESTERDAY.
  NO SIGNIFICANT WEATHER WAS OBSERVED.

RELATIVE HUMIDITY (PERCENT)
 HIGHEST    93          1200 AM
 LOWEST     47           300 PM
 AVERAGE    70
..........................................................

THE PADUCAH KY CLIMATE NORMALS FOR TODAY
                         NORMAL    RECORD    YEAR
 MAXIMUM TEMPERATURE (F)   89       102      1941
 MINIMUM TEMPERATURE (F)   68        52      1971

SUNRISE AND SUNSET
AUGUST  1 2015........SUNRISE   600 AM CDT   SUNSET   802 PM CDT
AUGUST  2 2015........SUNRISE   601 AM CDT   SUNSET   801 PM CDT

-  INDICATES NEGATIVE NUMBERS.
R  INDICATES RECORD WAS SET OR TIED.
MM INDICATES DATA IS MISSING.
T  INDICATES TRACE AMOUNT.

$$
