000
CDUS43 KPAH 240634
CLIPAH


CLIMATE REPORT
NATIONAL WEATHER SERVICE PADUCAH KY
1231 AM CST MON NOV 24 2014


...................................

...THE PADUCAH KY CLIMATE SUMMARY FOR NOVEMBER 23 2014...

CLIMATE NORMAL PERIOD 1981 TO 2010
CLIMATE RECORD PERIOD 1937 TO 2014


WEATHER ITEM   OBSERVED TIME   RECORD YEAR NORMAL DEPARTURE LAST
                VALUE   (LST)  VALUE       VALUE  FROM      YEAR
                                                  NORMAL
..................................................................
TEMPERATURE (F)
 YESTERDAY
  MAXIMUM         60   1159 PM  70    2003  55      5       47
  MINIMUM         50    335 AM  15    1970  35     15       24
                                      1950
  AVERAGE         55                        45     10       36

PRECIPITATION (IN)
  YESTERDAY        1.17          4.06 1951   0.15   1.02     0.00
  MONTH TO DATE    2.46                      3.19  -0.73     2.24
  SINCE SEP 1      7.05                     10.90  -3.85    11.40
  SINCE JAN 1     43.82                     43.38   0.44    52.17

SNOWFALL (IN)
  YESTERDAY        0.0           1.3  1950   0.0    0.0      0.0
  MONTH TO DATE    2.8                       0.0    2.8       T
  SINCE SEP 1      2.8                       0.1    2.7       T
  SINCE JUL 1      2.8                       0.1    2.7       T
  SNOW DEPTH       0

DEGREE DAYS
 HEATING
  YESTERDAY       10                        20    -10       29
  MONTH TO DATE  556                       358    198      372
  SINCE SEP 1    781                       624    157      581
  SINCE JUL 1    781                       625    156      581

 COOLING
  YESTERDAY        0                         0      0        0
  MONTH TO DATE    0                         0      0        0
  SINCE SEP 1    251                       225     26      304
  SINCE JAN 1   1722                      1538    184     1478
..................................................................


WIND (MPH)
  HIGHEST WIND SPEED    22   HIGHEST WIND DIRECTION    SW (220)
  HIGHEST GUST SPEED    34   HIGHEST GUST DIRECTION    SW (230)
  AVERAGE WIND SPEED     9.8


SKY COVER
  POSSIBLE SUNSHINE  MM
  AVERAGE SKY COVER 0.8


WEATHER CONDITIONS
 THE FOLLOWING WEATHER WAS RECORDED YESTERDAY.
  HEAVY RAIN
  RAIN
  LIGHT RAIN
  FOG


RELATIVE HUMIDITY (PERCENT)
 HIGHEST   100           200 PM
 LOWEST     63          1200 AM
 AVERAGE    82

..........................................................


THE PADUCAH KY CLIMATE NORMALS FOR TODAY
                         NORMAL    RECORD    YEAR
 MAXIMUM TEMPERATURE (F)   54        72      1990
 MINIMUM TEMPERATURE (F)   35        -2      1950


SUNRISE AND SUNSET
NOVEMBER 24 2014......SUNRISE   643 AM CST   SUNSET   440 PM CST
NOVEMBER 25 2014......SUNRISE   644 AM CST   SUNSET   440 PM CST


-  INDICATES NEGATIVE NUMBERS.
R  INDICATES RECORD WAS SET OR TIED.
MM INDICATES DATA IS MISSING.
T  INDICATES TRACE AMOUNT.

&&
.........................................................
***** AGRICULTURAL DATA *****

SOIL TEMPERATURES AT A DEPTH OF FOUR INCHES

UNDER BARE GROUND...  MAX: MM  MIN: MM
UNDER GRASS.........  MAX: 48  MIN: 46

$$
