000
CDUS43 KPAH 270636
CLIPAH


CLIMATE REPORT
NATIONAL WEATHER SERVICE PADUCAH KY
133 AM CDT MON JUL 27 2015


...................................

...THE PADUCAH KY CLIMATE SUMMARY FOR JULY 26 2015...

CLIMATE NORMAL PERIOD 1981 TO 2010
CLIMATE RECORD PERIOD 1937 TO 2015


WEATHER ITEM   OBSERVED TIME   RECORD YEAR NORMAL DEPARTURE LAST
                VALUE   (LST)  VALUE       VALUE  FROM      YEAR
                                                  NORMAL
..................................................................
TEMPERATURE (F)
 YESTERDAY
  MAXIMUM         85    453 PM 102    1952  89     -4       93
  MINIMUM         73    420 AM  55    1948  68      5       67
  AVERAGE         79                        79      0       80

PRECIPITATION (IN)
  YESTERDAY        0.36          2.94 2001   0.14   0.22     0.00
  MONTH TO DATE   10.29                      3.80   6.49     2.04
  SINCE JUN 1     12.73                      7.86   4.87     8.73
  SINCE JAN 1     38.35                     29.08   9.27    28.92

SNOWFALL (IN)
  YESTERDAY        0.0                       0.0    0.0      0.0
  MONTH TO DATE    0.0                       0.0    0.0      0.0
  SINCE JUN 1      0.0                       0.0    0.0      0.0
  SINCE JUL 1      0.0                       0.0    0.0      0.0
  SNOW DEPTH       0

DEGREE DAYS
 HEATING
  YESTERDAY        0                         0      0        0
  MONTH TO DATE    0                         0      0        0
  SINCE JUN 1      2                         4     -2        0
  SINCE JUL 1      0                         0      0        0

 COOLING
  YESTERDAY       14                        14      0       15
  MONTH TO DATE  403                       364     39      271
  SINCE JUN 1    804                       684    120      676
  SINCE JAN 1   1015                       856    159      954
..................................................................


WIND (MPH)
  HIGHEST WIND SPEED    25   HIGHEST WIND DIRECTION     N (350)
  HIGHEST GUST SPEED    31   HIGHEST GUST DIRECTION     N (360)
  AVERAGE WIND SPEED     2.7


SKY COVER
  POSSIBLE SUNSHINE  MM
  AVERAGE SKY COVER 0.2


WEATHER CONDITIONS
 THE FOLLOWING WEATHER WAS RECORDED YESTERDAY.
  THUNDERSTORM
  HEAVY RAIN
  RAIN
  LIGHT RAIN
  FOG
  HAZE


RELATIVE HUMIDITY (PERCENT)
 HIGHEST    94           800 PM
 LOWEST     74           900 AM
 AVERAGE    84

..........................................................


THE PADUCAH KY CLIMATE NORMALS FOR TODAY
                         NORMAL    RECORD    YEAR
 MAXIMUM TEMPERATURE (F)   89       103      1952
 MINIMUM TEMPERATURE (F)   68        48      1962


SUNRISE AND SUNSET
JULY 27 2015..........SUNRISE   556 AM CDT   SUNSET   807 PM CDT
JULY 28 2015..........SUNRISE   557 AM CDT   SUNSET   806 PM CDT


-  INDICATES NEGATIVE NUMBERS.
R  INDICATES RECORD WAS SET OR TIED.
MM INDICATES DATA IS MISSING.
T  INDICATES TRACE AMOUNT.

&&
..........................................................
***** AGRICULTURAL DATA *****

SOIL TEMPERATURES AT A DEPTH OF FOUR INCHES

UNDER GRASS...   MAX: 81  MIN: 81

$$
