045
CDUS43 KPAH 030627
CLIPAH


CLIMATE REPORT
NATIONAL WEATHER SERVICE PADUCAH KY
1225 AM CST SAT DEC 3 2016

...................................

...THE PADUCAH KY CLIMATE SUMMARY FOR DECEMBER 2 2016...

CLIMATE NORMAL PERIOD 1981 TO 2010
CLIMATE RECORD PERIOD 1937 TO 2016

WEATHER ITEM   OBSERVED TIME   RECORD YEAR NORMAL DEPARTURE LAST
                VALUE   (LST)  VALUE       VALUE  FROM      YEAR
                                                  NORMAL
..................................................................
TEMPERATURE (F)
 YESTERDAY
  MAXIMUM         53    343 PM  77    1982  51      2       48
  MINIMUM         26    709 AM  15    1944  32     -6       34
  AVERAGE         40                        41     -1       41

PRECIPITATION (IN)
  YESTERDAY        0.00          2.27 1967   0.16  -0.16     0.00
  MONTH TO DATE    0.00                      0.31  -0.31     0.02
  SINCE DEC 1      0.00                      0.31  -0.31     0.02
  SINCE JAN 1     46.49                     44.80   1.69    51.77

SNOWFALL (IN)
  YESTERDAY        0.0           0.4  2000   0.1   -0.1      0.0
  MONTH TO DATE    0.0                       0.1   -0.1      0.0
  SINCE DEC 1      0.0                       0.1   -0.1      0.0
  SINCE JUL 1      0.0                       0.2   -0.2      0.0
  SNOW DEPTH       0

DEGREE DAYS
 HEATING
  YESTERDAY       25                        24      1       24
  MONTH TO DATE   51                        47      4       44
  SINCE DEC 1     51                        47      4       44
  SINCE JUL 1    552                       824   -272      588

 COOLING
  YESTERDAY        0                         0      0        0
  MONTH TO DATE    0                         0      0        0
  SINCE DEC 1      0                         0      0        0
  SINCE JAN 1   1953                      1542    411     1690
..................................................................

WIND (MPH)
  HIGHEST WIND SPEED     9   HIGHEST WIND DIRECTION     N (10)
  HIGHEST GUST SPEED    12   HIGHEST GUST DIRECTION     N (360)
  AVERAGE WIND SPEED     1.6

SKY COVER
  POSSIBLE SUNSHINE  MM
  AVERAGE SKY COVER 0.0

WEATHER CONDITIONS
 THE FOLLOWING WEATHER WAS RECORDED YESTERDAY.
  FOG
  HAZE

RELATIVE HUMIDITY (PERCENT)
 HIGHEST    92           300 AM
 LOWEST     38           200 PM
 AVERAGE    65
..........................................................

THE PADUCAH KY CLIMATE NORMALS FOR TODAY
                         NORMAL    RECORD    YEAR
 MAXIMUM TEMPERATURE (F)   50        73      1982
                                             1956
 MINIMUM TEMPERATURE (F)   32        15      1944

SUNRISE AND SUNSET
DECEMBER  3 2016......SUNRISE   652 AM CST   SUNSET   438 PM CST
DECEMBER  4 2016......SUNRISE   653 AM CST   SUNSET   438 PM CST

-  INDICATES NEGATIVE NUMBERS.
R  INDICATES RECORD WAS SET OR TIED.
MM INDICATES DATA IS MISSING.
T  INDICATES TRACE AMOUNT.

$$
