368
CDUS43 KPAH 050634
CLIPAH


CLIMATE REPORT
NATIONAL WEATHER SERVICE PADUCAH KY
1231 AM CST FRI FEB 5 2016


...................................

...THE PADUCAH KY CLIMATE SUMMARY FOR FEBRUARY 4 2016...

CLIMATE NORMAL PERIOD 1981 TO 2010
CLIMATE RECORD PERIOD 1937 TO 2016


WEATHER ITEM   OBSERVED TIME   RECORD YEAR NORMAL DEPARTURE LAST
                VALUE   (LST)  VALUE       VALUE  FROM      YEAR
                                                  NORMAL
..................................................................
TEMPERATURE (F)
 YESTERDAY
  MAXIMUM         43    302 PM  73    1962  46     -3       53
  MINIMUM         26    833 PM  -3    1996  27     -1       26
  AVERAGE         35                        36     -1       40

PRECIPITATION (IN)
  YESTERDAY        0.00          0.65 2014   0.14  -0.14      T
  MONTH TO DATE    0.36                      0.58  -0.22     0.89
  SINCE DEC 1     10.33                      8.85   1.48     6.34
  SINCE JAN 1      2.91                      4.26  -1.35     3.45

SNOWFALL (IN)
  YESTERDAY        0.0           1.4  2007   0.1   -0.1      0.1
  MONTH TO DATE    0.0                       0.5   -0.5      0.1
  SINCE DEC 1      8.4                       5.7    2.7      0.8
  SINCE JUL 1      8.4                       5.8    2.6      3.6
  SNOW DEPTH       0

DEGREE DAYS
 HEATING
  YESTERDAY       30                        29      1       25
  MONTH TO DATE   70                       116    -46      118
  SINCE DEC 1   1499                      1912   -413     1814
  SINCE JUL 1   2043                      2689   -646     2751

 COOLING
  YESTERDAY        0                         0      0        0
  MONTH TO DATE    0                         0      0        0
  SINCE DEC 1      6                         0      6        0
  SINCE JAN 1      0                         0      0        0
..................................................................


WIND (MPH)
  HIGHEST WIND SPEED    13   HIGHEST WIND DIRECTION     N (350)
  HIGHEST GUST SPEED    17   HIGHEST GUST DIRECTION    NW (330)
  AVERAGE WIND SPEED     5.9


SKY COVER
  POSSIBLE SUNSHINE  MM
  AVERAGE SKY COVER 0.1


WEATHER CONDITIONS
 THE FOLLOWING WEATHER WAS RECORDED YESTERDAY.
  NO SIGNIFICANT WEATHER WAS OBSERVED.


RELATIVE HUMIDITY (PERCENT)
 HIGHEST    75           900 PM
 LOWEST     36           300 PM
 AVERAGE    56

..........................................................


THE PADUCAH KY CLIMATE NORMALS FOR TODAY
                         NORMAL    RECORD    YEAR
 MAXIMUM TEMPERATURE (F)   46        76      2008
 MINIMUM TEMPERATURE (F)   27         5      1996


SUNRISE AND SUNSET
FEBRUARY  5 2016......SUNRISE   655 AM CST   SUNSET   524 PM CST
FEBRUARY  6 2016......SUNRISE   654 AM CST   SUNSET   525 PM CST


-  INDICATES NEGATIVE NUMBERS.
R  INDICATES RECORD WAS SET OR TIED.
MM INDICATES DATA IS MISSING.
T  INDICATES TRACE AMOUNT.

&&
...........................................................
***** AGRICULTURAL DATA *****

SOIL TEMPERATURES AT A DEPTH OF FOUR INCHES

UNDER GRASS...  MAX: 46  MIN; 44

$$
