790
CDUS43 KPAH 252126
CLIPAH


CLIMATE REPORT
NATIONAL WEATHER SERVICE PADUCAH KY
426 PM CDT SAT MAR 25 2017


...................................

...THE PADUCAH KY CLIMATE SUMMARY FOR MARCH 25 2017...
VALID TODAY AS OF 0400 PM LOCAL TIME.

CLIMATE NORMAL PERIOD 1981 TO 2010
CLIMATE RECORD PERIOD 1937 TO 2017


WEATHER ITEM   OBSERVED TIME   RECORD YEAR NORMAL DEPARTURE LAST
                VALUE   (LST)  VALUE       VALUE  FROM      YEAR
                                                  NORMAL
..................................................................
TEMPERATURE (F)
 TODAY
  MAXIMUM         68   1109 AM  83    2007  62      6       53
  MINIMUM         56    601 AM  18    1955  40     16       39
  AVERAGE         62                        51     11       46

PRECIPITATION (IN)
  TODAY            0.29          2.98 2002   0.14   0.15     0.00
  MONTH TO DATE    3.44                      3.08   0.36     6.06
  SINCE MAR 1      3.44                      3.08   0.36     6.06
  SINCE JAN 1      8.27                     10.67  -2.40    11.52

SNOWFALL (IN)
  TODAY            0.0                                       0.0
  MONTH TO DATE    1.0                                        T
  SINCE JUL 1      1.2                                      12.1
  SNOW DEPTH       0

..................................................................


WIND (MPH)
  HIGHEST WIND SPEED    35   HIGHEST WIND DIRECTION     W (250)
  HIGHEST GUST SPEED    41   HIGHEST GUST DIRECTION     W (260)




RELATIVE HUMIDITY (PERCENT)
 HIGHEST    93
 LOWEST     59

..........................................................


THE PADUCAH KY CLIMATE NORMALS FOR TOMORROW
                         NORMAL    RECORD    YEAR
 MAXIMUM TEMPERATURE (F)   63        83      2007
                                             1991
 MINIMUM TEMPERATURE (F)   40        12      1955


SUNRISE AND SUNSET
MARCH 25 2017.........SUNRISE   651 AM CDT   SUNSET   712 PM CDT
MARCH 26 2017.........SUNRISE   649 AM CDT   SUNSET   713 PM CDT


-  INDICATES NEGATIVE NUMBERS.
R  INDICATES RECORD WAS SET OR TIED.
MM INDICATES DATA IS MISSING.
T  INDICATES TRACE AMOUNT.




$$
