175
CDUS43 KPAH 170627
CLIPAH


CLIMATE REPORT
NATIONAL WEATHER SERVICE PADUCAH KY
1226 AM CST FRI NOV 17 2017


...................................

...THE PADUCAH KY CLIMATE SUMMARY FOR NOVEMBER 16 2017...

CLIMATE NORMAL PERIOD 1981 TO 2010
CLIMATE RECORD PERIOD 1937 TO 2017


WEATHER ITEM   OBSERVED TIME   RECORD YEAR NORMAL DEPARTURE LAST
                VALUE   (LST)  VALUE       VALUE  FROM      YEAR
                                                  NORMAL
..................................................................
TEMPERATURE (F)
 YESTERDAY
  MAXIMUM         51    256 PM  78    1958  58     -7       77
  MINIMUM         33   1159 PM  16    1997  38     -5       37
  AVERAGE         42                        48     -6       57

PRECIPITATION (IN)
  YESTERDAY        0.00          2.65 1993   0.15  -0.15     0.00
  MONTH TO DATE    2.69                      2.12   0.57     0.11
  SINCE SEP 1      9.28                      9.83  -0.55     1.28
  SINCE JAN 1     42.41                     42.31   0.10    43.95

SNOWFALL (IN)
  YESTERDAY        0.0           T    1989   0.0    0.0      0.0
  MONTH TO DATE    0.0                       0.0    0.0      0.0
  SINCE SEP 1      0.0                       0.1   -0.1      0.0
  SINCE JUL 1      0.0                       0.1   -0.1      0.0
  SNOW DEPTH       0

DEGREE DAYS
 HEATING
  YESTERDAY       23                        17      6        8
  MONTH TO DATE  211                       227    -16      161
  SINCE SEP 1    420                       493    -73      265
  SINCE JUL 1    420                       494    -74      265

 COOLING
  YESTERDAY        0                         0      0        0
  MONTH TO DATE    7                         0      7       14
  SINCE SEP 1    318                       225     93      418
  SINCE JAN 1   1692                      1538    154     1948
..................................................................


WIND (MPH)
  HIGHEST WIND SPEED    13   HIGHEST WIND DIRECTION     N (10)
  HIGHEST GUST SPEED    14   HIGHEST GUST DIRECTION    NE (50)
  AVERAGE WIND SPEED     5.2


SKY COVER
  POSSIBLE SUNSHINE  MM
  AVERAGE SKY COVER 0.3


WEATHER CONDITIONS
 THE FOLLOWING WEATHER WAS RECORDED YESTERDAY.
  FOG
  FOG W/VISIBILITY <= 1/4 MILE
  HAZE


RELATIVE HUMIDITY (PERCENT)
 HIGHEST    96           400 AM
 LOWEST     52           200 PM
 AVERAGE    74

..........................................................


THE PADUCAH KY CLIMATE NORMALS FOR TODAY
                         NORMAL    RECORD    YEAR
 MAXIMUM TEMPERATURE (F)   58        81      1958
 MINIMUM TEMPERATURE (F)   38        12      1959


SUNRISE AND SUNSET
NOVEMBER 17 2017......SUNRISE   636 AM CST   SUNSET   444 PM CST
NOVEMBER 18 2017......SUNRISE   637 AM CST   SUNSET   443 PM CST


-  INDICATES NEGATIVE NUMBERS.
R  INDICATES RECORD WAS SET OR TIED.
MM INDICATES DATA IS MISSING.
T  INDICATES TRACE AMOUNT.

..............................................
***** AGRICULTURAL DATA *****

SOIL TEMPERATURES AT A DEPTH OF FOUR INCHES

UNDER GRASS... MAX: 55    MIN: 54


$$
