000
CDUS43 KPAH 230630
CLIPAH


CLIMATE REPORT
NATIONAL WEATHER SERVICE PADUCAH KY
127 AM CDT SAT SEP 23 2017


...................................

...THE PADUCAH KY CLIMATE SUMMARY FOR SEPTEMBER 22 2017...

CLIMATE NORMAL PERIOD 1981 TO 2010
CLIMATE RECORD PERIOD 1937 TO 2017


WEATHER ITEM   OBSERVED TIME   RECORD YEAR NORMAL DEPARTURE LAST
                VALUE   (LST)  VALUE       VALUE  FROM      YEAR
                                                  NORMAL
..................................................................
TEMPERATURE (F)
 YESTERDAY
  MAXIMUM         92    315 PM  98    1940  80     12       91
  MINIMUM         67    437 AM  38    1999  55     12       61
  AVERAGE         80                        67     13       76

PRECIPITATION (IN)
  YESTERDAY        0.00          4.85 2006   0.13  -0.13     0.00
  MONTH TO DATE    2.55                      2.66  -0.11     0.66
  SINCE SEP 1      2.55                      2.66  -0.11     0.66
  SINCE JAN 1     35.68                     35.14   0.54    43.33

SNOWFALL (IN)
  YESTERDAY        0.0           0.0  2002   0.0    0.0      0.0
                                      2001
  MONTH TO DATE    0.0                       0.0    0.0      0.0
  SINCE SEP 1      0.0                       0.0    0.0      0.0
  SINCE JUL 1      0.0                       0.0    0.0      0.0
  SNOW DEPTH       0

DEGREE DAYS
 HEATING
  YESTERDAY        0                         2     -2        0
  MONTH TO DATE   11                        13     -2        0
  SINCE SEP 1     11                        13     -2        0
  SINCE JUL 1     11                        14     -3        0

 COOLING
  YESTERDAY       15                         4     11       11
  MONTH TO DATE  148                       159    -11      244
  SINCE SEP 1    148                       159    -11      244
  SINCE JAN 1   1522                      1472     50     1774
..................................................................


WIND (MPH)
  HIGHEST WIND SPEED    10   HIGHEST WIND DIRECTION     E (70)
  HIGHEST GUST SPEED    13   HIGHEST GUST DIRECTION     E (70)
  AVERAGE WIND SPEED     1.8


SKY COVER
  POSSIBLE SUNSHINE  MM
  AVERAGE SKY COVER 0.1


WEATHER CONDITIONS
 THE FOLLOWING WEATHER WAS RECORDED YESTERDAY.
  FOG
  FOG W/VISIBILITY <= 1/4 MILE
  HAZE


RELATIVE HUMIDITY (PERCENT)
 HIGHEST    93          1200 AM
 LOWEST     41           200 PM
 AVERAGE    67

..........................................................


THE PADUCAH KY CLIMATE NORMALS FOR TODAY
                         NORMAL    RECORD    YEAR
 MAXIMUM TEMPERATURE (F)   79        95      2007
 MINIMUM TEMPERATURE (F)   55        37      1995


SUNRISE AND SUNSET
SEPTEMBER 23 2017.....SUNRISE   644 AM CDT   SUNSET   650 PM CDT
SEPTEMBER 24 2017.....SUNRISE   645 AM CDT   SUNSET   649 PM CDT


-  INDICATES NEGATIVE NUMBERS.
R  INDICATES RECORD WAS SET OR TIED.
MM INDICATES DATA IS MISSING.
T  INDICATES TRACE AMOUNT.




&&

..............................................

     ***** AGRICULTURAL DATA *****

SOIL TEMPERATURES AT A DEPTH OF FOUR INCHES

UNDER GRASS... MAX: 77     MIN: 76


$$
