000
CDUS43 KPAH 190627
CLIPAH


CLIMATE REPORT
NATIONAL WEATHER SERVICE PADUCAH KY
1226 AM CST MON FEB 19 2018

...................................

...THE PADUCAH KY CLIMATE SUMMARY FOR FEBRUARY 18 2018...

CLIMATE NORMAL PERIOD 1981 TO 2010
CLIMATE RECORD PERIOD 1937 TO 2018

WEATHER ITEM   OBSERVED TIME   RECORD YEAR NORMAL DEPARTURE LAST
                VALUE   (LST)  VALUE       VALUE  FROM      YEAR
                                                  NORMAL
..................................................................
TEMPERATURE (F)
 YESTERDAY
  MAXIMUM         56   1159 PM  71    1986  50      6       56
                                      1961
                                      1948
  MINIMUM         29    655 AM   0    2015  30     -1       48
  AVERAGE         43                        40      3       52

PRECIPITATION (IN)
  YESTERDAY        0.00          2.00 1940   0.14  -0.14     0.32
  MONTH TO DATE    2.21                      2.52  -0.31     1.15
  SINCE DEC 1      9.48                     10.79  -1.31     9.66
  SINCE JAN 1      6.21                      6.20   0.01     3.65

SNOWFALL (IN)
  YESTERDAY        0.0           3.6  2006   0.1   -0.1      0.0
  MONTH TO DATE    0.1                       2.2   -2.1       T
  SINCE DEC 1     12.5                       7.4    5.1      0.2
  SINCE JUL 1     12.5                       7.5    5.0      0.2
  SNOW DEPTH       0

DEGREE DAYS
 HEATING
  YESTERDAY       22                        25     -3       13
  MONTH TO DATE  483                       490     -7      365
  SINCE DEC 1   2374                      2286     88     1885
  SINCE JUL 1   3057                      3063     -6     2386

 COOLING
  YESTERDAY        0                         0      0        0
  MONTH TO DATE    3                         0      3        0
  SINCE DEC 1      3                         0      3        0
  SINCE JAN 1      3                         0      3        0
..................................................................

WIND (MPH)
  HIGHEST WIND SPEED    17   HIGHEST WIND DIRECTION    SE (130)
  HIGHEST GUST SPEED    23   HIGHEST GUST DIRECTION    SW (220)
  AVERAGE WIND SPEED     6.6

SKY COVER
  POSSIBLE SUNSHINE  MM
  AVERAGE SKY COVER 0.6

WEATHER CONDITIONS
 THE FOLLOWING WEATHER WAS RECORDED YESTERDAY.
  FOG
  FOG W/VISIBILITY <= 1/4 MILE

RELATIVE HUMIDITY (PERCENT)
 HIGHEST    92           100 AM
 LOWEST     43           300 PM
 AVERAGE    68
..........................................................

THE PADUCAH KY CLIMATE NORMALS FOR TODAY
                         NORMAL    RECORD    YEAR
 MAXIMUM TEMPERATURE (F)   50        71      1994
 MINIMUM TEMPERATURE (F)   31       -10      2015

SUNRISE AND SUNSET
FEBRUARY 19 2018......SUNRISE   639 AM CST   SUNSET   539 PM CST
FEBRUARY 20 2018......SUNRISE   638 AM CST   SUNSET   540 PM CST

-  INDICATES NEGATIVE NUMBERS.
R  INDICATES RECORD WAS SET OR TIED.
MM INDICATES DATA IS MISSING.
T  INDICATES TRACE AMOUNT.

$$
