000
CDUS43 KPAH 190632
CLIPAH


CLIMATE REPORT
NATIONAL WEATHER SERVICE PADUCAH KY
130 AM CDT TUE SEP 19 2017


...................................

...THE PADUCAH KY CLIMATE SUMMARY FOR SEPTEMBER 18 2017...

CLIMATE NORMAL PERIOD 1981 TO 2010
CLIMATE RECORD PERIOD 1937 TO 2017


WEATHER ITEM   OBSERVED TIME   RECORD YEAR NORMAL DEPARTURE LAST
                VALUE   (LST)  VALUE       VALUE  FROM      YEAR
                                                  NORMAL
..................................................................
TEMPERATURE (F)
 YESTERDAY
  MAXIMUM         87   1104 AM  97    1953  81      6       85
  MINIMUM         67    557 AM  44    1999  57     10       62
  AVERAGE         77                        69      8       74

PRECIPITATION (IN)
  YESTERDAY        0.58          1.32 1952   0.12   0.46     0.00
  MONTH TO DATE    2.55                      2.16   0.39     0.66
  SINCE SEP 1      2.55                      2.16   0.39     0.66
  SINCE JAN 1     35.68                     34.64   1.04    43.33

SNOWFALL (IN)
  YESTERDAY        0.0           0.0  2002   0.0    0.0      0.0
                                      2001
  MONTH TO DATE    0.0                       0.0    0.0      0.0
  SINCE SEP 1      0.0                       0.0    0.0      0.0
  SINCE JUL 1      0.0                       0.0    0.0      0.0
  SNOW DEPTH       0

DEGREE DAYS
 HEATING
  YESTERDAY        0                         1     -1        0
  MONTH TO DATE   11                         6      5        0
  SINCE SEP 1     11                         6      5        0
  SINCE JUL 1     11                         7      4        0

 COOLING
  YESTERDAY       12                         5      7        9
  MONTH TO DATE   86                       140    -54      205
  SINCE SEP 1     86                       140    -54      205
  SINCE JAN 1   1460                      1453      7     1735
..................................................................


WIND (MPH)
  HIGHEST WIND SPEED    15   HIGHEST WIND DIRECTION    NE (30)
  HIGHEST GUST SPEED    19   HIGHEST GUST DIRECTION    NE (40)
  AVERAGE WIND SPEED     2.1


SKY COVER
  POSSIBLE SUNSHINE  MM
  AVERAGE SKY COVER 0.4


WEATHER CONDITIONS
 THE FOLLOWING WEATHER WAS RECORDED YESTERDAY.
  THUNDERSTORM
  HEAVY RAIN
  RAIN
  LIGHT RAIN
  FOG
  HAZE


RELATIVE HUMIDITY (PERCENT)
 HIGHEST    93           100 AM
 LOWEST     57          1100 AM
 AVERAGE    75

..........................................................


THE PADUCAH KY CLIMATE NORMALS FOR TODAY
                         NORMAL    RECORD    YEAR
 MAXIMUM TEMPERATURE (F)   81        97      1954
 MINIMUM TEMPERATURE (F)   56        41      1973


SUNRISE AND SUNSET
SEPTEMBER 19 2017.....SUNRISE   641 AM CDT   SUNSET   656 PM CDT
SEPTEMBER 20 2017.....SUNRISE   641 AM CDT   SUNSET   655 PM CDT


-  INDICATES NEGATIVE NUMBERS.
R  INDICATES RECORD WAS SET OR TIED.
MM INDICATES DATA IS MISSING.
T  INDICATES TRACE AMOUNT.

&&

..............................................

     ***** AGRICULTURAL DATA *****

SOIL TEMPERATURES AT A DEPTH OF FOUR INCHES

UNDER GRASS... MAX: 74     MIN: 73



$$
