000
CDUS43 KPAH 170628
CLIPAH


CLIMATE REPORT
NATIONAL WEATHER SERVICE PADUCAH KY
1226 AM CST FRI FEB 17 2017


...................................

...THE PADUCAH KY CLIMATE SUMMARY FOR FEBRUARY 16 2017...

CLIMATE NORMAL PERIOD 1981 TO 2010
CLIMATE RECORD PERIOD 1937 TO 2017


WEATHER ITEM   OBSERVED TIME   RECORD YEAR NORMAL DEPARTURE LAST
                VALUE   (LST)  VALUE       VALUE  FROM      YEAR
                                                  NORMAL
..................................................................
TEMPERATURE (F)
 YESTERDAY
  MAXIMUM         61    345 PM  71    1961  49     12       38
  MINIMUM         25    251 AM   1    1958  30     -5       32
  AVERAGE         43                        39      4       35

PRECIPITATION (IN)
  YESTERDAY        0.00          1.35 1954   0.14  -0.14     0.45
  MONTH TO DATE    0.83                      2.25  -1.42     1.35
  SINCE DEC 1      9.34                     10.52  -1.18    11.32
  SINCE JAN 1      3.33                      5.93  -2.60     3.90

SNOWFALL (IN)
  YESTERDAY        0.0          10.8  2015   0.1   -0.1       T
  MONTH TO DATE    T                         2.0   -2.0      3.7
  SINCE DEC 1      0.2                       7.2   -7.0     12.1
  SINCE JUL 1      0.2                       7.3   -7.1     12.1
  SNOW DEPTH       0

DEGREE DAYS
 HEATING
  YESTERDAY       22                        26     -4       30
  MONTH TO DATE  343                       440    -97      466
  SINCE DEC 1   1863                      2236   -373     1895
  SINCE JUL 1   2364                      3013   -649     2439

 COOLING
  YESTERDAY        0                         0      0        0
  MONTH TO DATE    0                         0      0        0
  SINCE DEC 1      0                         0      0        6
  SINCE JAN 1      0                         0      0        0
..................................................................


WIND (MPH)
  HIGHEST WIND SPEED    16   HIGHEST WIND DIRECTION     W (250)
  HIGHEST GUST SPEED    23   HIGHEST GUST DIRECTION    SW (220)
  AVERAGE WIND SPEED     8.5


SKY COVER
  POSSIBLE SUNSHINE  MM
  AVERAGE SKY COVER 0.0


WEATHER CONDITIONS
 THE FOLLOWING WEATHER WAS RECORDED YESTERDAY.
  NO SIGNIFICANT WEATHER WAS OBSERVED.


RELATIVE HUMIDITY (PERCENT)
 HIGHEST    81          1200 AM
 LOWEST     24          1200 PM
 AVERAGE    53

..........................................................


THE PADUCAH KY CLIMATE NORMALS FOR TODAY
                         NORMAL    RECORD    YEAR
 MAXIMUM TEMPERATURE (F)   50        70      1986
 MINIMUM TEMPERATURE (F)   30        -5      2015
                                             1958


SUNRISE AND SUNSET
FEBRUARY 17 2017......SUNRISE   641 AM CST   SUNSET   537 PM CST
FEBRUARY 18 2017......SUNRISE   640 AM CST   SUNSET   538 PM CST


-  INDICATES NEGATIVE NUMBERS.
R  INDICATES RECORD WAS SET OR TIED.
MM INDICATES DATA IS MISSING.
T  INDICATES TRACE AMOUNT.

.........................................................

***** AGRICULTURAL DATA *****

SOIL TEMPERATURES AT A DEPTH OF FOUR INCHES

UNDER GRASS...  MAX: 48    MIN: 46


$$
