000
CDUS43 KPAH 190810 CCA
CLIPAH

CLIMATE REPORT
NATIONAL WEATHER SERVICE PADUCAH KY
202 AM CST SUN NOV 19 2017


...................................

...THE PADUCAH KY CLIMATE SUMMARY FOR NOVEMBER 18 2017...

CLIMATE NORMAL PERIOD 1981 TO 2010
CLIMATE RECORD PERIOD 1937 TO 2017


WEATHER ITEM   OBSERVED TIME   RECORD YEAR NORMAL DEPARTURE LAST
                VALUE   (LST)  VALUE       VALUE  FROM      YEAR
                                                  NORMAL
..................................................................
TEMPERATURE (F)
 YESTERDAY
  MAXIMUM         71    149 PM  78    1985  57     14       77
  MINIMUM         42   1159 PM  10    2014  37      5       44
  AVERAGE         57                        47     10       61

PRECIPITATION (IN)
  YESTERDAY        0.68          3.59 1957   0.16   0.52     0.17
  MONTH TO DATE    3.37                      2.42   0.95     0.28
  SINCE SEP 1      9.96                     10.13  -0.17     1.45
  SINCE JAN 1     43.09                     42.61   0.48    44.12

SNOWFALL (IN)
  YESTERDAY        0.0           T    1969   0.0    0.0      0.0
  MONTH TO DATE    0.0                       0.0    0.0      0.0
  SINCE SEP 1      0.0                       0.1   -0.1      0.0
  SINCE JUL 1      0.0                       0.1   -0.1      0.0
  SNOW DEPTH       0

DEGREE DAYS
 HEATING
  YESTERDAY        8                        18    -10        4
  MONTH TO DATE  235                       262    -27      165
  SINCE SEP 1    444                       528    -84      269
  SINCE JUL 1    444                       529    -85      269

 COOLING
  YESTERDAY        0                         0      0        0
  MONTH TO DATE    7                         0      7       19
  SINCE SEP 1    318                       225     93      423
  SINCE JAN 1   1692                      1538    154     1953
..................................................................


WIND (MPH)
  HIGHEST WIND SPEED    36   HIGHEST WIND DIRECTION    NW (300)
  HIGHEST GUST SPEED    48   HIGHEST GUST DIRECTION    NW (310)
  AVERAGE WIND SPEED    13.3


SKY COVER
  POSSIBLE SUNSHINE  MM
  AVERAGE SKY COVER 0.8


WEATHER CONDITIONS
 THE FOLLOWING WEATHER WAS RECORDED YESTERDAY.
  THUNDERSTORM
  HEAVY RAIN
  RAIN
  LIGHT RAIN
  FOG
  FOG W/VISIBILITY <= 1/4 MILE


RELATIVE HUMIDITY (PERCENT)
 HIGHEST    87           900 AM
 LOWEST     62          1100 PM
 AVERAGE    75

..........................................................


THE PADUCAH KY CLIMATE NORMALS FOR TODAY
                         NORMAL    RECORD    YEAR
 MAXIMUM TEMPERATURE (F)   57        78      1985
 MINIMUM TEMPERATURE (F)   37        18      1951


SUNRISE AND SUNSET
NOVEMBER 19 2017......SUNRISE   638 AM CST   SUNSET   443 PM CST
NOVEMBER 20 2017......SUNRISE   639 AM CST   SUNSET   442 PM CST


-  INDICATES NEGATIVE NUMBERS.
R  INDICATES RECORD WAS SET OR TIED.
MM INDICATES DATA IS MISSING.
T  INDICATES TRACE AMOUNT.

&&
.............................................

***** AGRICULTURAL DATA *****

SOIL TEMPERATURES AT A DEPTH OF FOUR INCHES

UNDER GRASS... MAX: 55    MIN: 54

$$
