000
CDUS43 KPAH 260634
CLIPAH


CLIMATE REPORT
NATIONAL WEATHER SERVICE PADUCAH KY
1233 AM CST WED NOV 26 2014


...................................

...THE PADUCAH KY CLIMATE SUMMARY FOR NOVEMBER 25 2014...

CLIMATE NORMAL PERIOD 1981 TO 2010
CLIMATE RECORD PERIOD 1937 TO 2014


WEATHER ITEM   OBSERVED TIME   RECORD YEAR NORMAL DEPARTURE LAST
                VALUE   (LST)  VALUE       VALUE  FROM      YEAR
                                                  NORMAL
..................................................................
TEMPERATURE (F)
 YESTERDAY
  MAXIMUM         45    233 PM  73    1990  54     -9       39
  MINIMUM         26   1159 PM  -3    1950  35     -9       31
  AVERAGE         36                        44     -8       35

PRECIPITATION (IN)
  YESTERDAY        0.00          2.13 1996   0.16  -0.16     0.01
  MONTH TO DATE    2.46                      3.50  -1.04     2.25
  SINCE SEP 1      7.05                     11.21  -4.16    11.41
  SINCE JAN 1     43.82                     43.69   0.13    52.18

SNOWFALL (IN)
  YESTERDAY        0.0           T    2013   0.0    0.0       T
                                      2010
                                      1996
  MONTH TO DATE    2.8                       0.0    2.8       T
  SINCE SEP 1      2.8                       0.1    2.7       T
  SINCE JUL 1      2.8                       0.1    2.7       T
  SNOW DEPTH       0

DEGREE DAYS
 HEATING
  YESTERDAY       29                        21      8       30
  MONTH TO DATE  600                       399    201      440
  SINCE SEP 1    825                       665    160      649
  SINCE JUL 1    825                       666    159      649

 COOLING
  YESTERDAY        0                         0      0        0
  MONTH TO DATE    0                         0      0        0
  SINCE SEP 1    251                       225     26      304
  SINCE JAN 1   1722                      1538    184     1478
..................................................................


WIND (MPH)
  HIGHEST WIND SPEED    13   HIGHEST WIND DIRECTION     W (270)
  HIGHEST GUST SPEED    17   HIGHEST GUST DIRECTION    NW (310)
  AVERAGE WIND SPEED     3.9


SKY COVER
  POSSIBLE SUNSHINE  MM
  AVERAGE SKY COVER 0.0


WEATHER CONDITIONS
 THE FOLLOWING WEATHER WAS RECORDED YESTERDAY.
  NO SIGNIFICANT WEATHER WAS OBSERVED.


RELATIVE HUMIDITY (PERCENT)
 HIGHEST    92          1100 PM
 LOWEST     45           100 PM
 AVERAGE    69

..........................................................


THE PADUCAH KY CLIMATE NORMALS FOR TODAY
                         NORMAL    RECORD    YEAR
 MAXIMUM TEMPERATURE (F)   53        74      1990
                                             1965
 MINIMUM TEMPERATURE (F)   34        13      1977


SUNRISE AND SUNSET
NOVEMBER 26 2014......SUNRISE   645 AM CST   SUNSET   440 PM CST
NOVEMBER 27 2014......SUNRISE   646 AM CST   SUNSET   439 PM CST


-  INDICATES NEGATIVE NUMBERS.
R  INDICATES RECORD WAS SET OR TIED.
MM INDICATES DATA IS MISSING.
T  INDICATES TRACE AMOUNT.

&&
.........................................................

***** AGRICULTURAL DATA *****

SOIL TEMPERATURES AT A DEPTH OF FOUR INCHES

UNDER GRASS.........  MAX: 49  MIN: 47

$$
