000
CDUS43 KPAH 010632
CLIPAH


CLIMATE REPORT
NATIONAL WEATHER SERVICE PADUCAH KY
128 AM CDT MON JUN 1 2015


...................................

...THE PADUCAH KY CLIMATE SUMMARY FOR MAY 31 2015...

CLIMATE NORMAL PERIOD 1981 TO 2010
CLIMATE RECORD PERIOD 1937 TO 2015


WEATHER ITEM   OBSERVED TIME   RECORD YEAR NORMAL DEPARTURE LAST
                VALUE   (LST)  VALUE       VALUE  FROM      YEAR
                                                  NORMAL
..................................................................
TEMPERATURE (F)
 YESTERDAY
  MAXIMUM         68   1251 PM  95    1953  82    -14       90
  MINIMUM         60   1159 PM  45    1984  61     -1       68
  AVERAGE         64                        71     -7       79

PRECIPITATION (IN)
  YESTERDAY        T             2.89 1980   0.15  -0.15     0.01
  MONTH TO DATE    3.71                      4.94  -1.23     2.89
  SINCE MAR 1     18.33                     13.63   4.70    15.01
  SINCE JAN 1     25.62                     21.22   4.40    20.19

SNOWFALL (IN)
  YESTERDAY        0.0                       0.0    0.0      0.0
  MONTH TO DATE    0.0                       0.0    0.0      0.0
  SINCE MAR 1     12.1                       0.6   11.5      5.6
  SINCE JUL 1     28.6                       9.1   19.5     18.5
  SNOW DEPTH       0

DEGREE DAYS
 HEATING
  YESTERDAY        1                         1      0        0
  MONTH TO DATE   51                        65    -14       57
  SINCE MAR 1    807                       832    -25      886
  SINCE JUL 1   4476                      4128    348     4541

 COOLING
  YESTERDAY        0                         7     -7       14
  MONTH TO DATE  169                       130     39      248
  SINCE MAR 1    211                       172     39      278
  SINCE JAN 1    211                       172     39      278
..................................................................


WIND (MPH)
  HIGHEST WIND SPEED    14   HIGHEST WIND DIRECTION     N (360)
  HIGHEST GUST SPEED    16   HIGHEST GUST DIRECTION     N (350)
  AVERAGE WIND SPEED     7.5


SKY COVER
  POSSIBLE SUNSHINE  MM
  AVERAGE SKY COVER 1.0


WEATHER CONDITIONS
 THE FOLLOWING WEATHER WAS RECORDED YESTERDAY.
  LIGHT RAIN
  FOG


RELATIVE HUMIDITY (PERCENT)
 HIGHEST    93           200 AM
 LOWEST     76          1200 PM
 AVERAGE    85

..........................................................


THE PADUCAH KY CLIMATE NORMALS FOR TODAY
                         NORMAL    RECORD    YEAR
 MAXIMUM TEMPERATURE (F)   83        94      1951
                                             1944
 MINIMUM TEMPERATURE (F)   61        44      1993


SUNRISE AND SUNSET
JUNE  1 2015..........SUNRISE   537 AM CDT   SUNSET   809 PM CDT
JUNE  2 2015..........SUNRISE   537 AM CDT   SUNSET   810 PM CDT


-  INDICATES NEGATIVE NUMBERS.
R  INDICATES RECORD WAS SET OR TIED.
MM INDICATES DATA IS MISSING.
T  INDICATES TRACE AMOUNT.

&&
........................................................
***** AGRICULTURAL DATA *****

SOIL TEMPERATURES AT A DEPTH OF FOUR INCHES

UNDER GRASS...   MAX: 70  MIN: 70

$$
