000
CDUS43 KPAH 290631
CLIPAH

CLIMATE REPORT
NATIONAL WEATHER SERVICE PADUCAH KY
127 AM CDT SUN MAY 29 2016

...................................

...THE PADUCAH KY CLIMATE SUMMARY FOR MAY 28 2016...

CLIMATE NORMAL PERIOD 1981 TO 2010
CLIMATE RECORD PERIOD 1937 TO 2016

WEATHER ITEM   OBSERVED TIME   RECORD YEAR NORMAL DEPARTURE LAST
                VALUE   (LST)  VALUE       VALUE  FROM      YEAR
                                                  NORMAL
..................................................................
TEMPERATURE (F)
 YESTERDAY
  MAXIMUM         84    352 PM  95    2012  81      3       85
  MINIMUM         70   1157 PM  44    1994  60     10       63
  AVERAGE         77                        70      7       74

PRECIPITATION (IN)
  YESTERDAY        0.00          2.08 1997   0.15  -0.15      T
  MONTH TO DATE    5.27                      4.50   0.77     2.98
  SINCE MAR 1     17.74                     13.19   4.55    17.60
  SINCE JAN 1     23.20                     20.78   2.42    24.89

SNOWFALL (IN)
  YESTERDAY        0.0           0.0  2002   0.0    0.0      0.0
                                      2001
  MONTH TO DATE    0.0                       0.0    0.0      0.0
  SINCE MAR 1      T                         0.6   -0.6     12.1
  SINCE JUL 1     12.1                       9.1    3.0     28.6
  SNOW DEPTH       0

DEGREE DAYS
 HEATING
  YESTERDAY        0                         1     -1        0
  MONTH TO DATE   91                        62     29       50
  SINCE MAR 1    630                       830   -200      806
  SINCE JUL 1   3292                      4126   -834     4475

 COOLING
  YESTERDAY       12                         6      6        9
  MONTH TO DATE   81                       109    -28      149
  SINCE MAR 1    117                       151    -34      191
  SINCE JAN 1    117                       151    -34      191
..................................................................

WIND (MPH)
  HIGHEST WIND SPEED    14   HIGHEST WIND DIRECTION    SW (220)
  HIGHEST GUST SPEED    20   HIGHEST GUST DIRECTION     S (200)
  AVERAGE WIND SPEED     6.5

SKY COVER
  POSSIBLE SUNSHINE  MM
  AVERAGE SKY COVER 0.2

WEATHER CONDITIONS
 THE FOLLOWING WEATHER WAS RECORDED YESTERDAY.
  NO SIGNIFICANT WEATHER WAS OBSERVED.

RELATIVE HUMIDITY (PERCENT)
 HIGHEST    84           400 AM
 LOWEST     55           300 PM
 AVERAGE    70
..........................................................

THE PADUCAH KY CLIMATE NORMALS FOR TODAY
                         NORMAL    RECORD    YEAR
 MAXIMUM TEMPERATURE (F)   82        94      1942
 MINIMUM TEMPERATURE (F)   60        43      1964

SUNRISE AND SUNSET
MAY 29 2016...........SUNRISE   538 AM CDT   SUNSET   808 PM CDT
MAY 30 2016...........SUNRISE   537 AM CDT   SUNSET   808 PM CDT

-  INDICATES NEGATIVE NUMBERS.
R  INDICATES RECORD WAS SET OR TIED.
MM INDICATES DATA IS MISSING.
T  INDICATES TRACE AMOUNT.

&&
...........................................................
***** AGRICULTURAL DATA *****

SOIL TEMPERATURES AT A DEPTH OF FOUR INCHES

UNDER GRASS...  MAX: 69  MIN: 68

$$
