000
CDUS43 KPAH 282132
CLIPAH


CLIMATE REPORT
NATIONAL WEATHER SERVICE PADUCAH KY
430 PM CDT SUN SEP 28 2014


...................................

...THE PADUCAH KY CLIMATE SUMMARY FOR SEPTEMBER 28 2014...
VALID TODAY AS OF 0400 PM LOCAL TIME.

CLIMATE NORMAL PERIOD 1981 TO 2010
CLIMATE RECORD PERIOD 1937 TO 2014


WEATHER ITEM   OBSERVED TIME   RECORD YEAR NORMAL DEPARTURE LAST
                VALUE   (LST)  VALUE       VALUE  FROM      YEAR
                                                  NORMAL
..................................................................
TEMPERATURE (F)
 TODAY
  MAXIMUM         85    300 PM  95    1938  77      8       83
  MINIMUM         61        MM  38    1942  53      8       59
  AVERAGE         73                        65      8       71

PRECIPITATION (IN)
  TODAY            0.06          0.58 2005   0.14  -0.08     0.00
  MONTH TO DATE    0.97                      3.47  -2.50     1.82
  SINCE SEP 1      0.97                      3.47  -2.50     1.82
  SINCE JAN 1     37.74                     35.95   1.79    42.59

SNOWFALL (IN)
  TODAY            0.0                                       0.0
  MONTH TO DATE    0.0                                       0.0
  SINCE JUL 1      0.0                                       0.0
  SNOW DEPTH       0

..................................................................


WIND (MPH)
  HIGHEST WIND SPEED     7   HIGHEST WIND DIRECTION     W (290)
  HIGHEST GUST SPEED    MM   HIGHEST GUST DIRECTION    MM




RELATIVE HUMIDITY (PERCENT)
 HIGHEST   100
 LOWEST     44

..........................................................


THE PADUCAH KY CLIMATE NORMALS FOR TOMORROW
                         NORMAL    RECORD    YEAR
 MAXIMUM TEMPERATURE (F)   77        98      1953
 MINIMUM TEMPERATURE (F)   52        38      1942


SUNRISE AND SUNSET
SEPTEMBER 28 2014.....SUNRISE   648 AM CDT   SUNSET   643 PM CDT
SEPTEMBER 29 2014.....SUNRISE   649 AM CDT   SUNSET   641 PM CDT


-  INDICATES NEGATIVE NUMBERS.
R  INDICATES RECORD WAS SET OR TIED.
MM INDICATES DATA IS MISSING.
T  INDICATES TRACE AMOUNT.




$$
