000
CDUS43 KPAH 170634
CLIPAH

CLIMATE REPORT
NATIONAL WEATHER SERVICE PADUCAH KY
1228 AM CST WED JAN 17 2018

...................................

...THE PADUCAH KY CLIMATE SUMMARY FOR JANUARY 16 2018...

CLIMATE NORMAL PERIOD 1981 TO 2010
CLIMATE RECORD PERIOD 1937 TO 2018

WEATHER ITEM   OBSERVED TIME   RECORD YEAR NORMAL DEPARTURE LAST
                VALUE   (LST)  VALUE       VALUE  FROM      YEAR
                                                  NORMAL
..................................................................
TEMPERATURE (F)
 YESTERDAY
  MAXIMUM         14    117 AM  74    1952  43    -29       64
  MINIMUM          3    829 AM -12    1982  26    -23       43
  AVERAGE          9                        34    -25       54

PRECIPITATION (IN)
  YESTERDAY        T             1.29 1994   0.11  -0.11     0.54
  MONTH TO DATE    2.79                      1.89   0.90     1.96
  SINCE DEC 1      6.06                      6.48  -0.42     7.97
  SINCE JAN 1      2.79                      1.89   0.90     1.96

SNOWFALL (IN)
  YESTERDAY        T            11.0  1978   0.1   -0.1      0.0
  MONTH TO DATE   12.4                       1.4   11.0      0.2
  SINCE DEC 1     12.4                       3.6    8.8      0.2
  SINCE JUL 1     12.4                       3.7    8.7      0.2
  SNOW DEPTH       8

DEGREE DAYS
 HEATING
  YESTERDAY       56                        31     25       11
  MONTH TO DATE  639                       493    146      423
  SINCE DEC 1   1490                      1347    143     1249
  SINCE JUL 1   2173                      2124     49     1750

 COOLING
  YESTERDAY        0                         0      0        0
  MONTH TO DATE    0                         0      0        0
  SINCE DEC 1      0                         0      0        0
  SINCE JAN 1      0                         0      0        0
..................................................................

WIND (MPH)
  HIGHEST WIND SPEED    16   HIGHEST WIND DIRECTION     N (350)
  HIGHEST GUST SPEED    22   HIGHEST GUST DIRECTION     N (350)
  AVERAGE WIND SPEED     7.2

SKY COVER
  POSSIBLE SUNSHINE  MM
  AVERAGE SKY COVER 0.6

WEATHER CONDITIONS
 THE FOLLOWING WEATHER WAS RECORDED YESTERDAY.
  LIGHT SNOW

RELATIVE HUMIDITY (PERCENT)
 HIGHEST    73          1100 PM
 LOWEST     52           100 PM
 AVERAGE    63
..........................................................

THE PADUCAH KY CLIMATE NORMALS FOR TODAY
                         NORMAL    RECORD    YEAR
 MAXIMUM TEMPERATURE (F)   43        68      1996
                                             1952
                                             1943
 MINIMUM TEMPERATURE (F)   26       -14      1982

SUNRISE AND SUNSET
JANUARY 17 2018.......SUNRISE   707 AM CST   SUNSET   504 PM CST
JANUARY 18 2018.......SUNRISE   706 AM CST   SUNSET   505 PM CST

-  INDICATES NEGATIVE NUMBERS.
R  INDICATES RECORD WAS SET OR TIED.
MM INDICATES DATA IS MISSING.
T  INDICATES TRACE AMOUNT.

&&
...........................................................
***** AGRICULTURAL DATA *****

SOIL TEMPERATURES AT A DEPTH OF FOUR INCHES

UNDER GRASS... MAX: 35    MIN: 34

$$
