000
CDUS43 KPAH 240630
CLIPAH


CLIMATE REPORT
NATIONAL WEATHER SERVICE PADUCAH KY
1229 AM CST SAT JAN 24 2015


...................................

...THE PADUCAH KY CLIMATE SUMMARY FOR JANUARY 23 2015...

CLIMATE NORMAL PERIOD 1981 TO 2010
CLIMATE RECORD PERIOD 1937 TO 2015


WEATHER ITEM   OBSERVED TIME   RECORD YEAR NORMAL DEPARTURE LAST
                VALUE   (LST)  VALUE       VALUE  FROM      YEAR
                                                  NORMAL
..................................................................
TEMPERATURE (F)
 YESTERDAY
  MAXIMUM         40    345 PM  73    1967  44     -4       23
  MINIMUM         25   1041 PM -10    1963  26     -1        4
  AVERAGE         33                        35     -2       14

PRECIPITATION (IN)
  YESTERDAY        T             0.92 2002   0.11  -0.11     0.00
  MONTH TO DATE    1.50                      2.71  -1.21     1.94
  SINCE DEC 1      4.39                      7.30  -2.91    10.08
  SINCE JAN 1      1.50                      2.71  -1.21     1.94

SNOWFALL (IN)
  YESTERDAY        T             1.0  1977   0.1   -0.1      0.0
  MONTH TO DATE    0.5                       2.1   -1.6      1.1
  SINCE DEC 1      0.7                       4.3   -3.6      6.3
  SINCE JUL 1      3.5                       4.4   -0.9      6.3
  SNOW DEPTH       0

DEGREE DAYS
 HEATING
  YESTERDAY       32                        30      2       51
  MONTH TO DATE  733                       707     26      775
  SINCE DEC 1   1479                      1561    -82     1633
  SINCE JUL 1   2416                      2338     78     2435

 COOLING
  YESTERDAY        0                         0      0        0
  MONTH TO DATE    0                         0      0        0
  SINCE DEC 1      0                         0      0        0
  SINCE JAN 1      0                         0      0        0
..................................................................


WIND (MPH)
  HIGHEST WIND SPEED    14   HIGHEST WIND DIRECTION     N (360)
  HIGHEST GUST SPEED    17   HIGHEST GUST DIRECTION    NE (40)
  AVERAGE WIND SPEED     7.2


SKY COVER
  POSSIBLE SUNSHINE  MM
  AVERAGE SKY COVER 0.6


WEATHER CONDITIONS
 THE FOLLOWING WEATHER WAS RECORDED YESTERDAY.
  LIGHT SNOW
  FOG


RELATIVE HUMIDITY (PERCENT)
 HIGHEST    92          1100 PM
 LOWEST     59           400 PM
 AVERAGE    76

..........................................................


THE PADUCAH KY CLIMATE NORMALS FOR TODAY
                         NORMAL    RECORD    YEAR
 MAXIMUM TEMPERATURE (F)   44        73      1972
                                             1950
 MINIMUM TEMPERATURE (F)   26       -11      1963


SUNRISE AND SUNSET
JANUARY 24 2015.......SUNRISE   704 AM CST   SUNSET   511 PM CST
JANUARY 25 2015.......SUNRISE   703 AM CST   SUNSET   512 PM CST


-  INDICATES NEGATIVE NUMBERS.
R  INDICATES RECORD WAS SET OR TIED.
MM INDICATES DATA IS MISSING.
T  INDICATES TRACE AMOUNT.

&&
.........................................................
***** AGRICULTURAL DATA *****

SOIL TEMPERATURES AT A DEPTH OF FOUR INCHES

UNDER BARE GROUND...  MAX: MM  MIN: MM
UNDER GRASS.........  MAX: 39  MIN: 39


$$
