099
CDUS43 KPAH 220629
CLIPAH


CLIMATE REPORT
NATIONAL WEATHER SERVICE PADUCAH KY
126 AM CDT SUN OCT 22 2017


...................................

...THE PADUCAH KY CLIMATE SUMMARY FOR OCTOBER 21 2017...

CLIMATE NORMAL PERIOD 1981 TO 2010
CLIMATE RECORD PERIOD 1937 TO 2017


WEATHER ITEM   OBSERVED TIME   RECORD YEAR NORMAL DEPARTURE LAST
                VALUE   (LST)  VALUE       VALUE  FROM      YEAR
                                                  NORMAL
..................................................................
TEMPERATURE (F)
 YESTERDAY
  MAXIMUM         81    248 PM  88    1953  69     12       62
  MINIMUM         55    109 AM  26    1952  45     10       38
  AVERAGE         68                        57     11       50

PRECIPITATION (IN)
  YESTERDAY        0.00          0.69 1983   0.13  -0.13     0.00
  MONTH TO DATE    2.38                      2.74  -0.36     0.31
  SINCE SEP 1      4.93                      6.49  -1.56     1.14
  SINCE JAN 1     38.06                     38.97  -0.91    43.81

SNOWFALL (IN)
  YESTERDAY        0.0           0.0  2002   0.0    0.0      0.0
                                      2001
  MONTH TO DATE    0.0                       0.0    0.0      0.0
  SINCE SEP 1      0.0                       0.0    0.0      0.0
  SINCE JUL 1      0.0                       0.0    0.0      0.0
  SNOW DEPTH       0

DEGREE DAYS
 HEATING
  YESTERDAY        0                         8     -8       15
  MONTH TO DATE   52                       129    -77       52
  SINCE SEP 1     63                       167   -104       66
  SINCE JUL 1     63                       168   -105       66

 COOLING
  YESTERDAY        3                         1      2        0
  MONTH TO DATE   93                        32     61      101
  SINCE SEP 1    309                       219     90      385
  SINCE JAN 1   1683                      1532    151     1915
..................................................................


WIND (MPH)
  HIGHEST WIND SPEED    17   HIGHEST WIND DIRECTION     S (170)
  HIGHEST GUST SPEED    34   HIGHEST GUST DIRECTION    SE (150)
  AVERAGE WIND SPEED     8.5


SKY COVER
  POSSIBLE SUNSHINE  MM
  AVERAGE SKY COVER 0.1


WEATHER CONDITIONS
 THE FOLLOWING WEATHER WAS RECORDED YESTERDAY.
  NO SIGNIFICANT WEATHER WAS OBSERVED.


RELATIVE HUMIDITY (PERCENT)
 HIGHEST    77           100 AM
 LOWEST     39           100 PM
 AVERAGE    58

..........................................................


THE PADUCAH KY CLIMATE NORMALS FOR TODAY
                         NORMAL    RECORD    YEAR
 MAXIMUM TEMPERATURE (F)   69        88      1953
 MINIMUM TEMPERATURE (F)   45        23      1952


SUNRISE AND SUNSET
OCTOBER 22 2017.......SUNRISE   710 AM CDT   SUNSET   609 PM CDT
OCTOBER 23 2017.......SUNRISE   711 AM CDT   SUNSET   608 PM CDT


-  INDICATES NEGATIVE NUMBERS.
R  INDICATES RECORD WAS SET OR TIED.
MM INDICATES DATA IS MISSING.
T  INDICATES TRACE AMOUNT.

&&
..............................................

     ***** AGRICULTURAL DATA *****

SOIL TEMPERATURES AT A DEPTH OF FOUR INCHES

UNDER GRASS... MAX: 65     MIN: 65


$$
