000
CDUS43 KPAH 222236
CLIPAH


CLIMATE REPORT
NATIONAL WEATHER SERVICE PADUCAH KY
434 PM CST MON DEC 22 2014


...................................

...THE PADUCAH KY CLIMATE SUMMARY FOR DECEMBER 22 2014...
VALID TODAY AS OF 0400 PM LOCAL TIME.

CLIMATE NORMAL PERIOD 1981 TO 2010
CLIMATE RECORD PERIOD 1937 TO 2014


WEATHER ITEM   OBSERVED TIME   RECORD YEAR NORMAL DEPARTURE LAST
                VALUE   (LST)  VALUE       VALUE  FROM      YEAR
                                                  NORMAL
..................................................................
TEMPERATURE (F)
 TODAY
  MAXIMUM         54    359 PM  66    1941  45      9       49
  MINIMUM         40    106 AM -10    1989  27     13       35
  AVERAGE                                   36              42

PRECIPITATION (IN)
  TODAY            0.03          1.32 1968   0.15  -0.12      T
  MONTH TO DATE    1.85                      3.34  -1.49     7.94
  SINCE DEC 1      1.85                      3.34  -1.49     7.94
  SINCE JAN 1     45.80                     47.83  -2.03    60.14

SNOWFALL (IN)
  TODAY            0.0                                       0.0
  MONTH TO DATE    0.2                                       5.2
  SINCE JUL 1      3.0                                       5.2
  SNOW DEPTH       0

..................................................................


WIND (MPH)
  HIGHEST WIND SPEED    14   HIGHEST WIND DIRECTION     S (160)
  HIGHEST GUST SPEED    19   HIGHEST GUST DIRECTION     S (160)




RELATIVE HUMIDITY (PERCENT)
 HIGHEST    93
 LOWEST     73

..........................................................


THE PADUCAH KY CLIMATE NORMALS FOR TOMORROW
                         NORMAL    RECORD    YEAR
 MAXIMUM TEMPERATURE (F)   44        64      1988
                                             1982
                                             1957
 MINIMUM TEMPERATURE (F)   27        -8      1989


SUNRISE AND SUNSET
DECEMBER 22 2014......SUNRISE   705 AM CST   SUNSET   442 PM CST
DECEMBER 23 2014......SUNRISE   706 AM CST   SUNSET   443 PM CST


-  INDICATES NEGATIVE NUMBERS.
R  INDICATES RECORD WAS SET OR TIED.
MM INDICATES DATA IS MISSING.
T  INDICATES TRACE AMOUNT.




$$
