193
CDUS43 KPAH 180630
CLIPAH


CLIMATE REPORT
NATIONAL WEATHER SERVICE PADUCAH KY
128 AM CDT MON MAY 18 2015


...................................

...THE PADUCAH KY CLIMATE SUMMARY FOR MAY 17 2015...

CLIMATE NORMAL PERIOD 1981 TO 2010
CLIMATE RECORD PERIOD 1937 TO 2015


WEATHER ITEM   OBSERVED TIME   RECORD YEAR NORMAL DEPARTURE LAST
                VALUE   (LST)  VALUE       VALUE  FROM      YEAR
                                                  NORMAL
..................................................................
TEMPERATURE (F)
 YESTERDAY
  MAXIMUM         80    437 PM  93    1962  78      2       68
                                      1944
  MINIMUM         67   1125 PM  41    1942  57     10       50
  AVERAGE         74                        67      7       59

PRECIPITATION (IN)
  YESTERDAY        0.26          2.92 2002   0.14   0.12     0.00
  MONTH TO DATE    1.90                      2.91  -1.01     2.05
  SINCE MAR 1     16.52                     11.60   4.92    14.17
  SINCE JAN 1     23.81                     19.19   4.62    19.35

SNOWFALL (IN)
  YESTERDAY        0.0           0.0  2002   0.0    0.0      0.0
                                      2001
  MONTH TO DATE    0.0                       0.0    0.0      0.0
  SINCE MAR 1     12.1                       0.6   11.5      5.6
  SINCE JUL 1     28.6                       9.1   19.5     18.5
  SNOW DEPTH       0

DEGREE DAYS
 HEATING
  YESTERDAY        0                         2     -2        6
  MONTH TO DATE   23                        48    -25       51
  SINCE MAR 1    779                       816    -37      880
  SINCE JUL 1   4448                      4112    336     4535

 COOLING
  YESTERDAY        9                         4      5        0
  MONTH TO DATE   97                        50     47      102
  SINCE MAR 1    139                        92     47      132
  SINCE JAN 1    139                        92     47      132
..................................................................


WIND (MPH)
  HIGHEST WIND SPEED    25   HIGHEST WIND DIRECTION     W (260)
  HIGHEST GUST SPEED    36   HIGHEST GUST DIRECTION     W (260)
  AVERAGE WIND SPEED     7.7


SKY COVER
  POSSIBLE SUNSHINE  MM
  AVERAGE SKY COVER 0.5


WEATHER CONDITIONS
 THE FOLLOWING WEATHER WAS RECORDED YESTERDAY.
  LIGHT RAIN
  FOG


RELATIVE HUMIDITY (PERCENT)
 HIGHEST    90          1200 AM
 LOWEST     62           400 PM
 AVERAGE    76

..........................................................


THE PADUCAH KY CLIMATE NORMALS FOR TODAY
                         NORMAL    RECORD    YEAR
 MAXIMUM TEMPERATURE (F)   79        92      1962
                                             1951
 MINIMUM TEMPERATURE (F)   57        39      2002


SUNRISE AND SUNSET
MAY 18 2015...........SUNRISE   545 AM CDT   SUNSET   759 PM CDT
MAY 19 2015...........SUNRISE   544 AM CDT   SUNSET   800 PM CDT


-  INDICATES NEGATIVE NUMBERS.
R  INDICATES RECORD WAS SET OR TIED.
MM INDICATES DATA IS MISSING.
T  INDICATES TRACE AMOUNT.

&&
..........................................................

***** AGRICULTURAL DATA *****

SOIL TEMPERATURES AT A DEPTH OF FOUR INCHES

UNDER GRASS...  MAX: 67  MIN: 66


$$
