000
CDUS43 KPAH 300630
CLIPAH


CLIMATE REPORT
NATIONAL WEATHER SERVICE PADUCAH KY
127 AM CDT MON MAY 30 2016


...................................

...THE PADUCAH KY CLIMATE SUMMARY FOR MAY 29 2016...

CLIMATE NORMAL PERIOD 1981 TO 2010
CLIMATE RECORD PERIOD 1937 TO 2016


WEATHER ITEM   OBSERVED TIME   RECORD YEAR NORMAL DEPARTURE LAST
                VALUE   (LST)  VALUE       VALUE  FROM      YEAR
                                                  NORMAL
..................................................................
TEMPERATURE (F)
 YESTERDAY
  MAXIMUM         88    257 PM  94    1942  82      6       85
  MINIMUM         64   1159 PM  43    1964  60      4       65
  AVERAGE         76                        71      5       75

PRECIPITATION (IN)
  YESTERDAY        0.00          1.25 1947   0.14  -0.14     0.00
  MONTH TO DATE    5.27                      4.64   0.63     2.98
  SINCE MAR 1     17.74                     13.33   4.41    17.60
  SINCE JAN 1     23.20                     20.92   2.28    24.89

SNOWFALL (IN)
  YESTERDAY        0.0           0.0  2002   0.0    0.0      0.0
                                      2001
  MONTH TO DATE    0.0                       0.0    0.0      0.0
  SINCE MAR 1      T                         0.6   -0.6     12.1
  SINCE JUL 1     12.1                       9.1    3.0     28.6
  SNOW DEPTH       0

DEGREE DAYS
 HEATING
  YESTERDAY        0                         1     -1        0
  MONTH TO DATE   91                        63     28       50
  SINCE MAR 1    630                       831   -201      806
  SINCE JUL 1   3292                      4127   -835     4475

 COOLING
  YESTERDAY       11                         6      5       10
  MONTH TO DATE   92                       115    -23      159
  SINCE MAR 1    128                       157    -29      201
  SINCE JAN 1    128                       157    -29      201
..................................................................


WIND (MPH)
  HIGHEST WIND SPEED    12   HIGHEST WIND DIRECTION     W (270)
  HIGHEST GUST SPEED    14   HIGHEST GUST DIRECTION     W (270)
  AVERAGE WIND SPEED     3.7


SKY COVER
  POSSIBLE SUNSHINE  MM
  AVERAGE SKY COVER 0.2


WEATHER CONDITIONS
 THE FOLLOWING WEATHER WAS RECORDED YESTERDAY.
  NO SIGNIFICANT WEATHER WAS OBSERVED.


RELATIVE HUMIDITY (PERCENT)
 HIGHEST    93           400 AM
 LOWEST     42           500 PM
 AVERAGE    68

..........................................................


THE PADUCAH KY CLIMATE NORMALS FOR TODAY
                         NORMAL    RECORD    YEAR
 MAXIMUM TEMPERATURE (F)   82        94      1942
 MINIMUM TEMPERATURE (F)   60        44      1984


SUNRISE AND SUNSET
MAY 30 2016...........SUNRISE   537 AM CDT   SUNSET   808 PM CDT
MAY 31 2016...........SUNRISE   537 AM CDT   SUNSET   809 PM CDT


-  INDICATES NEGATIVE NUMBERS.
R  INDICATES RECORD WAS SET OR TIED.
MM INDICATES DATA IS MISSING.
T  INDICATES TRACE AMOUNT.




$$
