000
CDUS43 KPAH 190633
CLIPAH

CLIMATE REPORT
NATIONAL WEATHER SERVICE PADUCAH KY
128 AM CDT SUN OCT 19 2014


...................................

...THE PADUCAH KY CLIMATE SUMMARY FOR OCTOBER 18 2014...

CLIMATE NORMAL PERIOD 1981 TO 2010
CLIMATE RECORD PERIOD 1937 TO 2014


WEATHER ITEM   OBSERVED TIME   RECORD YEAR NORMAL DEPARTURE LAST
                VALUE   (LST)  VALUE       VALUE  FROM      YEAR
                                                  NORMAL
..................................................................
TEMPERATURE (F)
 YESTERDAY
  MAXIMUM         65    230 PM  88    1938  70     -5       70
  MINIMUM         42   1159 PM  27    1976  46     -4       46
  AVERAGE         54                        58     -4       58

PRECIPITATION (IN)
  YESTERDAY        0.00          1.86 1972   0.14  -0.14      T
  MONTH TO DATE    3.14                      2.35   0.79     4.79
  SINCE SEP 1      4.11                      6.10  -1.99     7.89
  SINCE JAN 1     40.88                     38.58   2.30    48.66

SNOWFALL (IN)
  YESTERDAY        0.0           T    2007   0.0    0.0      0.0
                                      1989
  MONTH TO DATE    0.0                       0.0    0.0      0.0
  SINCE SEP 1      0.0                       0.0    0.0      0.0
  SINCE JUL 1      0.0                       0.0    0.0      0.0
  SNOW DEPTH       0

DEGREE DAYS
 HEATING
  YESTERDAY       11                         8      3        7
  MONTH TO DATE   86                       105    -19       47
  SINCE SEP 1    107                       143    -36       52
  SINCE JUL 1    107                       144    -37       52

 COOLING
  YESTERDAY        0                         1     -1        0
  MONTH TO DATE   37                        29      8       63
  SINCE SEP 1    239                       216     23      297
  SINCE JAN 1   1710                      1529    181     1471
..................................................................


WIND (MPH)
  HIGHEST WIND SPEED    17   HIGHEST WIND DIRECTION     N (360)
  HIGHEST GUST SPEED    22   HIGHEST GUST DIRECTION    NW (310)
  AVERAGE WIND SPEED     6.2


SKY COVER
  POSSIBLE SUNSHINE  MM
  AVERAGE SKY COVER 0.2


WEATHER CONDITIONS
 THE FOLLOWING WEATHER WAS RECORDED YESTERDAY.
  NO SIGNIFICANT WEATHER WAS OBSERVED.


RELATIVE HUMIDITY (PERCENT)
 HIGHEST    93           400 AM
 LOWEST     48           300 PM
 AVERAGE    71

..........................................................


THE PADUCAH KY CLIMATE NORMALS FOR TODAY
                         NORMAL    RECORD    YEAR
 MAXIMUM TEMPERATURE (F)   70        90      1938
 MINIMUM TEMPERATURE (F)   46        32      1992
                                             1990


SUNRISE AND SUNSET
OCTOBER 19 2014.......SUNRISE   706 AM CDT   SUNSET   613 PM CDT
OCTOBER 20 2014.......SUNRISE   707 AM CDT   SUNSET   612 PM CDT


-  INDICATES NEGATIVE NUMBERS.
R  INDICATES RECORD WAS SET OR TIED.
MM INDICATES DATA IS MISSING.
T  INDICATES TRACE AMOUNT.




$$
