000
CXUS53 KPAH 010657
CLMPAH

SDFCLMPAA 000
TTAA00 KPAH 010657


CLIMATE REPORT
NATIONAL WEATHER SERVICE PADUCAH KY
1254 AM CST TUE DEC 1 2015

...................................

...THE PADUCAH ASOS CLIMATE SUMMARY FOR THE MONTH OF NOVEMBER 2015...

CLIMATE NORMAL PERIOD 1981 TO 2010
CLIMATE RECORD PERIOD 1937 TO 2015

WEATHER         OBSERVED          NORMAL  DEPART  LAST YEAR`S
                 VALUE   DATE(S)  VALUE   FROM    VALUE  DATE(S)
                                          NORMAL
................................................................
TEMPERATURE (F)
RECORD
 HIGH              86   11/03/1946
 LOW               -3   11/25/1950
HIGHEST            78   11/05        58      20       70  11/10
LOWEST             24   11/22        38     -14       10  11/18
AVG. MAXIMUM     63.1              58.4     4.7     50.9
AVG. MINIMUM     42.4              37.9     4.5     31.2
MEAN             52.8              48.1     4.7     41.1
DAYS MAX >= 90      0               0.0     0.0        0
DAYS MAX <= 32      0               0.1    -0.1        2
DAYS MIN <= 32      7               8.8    -1.8       20
DAYS MIN <= 0       0               0.0     0.0        0

PRECIPITATION (INCHES)
RECORD
 MAXIMUM        13.80   1957
 MINIMUM         0.56   2009
TOTALS           7.83              4.30    3.53     2.59
DAILY AVG.       0.26              0.14    0.12     0.09
DAYS >= .01        11               9.9     1.1        9
DAYS >= .10        10               6.5     3.5        5
DAYS >= .50         4               3.0     1.0        2
DAYS >= 1.00        3               1.3     1.7        1
GREATEST
 24 HR. TOTAL    3.12   11/17 TO 11/18
 STORM TOTAL       MM
 (MM/DD(HH))            MM

SNOWFALL (INCHES)
RECORDS
 TOTAL            2.8   2014
TOTALS            0.0                 T     0.0      2.8
SINCE 7/1         0.0               0.1    -0.1      2.8
SNOWDEPTH AVG.      0                MM      MM        0
DAYS >= TRACE       0
DAYS >= 1.0         0               0.0     0.0        2
GREATEST
 SNOW DEPTH         0   MM                             2  11/17
                                                          11/16
 24 HR TOTAL      0.0   11/30 TO 11/30
 STORM TOTAL       MM
 (MM/DD(HH))            MM

DEGREE_DAYS
HEATING TOTAL     365               510    -145      712
 SINCE 7/1        544               777    -233      937

FREEZE DATES
RECORD
 EARLIEST     10/01/1984
 LATEST       04/28/1992
EARLIEST                        10/26
LATEST                          04/04
.................................................................

WIND (MPH)
AVERAGE WIND SPEED              6.5
HIGHEST WIND SPEED/DIRECTION    31/160    DATE  11/17
HIGHEST GUST SPEED/DIRECTION    43/150    DATE  11/17

SKY COVER
POSSIBLE SUNSHINE (PERCENT)   MM
AVERAGE SKY COVER           0.40
NUMBER OF DAYS FAIR           13
NUMBER OF DAYS PC             10
NUMBER OF DAYS CLOUDY          7

AVERAGE RH (PERCENT)     68

WEATHER CONDITIONS. NUMBER OF DAYS WITH
THUNDERSTORM              0     MIXED PRECIP               0
HEAVY RAIN                6     RAIN                       9
LIGHT RAIN               12     FREEZING RAIN              0
LT FREEZING RAIN          0     HAIL                       0
HEAVY SNOW                0     SNOW                       0
LIGHT SNOW                0     SLEET                      0
FOG                      16     FOG W/VIS <= 1/4 MILE      5
HAZE                      5

-  INDICATES NEGATIVE NUMBERS.
R  INDICATES RECORD WAS SET OR TIED.
MM INDICATES DATA IS MISSING.
T  INDICATES TRACE AMOUNT.

$$
