000
CXUS53 KPAH 012313
CLMPAH

SDFCLMPAA 000
TTAA00 KPAH 012311


CLIMATE REPORT
NATIONAL WEATHER SERVICE PADUCAH KY
507 PM CST WED JAN 1 2014

...................................

...THE PADUCAH ASOS PRELIMINARY CLIMATE SUMMARY FOR THE MONTH OF
   DECEMBER 2013...

CLIMATE NORMAL PERIOD 1981 TO 2010
CLIMATE RECORD PERIOD 1937 TO 2013

WEATHER         OBSERVED          NORMAL  DEPART  LAST YEAR`S
                 VALUE   DATE(S)  VALUE   FROM    VALUE  DATE(S)
                                          NORMAL
................................................................
TEMPERATURE (F)
RECORD
 HIGH              77   12/02/1982
                        12/31/1951
 LOW              -10   12/22/1989
HIGHEST            74   12/04        46      28       71  12/03
LOWEST              9   12/12        MM      MM       18  12/30
AVG. MAXIMUM     46.4              46.3     0.1     52.8
AVG. MINIMUM     27.9              28.6    -0.7     35.8
MEAN             37.1              37.5    -0.4     44.3
DAYS MAX >= 90      0               0.0     0.0        0
DAYS MAX <= 32      5               3.4     1.6        0
DAYS MIN <= 32     21              19.8     1.2       16
DAYS MIN <= 0       0               0.3    -0.3        0

PRECIPITATION (INCHES)
RECORD
 MAXIMUM        11.53   1982
 MINIMUM         0.63   1976
TOTALS           8.14              4.59    3.55     3.92
DAILY AVG.       0.26              0.15    0.11     0.13
DAYS >= .01         9              10.4    -1.4       11
DAYS >= .10         6               6.8    -0.8        8
DAYS >= .50         3               3.3    -0.3        4
DAYS >= 1.00        2               1.2     0.8        1
GREATEST
 24 HR. TOTAL    5.36   12/20 TO 12/21
 STORM TOTAL       MM
 (MM/DD(HH))            MM

SNOWFALL (INCHES)
RECORDS
 TOTAL           14.2   2004
TOTALS            5.2               2.2     3.0      5.7
SINCE 7/1         5.2               2.3     2.9      5.7
SNOWDEPTH AVG.      0                MM      MM        0
DAYS >= TRACE       8
DAYS >= 1.0         1               0.6     0.4        1
GREATEST
 SNOW DEPTH         3   12/08                          5  12/26
                        12/07
 24 HR TOTAL      4.8   MM
 STORM TOTAL       MM
 (MM/DD(HH))            MM

DEGREE_DAYS
HEATING TOTAL     858               854       4      635
 SINCE 7/1       1660              1631      29     1527

FREEZE DATES
RECORD
 EARLIEST     10/01/1984
 LATEST       04/28/1992
EARLIEST                        10/26
LATEST                          04/04
.................................................................

WIND (MPH)
AVERAGE WIND SPEED              7.2
HIGHEST WIND SPEED/DIRECTION    21/330    DATE  12/29
HIGHEST GUST SPEED/DIRECTION    31/210    DATE  12/04

SKY COVER
POSSIBLE SUNSHINE (PERCENT)   MM
AVERAGE SKY COVER           0.50
NUMBER OF DAYS FAIR           13
NUMBER OF DAYS PC              9
NUMBER OF DAYS CLOUDY          9

AVERAGE RH (PERCENT)     72

WEATHER CONDITIONS. NUMBER OF DAYS WITH
THUNDERSTORM              0     MIXED PRECIP               0
HEAVY RAIN                2     RAIN                       4
LIGHT RAIN                8     FREEZING RAIN              2
LT FREEZING RAIN          3     HAIL                       0
HEAVY SNOW                1     SNOW                       1
LIGHT SNOW                7     SLEET                      2
FOG                      21     FOG W/VIS <= 1/4 MILE      2
HAZE                     15

-  INDICATES NEGATIVE NUMBERS.
R  INDICATES RECORD WAS SET OR TIED.
MM INDICATES DATA IS MISSING.
T  INDICATES TRACE AMOUNT.

&&

RMKS: 7TH WETTEST DECEMBER ON RECORD. THE RECORD IS 11.53 INCHES IN 1982.
$$
