000
CXUS53 KPAH 011829
CLMPAH

SDFCLMPAA 000
TTAA00 KPAH 010638


CLIMATE REPORT
NATIONAL WEATHER SERVICE PADUCAH KY
137 AM CDT TUE OCT 1 2013

...................................

...THE PADUCAH ASOS CLIMATE SUMMARY FOR THE MONTH OF SEPTEMBER 2013...

CLIMATE NORMAL PERIOD 1981 TO 2010
CLIMATE RECORD PERIOD 1937 TO 2013

WEATHER         OBSERVED          NORMAL  DEPART  LAST YEAR`S
                 VALUE   DATE(S)  VALUE   FROM    VALUE  DATE(S)
                                          NORMAL
................................................................
TEMPERATURE (F)
RECORD
 HIGH             104   09/05/1954
                        09/09/1939
 LOW               34   09/30/1949
HIGHEST            94   09/11        81      13       93  09/06
                        09/10
                        09/09
LOWEST             48   09/23        59     -11       38  09/24
                        09/15                             09/23
AVG. MAXIMUM     83.6              82.1     1.5     79.8
AVG. MINIMUM     61.2              57.8     3.4     58.4
MEAN             72.4              69.9     2.5     69.1
DAYS MAX >= 90      5               4.2     0.8        4
DAYS MAX <= 32      0               0.0     0.0        0
DAYS MIN <= 32      0               0.0     0.0        0
DAYS MIN <= 0       0               0.0     0.0        0

PRECIPITATION (INCHES)
RECORD
 MAXIMUM        11.65   2006
 MINIMUM         0.02   2004
TOTALS           3.10              3.75   -0.65     5.06
DAILY AVG.       0.10              0.12   -0.02     0.17
DAYS >= .01         8               6.8     1.2       13
DAYS >= .10         4               4.6    -0.6        8
DAYS >= .50         3               2.3     0.7        4
DAYS >= 1.00        1               1.2    -0.2        1
GREATEST
 24 HR. TOTAL    1.29   09/28 TO 09/29
 STORM TOTAL       MM
 (MM/DD(HH))            MM

DEGREE_DAYS
HEATING TOTAL       5                38     -33       40
 SINCE 7/1          5                39     -34       40
COOLING TOTAL     234               187      47      171
 SINCE 1/1       1408              1500     -92     1952

FREEZE DATES
RECORD
 EARLIEST     10/01/1984
 LATEST       04/28/1992
EARLIEST                        10/26
LATEST                          04/04
.................................................................

WIND (MPH)
AVERAGE WIND SPEED              3.8
HIGHEST WIND SPEED/DIRECTION    23/090    DATE  09/01
HIGHEST GUST SPEED/DIRECTION    31/220    DATE  09/11

SKY COVER
POSSIBLE SUNSHINE (PERCENT)   MM
AVERAGE SKY COVER           0.20
NUMBER OF DAYS FAIR           23
NUMBER OF DAYS PC              4
NUMBER OF DAYS CLOUDY          3

AVERAGE RH (PERCENT)     72

WEATHER CONDITIONS. NUMBER OF DAYS WITH
THUNDERSTORM              0     MIXED PRECIP               0
HEAVY RAIN                3     RAIN                       4
LIGHT RAIN                8     FREEZING RAIN              0
LT FREEZING RAIN          0     HAIL                       0
HEAVY SNOW                0     SNOW                       0
LIGHT SNOW                0     SLEET                      0
FOG                      26     FOG W/VIS <= 1/4 MILE      9
HAZE                     14

-  INDICATES NEGATIVE NUMBERS.
R  INDICATES RECORD WAS SET OR TIED.
MM INDICATES DATA IS MISSING.
T  INDICATES TRACE AMOUNT.

$$
