000
CXUS53 KPAH 011939
CLMPAH

SDFCLMPAA 000
TTAA00 KPAH 011938


CLIMATE REPORT
NATIONAL WEATHER SERVICE PADUCAH KY
235 PM CDT SAT JUN 1 2013

...................................

...THE PADUCAH ASOS CLIMATE SUMMARY FOR THE MONTH OF MAY 2013...

CLIMATE NORMAL PERIOD 1981 TO 2010
CLIMATE RECORD PERIOD 1937 TO 2013

WEATHER         OBSERVED          NORMAL  DEPART  LAST YEAR`S
                 VALUE   DATE(S)  VALUE   FROM    VALUE  DATE(S)
                                          NORMAL
................................................................
TEMPERATURE (F)
RECORD
 HIGH              96   05/26/1953
                        05/26/1944
                        05/22/1941
 LOW               32   05/07/1944
HIGHEST            88   05/20        77      11       95  05/28
                        05/19                             05/27
                                                          05/26
LOWEST             37   05/13        56     -19       44  05/11
AVG. MAXIMUM     77.1              78.0    -0.9     85.6
AVG. MINIMUM     56.4              56.3     0.1     59.1
MEAN             66.8              67.2    -0.4     72.3
DAYS MAX >= 90      0               0.7    -0.7       10
DAYS MAX <= 32      0               0.0     0.0        0
DAYS MIN <= 32      0               0.0     0.0        0
DAYS MIN <= 0       0               0.0     0.0        0

PRECIPITATION (INCHES)
RECORD
 MAXIMUM         9.32   1973
 MINIMUM         0.39   2012
TOTALS           4.33              4.94   -0.61     0.39
DAILY AVG.       0.14              0.16   -0.02     0.01
DAYS >= .01        10              11.3    -1.3        4
DAYS >= .10         7               7.9    -0.9        2
DAYS >= .50         4               3.2     0.8        0
DAYS >= 1.00        1               1.5    -0.5        0
GREATEST
 24 HR. TOTAL    1.28   05/21 TO 05/22
 STORM TOTAL       MM
 (MM/DD(HH))            MM

DEGREE_DAYS
COOLING TOTAL     146               130      16      247
 SINCE 1/1        178               172       6      383

FREEZE DATES
RECORD
 EARLIEST     10/01/1984
 LATEST       04/28/1992
EARLIEST                        10/26
LATEST                          04/04
.................................................................

WIND (MPH)
AVERAGE WIND SPEED              6.5
HIGHEST WIND SPEED/DIRECTION    32/170    DATE  05/30
HIGHEST GUST SPEED/DIRECTION    49/150    DATE  05/30

SKY COVER
POSSIBLE SUNSHINE (PERCENT)   MM
AVERAGE SKY COVER           0.40
NUMBER OF DAYS FAIR           16
NUMBER OF DAYS PC             10
NUMBER OF DAYS CLOUDY          5

AVERAGE RH (PERCENT)     72

WEATHER CONDITIONS. NUMBER OF DAYS WITH
THUNDERSTORM              0     MIXED PRECIP               0
HEAVY RAIN                5     RAIN                       5
LIGHT RAIN               13     FREEZING RAIN              0
LT FREEZING RAIN          0     HAIL                       0
HEAVY SNOW                0     SNOW                       0
LIGHT SNOW                0     SLEET                      0
FOG                      18     FOG W/VIS <= 1/4 MILE      1
HAZE                      4

-  INDICATES NEGATIVE NUMBERS.
R  INDICATES RECORD WAS SET OR TIED.
MM INDICATES DATA IS MISSING.
T  INDICATES TRACE AMOUNT.

$$
