000
CXUS53 KPAH 011422
CLMPAH

SDFCLMPAA 000
TTAA00 KPAH 010645


CLIMATE REPORT
NATIONAL WEATHER SERVICE PADUCAH KY
1245 AM CST SUN DEC 1 2013

...................................

...THE PADUCAH ASOS CLIMATE SUMMARY FOR THE MONTH OF NOVEMBER 2013...

CLIMATE NORMAL PERIOD 1981 TO 2010
CLIMATE RECORD PERIOD 1937 TO 2013

WEATHER         OBSERVED          NORMAL  DEPART  LAST YEAR`S
                 VALUE   DATE(S)  VALUE   FROM    VALUE  DATE(S)
                                          NORMAL
................................................................
TEMPERATURE (F)
RECORD
 HIGH              86   11/03/1946
 LOW               -3   11/25/1950
HIGHEST            75   11/17        58      17       72  11/10
LOWEST             17   11/28        38     -21       21  11/28
AVG. MAXIMUM     55.8              58.4    -2.6     57.6
AVG. MINIMUM     34.3              37.9    -3.6     33.7
MEAN             45.0              48.1    -3.1     45.6
DAYS MAX >= 90      0               0.0     0.0        0
DAYS MAX <= 32      0               0.1    -0.1        0
DAYS MIN <= 32     13               8.8     4.2       14
DAYS MIN <= 0       0               0.0     0.0        0

PRECIPITATION (INCHES)
RECORD
 MAXIMUM        10.50   1973
 MINIMUM         0.56   2009
TOTALS           2.27              4.30   -2.03     2.04
DAILY AVG.       0.08              0.14   -0.06     0.07
DAYS >= .01         8               9.9    -1.9        5
DAYS >= .10         4               6.5    -2.5        3
DAYS >= .50         1               3.0    -2.0        3
DAYS >= 1.00        1               1.3    -0.3        0
GREATEST
 24 HR. TOTAL    1.55   11/17 TO 11/17
 STORM TOTAL       MM
 (MM/DD(HH))            MM

SNOWFALL (INCHES)
RECORDS
 TOTAL            1.0   1971
TOTALS              T                 T     0.0      0.0
SINCE 7/1           T               0.1    -0.1      0.0
SNOWDEPTH AVG.      0                MM      MM        0
DAYS >= TRACE       3
DAYS >= 1.0         0               0.0     0.0        0
GREATEST
 SNOW DEPTH         0   MM                             0  MM
 24 HR TOTAL        T   11/26 TO 11/26
 STORM TOTAL       MM
 (MM/DD(HH))            MM

DEGREE_DAYS
HEATING TOTAL     593               510      83      572
 SINCE 7/1        802               777      25      892

FREEZE DATES
RECORD
 EARLIEST     10/01/1984
 LATEST       04/28/1992
EARLIEST                        10/26
LATEST                          04/04
.................................................................

WIND (MPH)
AVERAGE WIND SPEED              6.9
HIGHEST WIND SPEED/DIRECTION    38/270    DATE  11/17
HIGHEST GUST SPEED/DIRECTION    49/270    DATE  11/17

SKY COVER
POSSIBLE SUNSHINE (PERCENT)   MM
AVERAGE SKY COVER           0.30
NUMBER OF DAYS FAIR           17
NUMBER OF DAYS PC              8
NUMBER OF DAYS CLOUDY          5

AVERAGE RH (PERCENT)     63

WEATHER CONDITIONS. NUMBER OF DAYS WITH
THUNDERSTORM              0     MIXED PRECIP               0
HEAVY RAIN                1     RAIN                       3
LIGHT RAIN                9     FREEZING RAIN              0
LT FREEZING RAIN          0     HAIL                       0
HEAVY SNOW                0     SNOW                       0
LIGHT SNOW                1     SLEET                      2
FOG                      14     FOG W/VIS <= 1/4 MILE      2
HAZE                      7

-  INDICATES NEGATIVE NUMBERS.
R  INDICATES RECORD WAS SET OR TIED.
MM INDICATES DATA IS MISSING.
T  INDICATES TRACE AMOUNT.

$$
