941
CXUS53 KPAH 011403 RRA
CLMPAH

CLIMATE REPORT
NATIONAL WEATHER SERVICE PADUCAH KY
903 AM CDT FRI JUL 1 2016

...................................

...THE PADUCAH ASOS CLIMATE SUMMARY FOR THE MONTH OF JUNE 2016...

CLIMATE NORMAL PERIOD 1981 TO 2010
CLIMATE RECORD PERIOD 1937 TO 2016

WEATHER         OBSERVED          NORMAL  DEPART  LAST YEAR`S
                 VALUE   DATE(S)  VALUE   FROM    VALUE  DATE(S)
                                          NORMAL
................................................................
TEMPERATURE (F)
RECORD
 HIGH             108   06/29/2012
 LOW               44   06/01/1993
HIGHEST           100   06/16        86      14       93  06/25
                                                          06/11
                                                          06/10
LOWEST             55   06/09        65     -10       56  06/04
                        06/08
AVG. MAXIMUM     89.8              86.2     3.6     87.2
AVG. MINIMUM     67.3              64.9     2.4     68.9
MEAN             78.6              75.6     3.0     78.1
DAYS MAX >= 90     18               9.1     8.9       14
DAYS MAX <= 32      0               0.0     0.0        0
DAYS MIN <= 32      0               0.0     0.0        0
DAYS MIN <= 0       0               0.0     0.0        0

PRECIPITATION (INCHES)
RECORD
 MAXIMUM        10.98   1998
 MINIMUM         0.26   1952
TOTALS           1.72              4.06   -2.34     2.44
DAILY AVG.       0.06              0.14   -0.08     0.08
DAYS >= .01         8               9.1    -1.1        8
DAYS >= .10         5               6.4    -1.4        4
DAYS >= .50         0               2.7    -2.7        2
DAYS >= 1.00        0               1.0    -1.0        1
GREATEST
 24 HR. TOTAL    0.67   06/03 TO 06/04
 STORM TOTAL       MM
 (MM/DD(HH))            MM

DEGREE_DAYS
COOLING TOTAL     416               320      96      401
 SINCE 1/1        566               492      74      612

FREEZE DATES
RECORD
 EARLIEST     10/01/1984
 LATEST       04/28/1992
EARLIEST      10/18             10/26
LATEST        04/03             04/04
.................................................................

WIND (MPH)
AVERAGE WIND SPEED              5.2
HIGHEST WIND SPEED/DIRECTION    26/270    DATE  06/15
HIGHEST GUST SPEED/DIRECTION    35/270    DATE  06/15

SKY COVER
POSSIBLE SUNSHINE (PERCENT)   MM
AVERAGE SKY COVER           0.20
NUMBER OF DAYS FAIR           26
NUMBER OF DAYS PC              4
NUMBER OF DAYS CLOUDY          0

AVERAGE RH (PERCENT)     68

WEATHER CONDITIONS. NUMBER OF DAYS WITH
THUNDERSTORM              0     MIXED PRECIP               0
HEAVY RAIN                4     RAIN                       6
LIGHT RAIN                8     FREEZING RAIN              0
LT FREEZING RAIN          0     HAIL                       0
HEAVY SNOW                0     SNOW                       0
LIGHT SNOW                0     SLEET                      0
FOG                      14     FOG W/VIS <= 1/4 MILE      1
HAZE                     10

-  INDICATES NEGATIVE NUMBERS.
R  INDICATES RECORD WAS SET OR TIED.
MM INDICATES DATA IS MISSING.
T  INDICATES TRACE AMOUNT.

$$
